{"id":12366,"date":"2025-09-23T09:43:04","date_gmt":"2025-09-23T06:43:04","guid":{"rendered":"https:\/\/musicmedia.fi\/fi\/?post_type=speaker&#038;p=12366"},"modified":"2025-09-23T09:43:04","modified_gmt":"2025-09-23T06:43:04","slug":"susanna-malo","status":"publish","type":"speaker","link":"https:\/\/musicmedia.fi\/fi\/speaker\/susanna-malo\/","title":{"rendered":"Susanna Malo"},"content":{"rendered":"","protected":false},"excerpt":{"rendered":"","protected":false},"featured_media":12367,"menu_order":128,"template":"","meta":{"_acf_changed":false,"inline_featured_image":false},"vuosi":[799],"program-tag":[],"speaker-category":[],"class_list":["post-12366","speaker","type-speaker","status-publish","has-post-thumbnail","hentry","vuosi-799"],"acf":{"email":"susanna.malo@livefin.fi","Phone":"0509116570","title_profession":"Viestint\u00e4p\u00e4\u00e4llikk\u00f6","organization":"LiveFIN ry","linkedin_url":"https:\/\/www.linkedin.com\/in\/susanna-hulkkonen\/","speaker bio":"Susanna Malo on el\u00e4v\u00e4n musiikin alan kehitt\u00e4misen asiantuntija ja LiveFINin viestint\u00e4p\u00e4\u00e4llikk\u00f6. H\u00e4n ty\u00f6skentelee parhaillaan erityisesti alan sosiaalista kest\u00e4vyytt\u00e4 vahvistavissa projekteissa, keskeisimp\u00e4n\u00e4 luovan alan tuottajien osaamista ja verkostoja kehitt\u00e4v\u00e4 Tuottajakeskus Living Lab. Ennen siirtymist\u00e4\u00e4n edunvalvonnan ja koko alan kehitt\u00e4misen pariin h\u00e4n ty\u00f6skenteli yli vuosikymmenen ajan Flow Festivalin viestinn\u00e4ss\u00e4. T\u00e4ll\u00e4 hetkell\u00e4 h\u00e4n opiskelee t\u00f6idens\u00e4 ohella Service Innovation and Design -ohjelmassa, ja h\u00e4nen opinn\u00e4ytety\u00f6ns\u00e4 luo tulevaisuuden trendej\u00e4 avaavia ty\u00f6kaluja, joiden avulla voidaan rakentaa entist\u00e4 inklusiivisempaa el\u00e4v\u00e4n musiikin alaa.","photo":12367,"photo_credits":"","confirmation":true,"label":"","gest_id":""},"yoast_head":"<!-- This site is optimized with the Yoast SEO plugin v25.7 - https:\/\/yoast.com\/wordpress\/plugins\/seo\/ -->\n<title>Susanna Malo - Music x Media<\/title>\n<meta name=\"robots\" content=\"index, follow, max-snippet:-1, max-image-preview:large, max-video-preview:-1\" \/>\n<link rel=\"canonical\" href=\"https:\/\/musicmedia.fi\/fi\/speaker\/susanna-malo\/\" \/>\n<meta property=\"og:locale\" content=\"fi_FI\" \/>\n<meta property=\"og:type\" content=\"article\" \/>\n<meta property=\"og:title\" content=\"Susanna Malo - Music x Media\" \/>\n<meta property=\"og:url\" content=\"https:\/\/musicmedia.fi\/fi\/speaker\/susanna-malo\/\" \/>\n<meta property=\"og:site_name\" content=\"Music x Media\" \/>\n<meta property=\"og:image\" content=\"https:\/\/musicmedia.fi\/wp-content\/uploads\/2025\/09\/SusannaMalo.jpg\" \/>\n\t<meta property=\"og:image:width\" content=\"2268\" \/>\n\t<meta property=\"og:image:height\" content=\"2131\" \/>\n\t<meta property=\"og:image:type\" content=\"image\/jpeg\" \/>\n<meta name=\"twitter:card\" content=\"summary_large_image\" \/>\n<meta name=\"twitter:label1\" content=\"Arvioitu lukuaika\" \/>\n\t<meta name=\"twitter:data1\" content=\"1 minuutti\" \/>\n<script type=\"application\/ld+json\" class=\"yoast-schema-graph\">{\"@context\":\"https:\/\/schema.org\",\"@graph\":[{\"@type\":\"WebPage\",\"@id\":\"https:\/\/musicmedia.fi\/speaker\/susanna-malo\/\",\"url\":\"https:\/\/musicmedia.fi\/speaker\/susanna-malo\/\",\"name\":\"Susanna Malo - Music x Media\",\"isPartOf\":{\"@id\":\"https:\/\/musicmedia.fi\/#website\"},\"primaryImageOfPage\":{\"@id\":\"https:\/\/musicmedia.fi\/speaker\/susanna-malo\/#primaryimage\"},\"image\":{\"@id\":\"https:\/\/musicmedia.fi\/speaker\/susanna-malo\/#primaryimage\"},\"thumbnailUrl\":\"https:\/\/musicmedia.fi\/wp-content\/uploads\/2025\/09\/SusannaMalo.jpg\",\"datePublished\":\"2025-09-23T06:43:04+00:00\",\"breadcrumb\":{\"@id\":\"https:\/\/musicmedia.fi\/speaker\/susanna-malo\/#breadcrumb\"},\"inLanguage\":\"fi\",\"potentialAction\":[{\"@type\":\"ReadAction\",\"target\":[\"https:\/\/musicmedia.fi\/speaker\/susanna-malo\/\"]}]},{\"@type\":\"ImageObject\",\"inLanguage\":\"fi\",\"@id\":\"https:\/\/musicmedia.fi\/speaker\/susanna-malo\/#primaryimage\",\"url\":\"https:\/\/musicmedia.fi\/wp-content\/uploads\/2025\/09\/SusannaMalo.jpg\",\"contentUrl\":\"https:\/\/musicmedia.fi\/wp-content\/uploads\/2025\/09\/SusannaMalo.jpg\",\"width\":2268,\"height\":2131},{\"@type\":\"BreadcrumbList\",\"@id\":\"https:\/\/musicmedia.fi\/speaker\/susanna-malo\/#breadcrumb\",\"itemListElement\":[{\"@type\":\"ListItem\",\"position\":1,\"name\":\"Home\",\"item\":\"https:\/\/musicmedia.fi\/\"},{\"@type\":\"ListItem\",\"position\":2,\"name\":\"Susanna Malo\"}]},{\"@type\":\"WebSite\",\"@id\":\"https:\/\/musicmedia.fi\/#website\",\"url\":\"https:\/\/musicmedia.fi\/\",\"name\":\"Music x Media\",\"description\":\"Musiikki-, viihde- ja tapahtuma-alojen kohtaamispaikka\",\"publisher\":{\"@id\":\"https:\/\/musicmedia.fi\/#organization\"},\"potentialAction\":[{\"@type\":\"SearchAction\",\"target\":{\"@type\":\"EntryPoint\",\"urlTemplate\":\"https:\/\/musicmedia.fi\/?s={search_term_string}\"},\"query-input\":{\"@type\":\"PropertyValueSpecification\",\"valueRequired\":true,\"valueName\":\"search_term_string\"}}],\"inLanguage\":\"fi\"},{\"@type\":\"Organization\",\"@id\":\"https:\/\/musicmedia.fi\/#organization\",\"name\":\"Music x Media\",\"url\":\"https:\/\/musicmedia.fi\/\",\"logo\":{\"@type\":\"ImageObject\",\"inLanguage\":\"fi\",\"@id\":\"https:\/\/musicmedia.fi\/#\/schema\/logo\/image\/\",\"url\":\"https:\/\/musicmedia.fi\/wp-content\/uploads\/2022\/05\/logo.png\",\"contentUrl\":\"https:\/\/musicmedia.fi\/wp-content\/uploads\/2022\/05\/logo.png\",\"width\":276,\"height\":147,\"caption\":\"Music x Media\"},\"image\":{\"@id\":\"https:\/\/musicmedia.fi\/#\/schema\/logo\/image\/\"}}]}<\/script>\n<!-- \/ Yoast SEO plugin. -->","yoast_head_json":{"title":"Susanna Malo - Music x Media","robots":{"index":"index","follow":"follow","max-snippet":"max-snippet:-1","max-image-preview":"max-image-preview:large","max-video-preview":"max-video-preview:-1"},"canonical":"https:\/\/musicmedia.fi\/fi\/speaker\/susanna-malo\/","og_locale":"fi_FI","og_type":"article","og_title":"Susanna Malo - Music x Media","og_url":"https:\/\/musicmedia.fi\/fi\/speaker\/susanna-malo\/","og_site_name":"Music x Media","og_image":[{"width":2268,"height":2131,"url":"https:\/\/musicmedia.fi\/wp-content\/uploads\/2025\/09\/SusannaMalo.jpg","type":"image\/jpeg"}],"twitter_card":"summary_large_image","twitter_misc":{"Arvioitu lukuaika":"1 minuutti"},"schema":{"@context":"https:\/\/schema.org","@graph":[{"@type":"WebPage","@id":"https:\/\/musicmedia.fi\/speaker\/susanna-malo\/","url":"https:\/\/musicmedia.fi\/speaker\/susanna-malo\/","name":"Susanna Malo - Music x Media","isPartOf":{"@id":"https:\/\/musicmedia.fi\/#website"},"primaryImageOfPage":{"@id":"https:\/\/musicmedia.fi\/speaker\/susanna-malo\/#primaryimage"},"image":{"@id":"https:\/\/musicmedia.fi\/speaker\/susanna-malo\/#primaryimage"},"thumbnailUrl":"https:\/\/musicmedia.fi\/wp-content\/uploads\/2025\/09\/SusannaMalo.jpg","datePublished":"2025-09-23T06:43:04+00:00","breadcrumb":{"@id":"https:\/\/musicmedia.fi\/speaker\/susanna-malo\/#breadcrumb"},"inLanguage":"fi","potentialAction":[{"@type":"ReadAction","target":["https:\/\/musicmedia.fi\/speaker\/susanna-malo\/"]}]},{"@type":"ImageObject","inLanguage":"fi","@id":"https:\/\/musicmedia.fi\/speaker\/susanna-malo\/#primaryimage","url":"https:\/\/musicmedia.fi\/wp-content\/uploads\/2025\/09\/SusannaMalo.jpg","contentUrl":"https:\/\/musicmedia.fi\/wp-content\/uploads\/2025\/09\/SusannaMalo.jpg","width":2268,"height":2131},{"@type":"BreadcrumbList","@id":"https:\/\/musicmedia.fi\/speaker\/susanna-malo\/#breadcrumb","itemListElement":[{"@type":"ListItem","position":1,"name":"Home","item":"https:\/\/musicmedia.fi\/"},{"@type":"ListItem","position":2,"name":"Susanna Malo"}]},{"@type":"WebSite","@id":"https:\/\/musicmedia.fi\/#website","url":"https:\/\/musicmedia.fi\/","name":"Music x Media","description":"Musiikki-, viihde- ja tapahtuma-alojen kohtaamispaikka","publisher":{"@id":"https:\/\/musicmedia.fi\/#organization"},"potentialAction":[{"@type":"SearchAction","target":{"@type":"EntryPoint","urlTemplate":"https:\/\/musicmedia.fi\/?s={search_term_string}"},"query-input":{"@type":"PropertyValueSpecification","valueRequired":true,"valueName":"search_term_string"}}],"inLanguage":"fi"},{"@type":"Organization","@id":"https:\/\/musicmedia.fi\/#organization","name":"Music x Media","url":"https:\/\/musicmedia.fi\/","logo":{"@type":"ImageObject","inLanguage":"fi","@id":"https:\/\/musicmedia.fi\/#\/schema\/logo\/image\/","url":"https:\/\/musicmedia.fi\/wp-content\/uploads\/2022\/05\/logo.png","contentUrl":"https:\/\/musicmedia.fi\/wp-content\/uploads\/2022\/05\/logo.png","width":276,"height":147,"caption":"Music x Media"},"image":{"@id":"https:\/\/musicmedia.fi\/#\/schema\/logo\/image\/"}}]}},"_links":{"self":[{"href":"https:\/\/musicmedia.fi\/fi\/wp-json\/wp\/v2\/speakers\/12366","targetHints":{"allow":["GET"]}}],"collection":[{"href":"https:\/\/musicmedia.fi\/fi\/wp-json\/wp\/v2\/speakers"}],"about":[{"href":"https:\/\/musicmedia.fi\/fi\/wp-json\/wp\/v2\/types\/speaker"}],"wp:featuredmedia":[{"embeddable":true,"href":"https:\/\/musicmedia.fi\/fi\/wp-json\/wp\/v2\/media\/12367"}],"wp:attachment":[{"href":"https:\/\/musicmedia.fi\/fi\/wp-json\/wp\/v2\/media?parent=12366"}],"wp:term":[{"taxonomy":"vuosi","embeddable":true,"href":"https:\/\/musicmedia.fi\/fi\/wp-json\/wp\/v2\/vuosi?post=12366"},{"taxonomy":"program_tag","embeddable":true,"href":"https:\/\/musicmedia.fi\/fi\/wp-json\/wp\/v2\/program-tag?post=12366"},{"taxonomy":"speaker-category","embeddable":true,"href":"https:\/\/musicmedia.fi\/fi\/wp-json\/wp\/v2\/speaker-category?post=12366"}],"curies":[{"name":"wp","href":"https:\/\/api.w.org\/{rel}","templated":true}]}}

Viestintäpäällikkö

Susanna Malo on elävän musiikin alan kehittämisen asiantuntija ja LiveFINin viestintäpäällikkö. Hän työskentelee parhaillaan erityisesti alan sosiaalista kestävyyttä vahvistavissa projekteissa, keskeisimpänä luovan alan tuottajien osaamista ja verkostoja kehittävä Tuottajakeskus Living Lab. Ennen siirtymistään edunvalvonnan ja koko alan kehittämisen pariin hän työskenteli yli vuosikymmenen ajan Flow Festivalin viestinnässä. Tällä hetkellä hän opiskelee töidensä ohella Service Innovation and Design -ohjelmassa, ja hänen opinnäytetyönsä luo tulevaisuuden trendejä avaavia työkaluja, joiden avulla voidaan rakentaa entistä inklusiivisempaa elävän musiikin alaa.
