{"id":12231,"date":"2025-09-16T18:25:28","date_gmt":"2025-09-16T15:25:28","guid":{"rendered":"https:\/\/musicmedia.fi\/?post_type=speaker&#038;p=12231"},"modified":"2025-09-16T18:25:28","modified_gmt":"2025-09-16T15:25:28","slug":"teemu-javanainen","status":"publish","type":"speaker","link":"https:\/\/musicmedia.fi\/fi\/speaker\/teemu-javanainen\/","title":{"rendered":"Teemu Javanainen"},"content":{"rendered":"","protected":false},"excerpt":{"rendered":"","protected":false},"featured_media":12232,"menu_order":18,"template":"","meta":{"_acf_changed":false,"inline_featured_image":false},"vuosi":[799],"program-tag":[],"speaker-category":[],"class_list":["post-12231","speaker","type-speaker","status-publish","has-post-thumbnail","hentry","vuosi-799"],"acf":{"email":"javanainenteemu@gmail.com","Phone":"","title_profession":"Laulaja-lauluntekij\u00e4, tuottaja","organization":"Nordic Music Partners","linkedin_url":"","speaker bio":"Teemu Javanainen, tunnettu my\u00f6s taiteilijanimell\u00e4 Heviteemu, on turkulaissyntyinen tuottaja ja lauluntekij\u00e4. H\u00e4n on taitava muusikko ja laulaja, joka on aiemmin soittanut rumpuja death metal -yhtyeess\u00e4 Sielupora.\r\n\r\nT\u00e4m\u00e4n monipuolisen multi-instrumentalistin vahvuuksiin kuuluvat erityisesti melodiat ja innovatiiviset ideat. Lis\u00e4ksi Teemu on tehnyt yhteisty\u00f6t\u00e4 useiden kotimaisten huippuartistien, kuten SANNIn, Costeen, Vesalan ja Mouhouksen kanssa. Teemu luo my\u00f6s soolouraa artistinimell\u00e4 \u201cHeviteemu\u201d FRD Records Finlandin alla. H\u00e4n vastaa itse sek\u00e4 musiikkinsa kirjoittamisesta ett\u00e4 tuotannosta.\r\n","photo":12232,"photo_credits":"","confirmation":true,"label":"","gest_id":""},"yoast_head":"<!-- This site is optimized with the Yoast SEO plugin v25.7 - https:\/\/yoast.com\/wordpress\/plugins\/seo\/ -->\n<title>Teemu Javanainen - Music x Media<\/title>\n<meta name=\"robots\" content=\"index, follow, max-snippet:-1, max-image-preview:large, max-video-preview:-1\" \/>\n<link rel=\"canonical\" href=\"https:\/\/musicmedia.fi\/fi\/speaker\/teemu-javanainen\/\" \/>\n<meta property=\"og:locale\" content=\"fi_FI\" \/>\n<meta property=\"og:type\" content=\"article\" \/>\n<meta property=\"og:title\" content=\"Teemu Javanainen - Music x Media\" \/>\n<meta property=\"og:url\" content=\"https:\/\/musicmedia.fi\/fi\/speaker\/teemu-javanainen\/\" \/>\n<meta property=\"og:site_name\" content=\"Music x Media\" \/>\n<meta property=\"og:image\" content=\"https:\/\/musicmedia.fi\/wp-content\/uploads\/2025\/09\/6-e1758035559106.jpg\" \/>\n\t<meta property=\"og:image:width\" content=\"920\" \/>\n\t<meta property=\"og:image:height\" content=\"922\" \/>\n\t<meta property=\"og:image:type\" content=\"image\/jpeg\" \/>\n<meta name=\"twitter:card\" content=\"summary_large_image\" \/>\n<meta name=\"twitter:label1\" content=\"Arvioitu lukuaika\" \/>\n\t<meta name=\"twitter:data1\" content=\"1 minuutti\" \/>\n<script type=\"application\/ld+json\" class=\"yoast-schema-graph\">{\"@context\":\"https:\/\/schema.org\",\"@graph\":[{\"@type\":\"WebPage\",\"@id\":\"https:\/\/musicmedia.fi\/speaker\/teemu-javanainen\/\",\"url\":\"https:\/\/musicmedia.fi\/speaker\/teemu-javanainen\/\",\"name\":\"Teemu Javanainen - Music x Media\",\"isPartOf\":{\"@id\":\"https:\/\/musicmedia.fi\/#website\"},\"primaryImageOfPage\":{\"@id\":\"https:\/\/musicmedia.fi\/speaker\/teemu-javanainen\/#primaryimage\"},\"image\":{\"@id\":\"https:\/\/musicmedia.fi\/speaker\/teemu-javanainen\/#primaryimage\"},\"thumbnailUrl\":\"https:\/\/musicmedia.fi\/wp-content\/uploads\/2025\/09\/6-e1758035559106.jpg\",\"datePublished\":\"2025-09-16T15:25:28+00:00\",\"breadcrumb\":{\"@id\":\"https:\/\/musicmedia.fi\/speaker\/teemu-javanainen\/#breadcrumb\"},\"inLanguage\":\"fi\",\"potentialAction\":[{\"@type\":\"ReadAction\",\"target\":[\"https:\/\/musicmedia.fi\/speaker\/teemu-javanainen\/\"]}]},{\"@type\":\"ImageObject\",\"inLanguage\":\"fi\",\"@id\":\"https:\/\/musicmedia.fi\/speaker\/teemu-javanainen\/#primaryimage\",\"url\":\"https:\/\/musicmedia.fi\/wp-content\/uploads\/2025\/09\/6-e1758035559106.jpg\",\"contentUrl\":\"https:\/\/musicmedia.fi\/wp-content\/uploads\/2025\/09\/6-e1758035559106.jpg\",\"width\":920,\"height\":922},{\"@type\":\"BreadcrumbList\",\"@id\":\"https:\/\/musicmedia.fi\/speaker\/teemu-javanainen\/#breadcrumb\",\"itemListElement\":[{\"@type\":\"ListItem\",\"position\":1,\"name\":\"Home\",\"item\":\"https:\/\/musicmedia.fi\/\"},{\"@type\":\"ListItem\",\"position\":2,\"name\":\"Teemu Javanainen\"}]},{\"@type\":\"WebSite\",\"@id\":\"https:\/\/musicmedia.fi\/#website\",\"url\":\"https:\/\/musicmedia.fi\/\",\"name\":\"Music x Media\",\"description\":\"Musiikki-, viihde- ja tapahtuma-alojen kohtaamispaikka\",\"publisher\":{\"@id\":\"https:\/\/musicmedia.fi\/#organization\"},\"potentialAction\":[{\"@type\":\"SearchAction\",\"target\":{\"@type\":\"EntryPoint\",\"urlTemplate\":\"https:\/\/musicmedia.fi\/?s={search_term_string}\"},\"query-input\":{\"@type\":\"PropertyValueSpecification\",\"valueRequired\":true,\"valueName\":\"search_term_string\"}}],\"inLanguage\":\"fi\"},{\"@type\":\"Organization\",\"@id\":\"https:\/\/musicmedia.fi\/#organization\",\"name\":\"Music x Media\",\"url\":\"https:\/\/musicmedia.fi\/\",\"logo\":{\"@type\":\"ImageObject\",\"inLanguage\":\"fi\",\"@id\":\"https:\/\/musicmedia.fi\/#\/schema\/logo\/image\/\",\"url\":\"https:\/\/musicmedia.fi\/wp-content\/uploads\/2022\/05\/logo.png\",\"contentUrl\":\"https:\/\/musicmedia.fi\/wp-content\/uploads\/2022\/05\/logo.png\",\"width\":276,\"height\":147,\"caption\":\"Music x Media\"},\"image\":{\"@id\":\"https:\/\/musicmedia.fi\/#\/schema\/logo\/image\/\"}}]}<\/script>\n<!-- \/ Yoast SEO plugin. -->","yoast_head_json":{"title":"Teemu Javanainen - Music x Media","robots":{"index":"index","follow":"follow","max-snippet":"max-snippet:-1","max-image-preview":"max-image-preview:large","max-video-preview":"max-video-preview:-1"},"canonical":"https:\/\/musicmedia.fi\/fi\/speaker\/teemu-javanainen\/","og_locale":"fi_FI","og_type":"article","og_title":"Teemu Javanainen - Music x Media","og_url":"https:\/\/musicmedia.fi\/fi\/speaker\/teemu-javanainen\/","og_site_name":"Music x Media","og_image":[{"width":920,"height":922,"url":"https:\/\/musicmedia.fi\/wp-content\/uploads\/2025\/09\/6-e1758035559106.jpg","type":"image\/jpeg"}],"twitter_card":"summary_large_image","twitter_misc":{"Arvioitu lukuaika":"1 minuutti"},"schema":{"@context":"https:\/\/schema.org","@graph":[{"@type":"WebPage","@id":"https:\/\/musicmedia.fi\/speaker\/teemu-javanainen\/","url":"https:\/\/musicmedia.fi\/speaker\/teemu-javanainen\/","name":"Teemu Javanainen - Music x Media","isPartOf":{"@id":"https:\/\/musicmedia.fi\/#website"},"primaryImageOfPage":{"@id":"https:\/\/musicmedia.fi\/speaker\/teemu-javanainen\/#primaryimage"},"image":{"@id":"https:\/\/musicmedia.fi\/speaker\/teemu-javanainen\/#primaryimage"},"thumbnailUrl":"https:\/\/musicmedia.fi\/wp-content\/uploads\/2025\/09\/6-e1758035559106.jpg","datePublished":"2025-09-16T15:25:28+00:00","breadcrumb":{"@id":"https:\/\/musicmedia.fi\/speaker\/teemu-javanainen\/#breadcrumb"},"inLanguage":"fi","potentialAction":[{"@type":"ReadAction","target":["https:\/\/musicmedia.fi\/speaker\/teemu-javanainen\/"]}]},{"@type":"ImageObject","inLanguage":"fi","@id":"https:\/\/musicmedia.fi\/speaker\/teemu-javanainen\/#primaryimage","url":"https:\/\/musicmedia.fi\/wp-content\/uploads\/2025\/09\/6-e1758035559106.jpg","contentUrl":"https:\/\/musicmedia.fi\/wp-content\/uploads\/2025\/09\/6-e1758035559106.jpg","width":920,"height":922},{"@type":"BreadcrumbList","@id":"https:\/\/musicmedia.fi\/speaker\/teemu-javanainen\/#breadcrumb","itemListElement":[{"@type":"ListItem","position":1,"name":"Home","item":"https:\/\/musicmedia.fi\/"},{"@type":"ListItem","position":2,"name":"Teemu Javanainen"}]},{"@type":"WebSite","@id":"https:\/\/musicmedia.fi\/#website","url":"https:\/\/musicmedia.fi\/","name":"Music x Media","description":"Musiikki-, viihde- ja tapahtuma-alojen kohtaamispaikka","publisher":{"@id":"https:\/\/musicmedia.fi\/#organization"},"potentialAction":[{"@type":"SearchAction","target":{"@type":"EntryPoint","urlTemplate":"https:\/\/musicmedia.fi\/?s={search_term_string}"},"query-input":{"@type":"PropertyValueSpecification","valueRequired":true,"valueName":"search_term_string"}}],"inLanguage":"fi"},{"@type":"Organization","@id":"https:\/\/musicmedia.fi\/#organization","name":"Music x Media","url":"https:\/\/musicmedia.fi\/","logo":{"@type":"ImageObject","inLanguage":"fi","@id":"https:\/\/musicmedia.fi\/#\/schema\/logo\/image\/","url":"https:\/\/musicmedia.fi\/wp-content\/uploads\/2022\/05\/logo.png","contentUrl":"https:\/\/musicmedia.fi\/wp-content\/uploads\/2022\/05\/logo.png","width":276,"height":147,"caption":"Music x Media"},"image":{"@id":"https:\/\/musicmedia.fi\/#\/schema\/logo\/image\/"}}]}},"_links":{"self":[{"href":"https:\/\/musicmedia.fi\/fi\/wp-json\/wp\/v2\/speakers\/12231","targetHints":{"allow":["GET"]}}],"collection":[{"href":"https:\/\/musicmedia.fi\/fi\/wp-json\/wp\/v2\/speakers"}],"about":[{"href":"https:\/\/musicmedia.fi\/fi\/wp-json\/wp\/v2\/types\/speaker"}],"wp:featuredmedia":[{"embeddable":true,"href":"https:\/\/musicmedia.fi\/fi\/wp-json\/wp\/v2\/media\/12232"}],"wp:attachment":[{"href":"https:\/\/musicmedia.fi\/fi\/wp-json\/wp\/v2\/media?parent=12231"}],"wp:term":[{"taxonomy":"vuosi","embeddable":true,"href":"https:\/\/musicmedia.fi\/fi\/wp-json\/wp\/v2\/vuosi?post=12231"},{"taxonomy":"program_tag","embeddable":true,"href":"https:\/\/musicmedia.fi\/fi\/wp-json\/wp\/v2\/program-tag?post=12231"},{"taxonomy":"speaker-category","embeddable":true,"href":"https:\/\/musicmedia.fi\/fi\/wp-json\/wp\/v2\/speaker-category?post=12231"}],"curies":[{"name":"wp","href":"https:\/\/api.w.org\/{rel}","templated":true}]}}

Laulaja-lauluntekijä, tuottaja

Teemu Javanainen, tunnettu myös taiteilijanimellä Heviteemu, on turkulaissyntyinen tuottaja ja lauluntekijä. Hän on taitava muusikko ja laulaja, joka on aiemmin soittanut rumpuja death metal -yhtyeessä Sielupora.

Tämän monipuolisen multi-instrumentalistin vahvuuksiin kuuluvat erityisesti melodiat ja innovatiiviset ideat. Lisäksi Teemu on tehnyt yhteistyötä useiden kotimaisten huippuartistien, kuten SANNIn, Costeen, Vesalan ja Mouhouksen kanssa. Teemu luo myös soolouraa artistinimellä “Heviteemu” FRD Records Finlandin alla. Hän vastaa itse sekä musiikkinsa kirjoittamisesta että tuotannosta.
