{"id":12220,"date":"2025-09-16T18:29:51","date_gmt":"2025-09-16T15:29:51","guid":{"rendered":"https:\/\/musicmedia.fi\/?post_type=speaker&#038;p=12220"},"modified":"2025-09-22T12:01:36","modified_gmt":"2025-09-22T09:01:36","slug":"evelina","status":"publish","type":"speaker","link":"https:\/\/musicmedia.fi\/fi\/speaker\/evelina\/","title":{"rendered":"Evelina"},"content":{"rendered":"","protected":false},"excerpt":{"rendered":"","protected":false},"featured_media":12221,"menu_order":4,"template":"","meta":{"_acf_changed":false,"inline_featured_image":false},"vuosi":[799],"program-tag":[],"speaker-category":[],"class_list":["post-12220","speaker","type-speaker","status-publish","has-post-thumbnail","hentry","vuosi-799"],"acf":{"email":"veera.hjerppe@umusic.com","Phone":"","title_profession":"Artisti","organization":"Universal Music Finland","linkedin_url":"","speaker bio":"T\u00e4n\u00e4 vuonna 10-vuotista uraansa juhlistava pop-t\u00e4hti Evelina on kiistatta yksi aikakautensa menestyneimmist\u00e4, kuunnelluimmista ja seuratuimmista kotimaisista artisteista. Laulaja-lauluntekij\u00e4n katalogi on t\u00e4ynn\u00e4 toinen toistaan isompia hittej\u00e4 ja yhteens\u00e4 artistin kappaleille on kertynyt huimat yli 280 miljoonaa kuuntelukertaa eri striimialustoilla. Kappaleet ovat soineet runsaasti radioissa ja Evelinan tuotannosta l\u00f6ytyy jopa kymmenen Top 15 -radiohitti\u00e4.\r\n\r\nVuonna 2018 Vuoden naissolisti -Emmalla palkittu artisti on urallaan huomioitu yhteens\u00e4 my\u00f6s kymmenell\u00e4 Emma-ehdokkuudella. Evelina on saanut paljon kiitosta ottamalla kantaa t\u00e4rkeisiin ja ajankohtaisiin aiheisiin puhumalla muun muassa yhdenvertaisuudesta ja kehorauhasta omilla some-kanavillaan, joilla on yhteens\u00e4 yli 230 000 seuraajaa. Valovoimaisen artistin juhlavuosi huipentuu lokakuun lopulla starttaavalla Honey Tourilla, jonka my\u00f6t\u00e4 Evelina palaa lavoille yli vuoden keikkatauon j\u00e4lkeen.","photo":12221,"photo_credits":"","confirmation":true,"label":"","gest_id":""},"yoast_head":"<!-- This site is optimized with the Yoast SEO plugin v25.7 - https:\/\/yoast.com\/wordpress\/plugins\/seo\/ -->\n<title>Evelina - Music x Media<\/title>\n<meta name=\"robots\" content=\"index, follow, max-snippet:-1, max-image-preview:large, max-video-preview:-1\" \/>\n<link rel=\"canonical\" href=\"https:\/\/musicmedia.fi\/fi\/speaker\/evelina\/\" \/>\n<meta property=\"og:locale\" content=\"fi_FI\" \/>\n<meta property=\"og:type\" content=\"article\" \/>\n<meta property=\"og:title\" content=\"Evelina - Music x Media\" \/>\n<meta property=\"og:url\" content=\"https:\/\/musicmedia.fi\/fi\/speaker\/evelina\/\" \/>\n<meta property=\"og:site_name\" content=\"Music x Media\" \/>\n<meta property=\"article:modified_time\" content=\"2025-09-22T09:01:36+00:00\" \/>\n<meta property=\"og:image\" content=\"https:\/\/musicmedia.fi\/wp-content\/uploads\/2025\/09\/Evelina-Tranquilo2-ByNooaKervinen-1-e1758030745744.jpg\" \/>\n\t<meta property=\"og:image:width\" content=\"2000\" \/>\n\t<meta property=\"og:image:height\" content=\"1820\" \/>\n\t<meta property=\"og:image:type\" content=\"image\/jpeg\" \/>\n<meta name=\"twitter:card\" content=\"summary_large_image\" \/>\n<meta name=\"twitter:label1\" content=\"Arvioitu lukuaika\" \/>\n\t<meta name=\"twitter:data1\" content=\"1 minuutti\" \/>\n<script type=\"application\/ld+json\" class=\"yoast-schema-graph\">{\"@context\":\"https:\/\/schema.org\",\"@graph\":[{\"@type\":\"WebPage\",\"@id\":\"https:\/\/musicmedia.fi\/speaker\/evelina\/\",\"url\":\"https:\/\/musicmedia.fi\/speaker\/evelina\/\",\"name\":\"Evelina - Music x Media\",\"isPartOf\":{\"@id\":\"https:\/\/musicmedia.fi\/#website\"},\"primaryImageOfPage\":{\"@id\":\"https:\/\/musicmedia.fi\/speaker\/evelina\/#primaryimage\"},\"image\":{\"@id\":\"https:\/\/musicmedia.fi\/speaker\/evelina\/#primaryimage\"},\"thumbnailUrl\":\"https:\/\/musicmedia.fi\/wp-content\/uploads\/2025\/09\/Evelina-Tranquilo2-ByNooaKervinen-1-e1758030745744.jpg\",\"datePublished\":\"2025-09-16T15:29:51+00:00\",\"dateModified\":\"2025-09-22T09:01:36+00:00\",\"breadcrumb\":{\"@id\":\"https:\/\/musicmedia.fi\/speaker\/evelina\/#breadcrumb\"},\"inLanguage\":\"fi\",\"potentialAction\":[{\"@type\":\"ReadAction\",\"target\":[\"https:\/\/musicmedia.fi\/speaker\/evelina\/\"]}]},{\"@type\":\"ImageObject\",\"inLanguage\":\"fi\",\"@id\":\"https:\/\/musicmedia.fi\/speaker\/evelina\/#primaryimage\",\"url\":\"https:\/\/musicmedia.fi\/wp-content\/uploads\/2025\/09\/Evelina-Tranquilo2-ByNooaKervinen-1-e1758030745744.jpg\",\"contentUrl\":\"https:\/\/musicmedia.fi\/wp-content\/uploads\/2025\/09\/Evelina-Tranquilo2-ByNooaKervinen-1-e1758030745744.jpg\",\"width\":2000,\"height\":1820},{\"@type\":\"BreadcrumbList\",\"@id\":\"https:\/\/musicmedia.fi\/speaker\/evelina\/#breadcrumb\",\"itemListElement\":[{\"@type\":\"ListItem\",\"position\":1,\"name\":\"Home\",\"item\":\"https:\/\/musicmedia.fi\/\"},{\"@type\":\"ListItem\",\"position\":2,\"name\":\"Evelina\"}]},{\"@type\":\"WebSite\",\"@id\":\"https:\/\/musicmedia.fi\/#website\",\"url\":\"https:\/\/musicmedia.fi\/\",\"name\":\"Music x Media\",\"description\":\"Musiikki-, viihde- ja tapahtuma-alojen kohtaamispaikka\",\"publisher\":{\"@id\":\"https:\/\/musicmedia.fi\/#organization\"},\"potentialAction\":[{\"@type\":\"SearchAction\",\"target\":{\"@type\":\"EntryPoint\",\"urlTemplate\":\"https:\/\/musicmedia.fi\/?s={search_term_string}\"},\"query-input\":{\"@type\":\"PropertyValueSpecification\",\"valueRequired\":true,\"valueName\":\"search_term_string\"}}],\"inLanguage\":\"fi\"},{\"@type\":\"Organization\",\"@id\":\"https:\/\/musicmedia.fi\/#organization\",\"name\":\"Music x Media\",\"url\":\"https:\/\/musicmedia.fi\/\",\"logo\":{\"@type\":\"ImageObject\",\"inLanguage\":\"fi\",\"@id\":\"https:\/\/musicmedia.fi\/#\/schema\/logo\/image\/\",\"url\":\"https:\/\/musicmedia.fi\/wp-content\/uploads\/2022\/05\/logo.png\",\"contentUrl\":\"https:\/\/musicmedia.fi\/wp-content\/uploads\/2022\/05\/logo.png\",\"width\":276,\"height\":147,\"caption\":\"Music x Media\"},\"image\":{\"@id\":\"https:\/\/musicmedia.fi\/#\/schema\/logo\/image\/\"}}]}<\/script>\n<!-- \/ Yoast SEO plugin. -->","yoast_head_json":{"title":"Evelina - Music x Media","robots":{"index":"index","follow":"follow","max-snippet":"max-snippet:-1","max-image-preview":"max-image-preview:large","max-video-preview":"max-video-preview:-1"},"canonical":"https:\/\/musicmedia.fi\/fi\/speaker\/evelina\/","og_locale":"fi_FI","og_type":"article","og_title":"Evelina - Music x Media","og_url":"https:\/\/musicmedia.fi\/fi\/speaker\/evelina\/","og_site_name":"Music x Media","article_modified_time":"2025-09-22T09:01:36+00:00","og_image":[{"width":2000,"height":1820,"url":"https:\/\/musicmedia.fi\/wp-content\/uploads\/2025\/09\/Evelina-Tranquilo2-ByNooaKervinen-1-e1758030745744.jpg","type":"image\/jpeg"}],"twitter_card":"summary_large_image","twitter_misc":{"Arvioitu lukuaika":"1 minuutti"},"schema":{"@context":"https:\/\/schema.org","@graph":[{"@type":"WebPage","@id":"https:\/\/musicmedia.fi\/speaker\/evelina\/","url":"https:\/\/musicmedia.fi\/speaker\/evelina\/","name":"Evelina - Music x Media","isPartOf":{"@id":"https:\/\/musicmedia.fi\/#website"},"primaryImageOfPage":{"@id":"https:\/\/musicmedia.fi\/speaker\/evelina\/#primaryimage"},"image":{"@id":"https:\/\/musicmedia.fi\/speaker\/evelina\/#primaryimage"},"thumbnailUrl":"https:\/\/musicmedia.fi\/wp-content\/uploads\/2025\/09\/Evelina-Tranquilo2-ByNooaKervinen-1-e1758030745744.jpg","datePublished":"2025-09-16T15:29:51+00:00","dateModified":"2025-09-22T09:01:36+00:00","breadcrumb":{"@id":"https:\/\/musicmedia.fi\/speaker\/evelina\/#breadcrumb"},"inLanguage":"fi","potentialAction":[{"@type":"ReadAction","target":["https:\/\/musicmedia.fi\/speaker\/evelina\/"]}]},{"@type":"ImageObject","inLanguage":"fi","@id":"https:\/\/musicmedia.fi\/speaker\/evelina\/#primaryimage","url":"https:\/\/musicmedia.fi\/wp-content\/uploads\/2025\/09\/Evelina-Tranquilo2-ByNooaKervinen-1-e1758030745744.jpg","contentUrl":"https:\/\/musicmedia.fi\/wp-content\/uploads\/2025\/09\/Evelina-Tranquilo2-ByNooaKervinen-1-e1758030745744.jpg","width":2000,"height":1820},{"@type":"BreadcrumbList","@id":"https:\/\/musicmedia.fi\/speaker\/evelina\/#breadcrumb","itemListElement":[{"@type":"ListItem","position":1,"name":"Home","item":"https:\/\/musicmedia.fi\/"},{"@type":"ListItem","position":2,"name":"Evelina"}]},{"@type":"WebSite","@id":"https:\/\/musicmedia.fi\/#website","url":"https:\/\/musicmedia.fi\/","name":"Music x Media","description":"Musiikki-, viihde- ja tapahtuma-alojen kohtaamispaikka","publisher":{"@id":"https:\/\/musicmedia.fi\/#organization"},"potentialAction":[{"@type":"SearchAction","target":{"@type":"EntryPoint","urlTemplate":"https:\/\/musicmedia.fi\/?s={search_term_string}"},"query-input":{"@type":"PropertyValueSpecification","valueRequired":true,"valueName":"search_term_string"}}],"inLanguage":"fi"},{"@type":"Organization","@id":"https:\/\/musicmedia.fi\/#organization","name":"Music x Media","url":"https:\/\/musicmedia.fi\/","logo":{"@type":"ImageObject","inLanguage":"fi","@id":"https:\/\/musicmedia.fi\/#\/schema\/logo\/image\/","url":"https:\/\/musicmedia.fi\/wp-content\/uploads\/2022\/05\/logo.png","contentUrl":"https:\/\/musicmedia.fi\/wp-content\/uploads\/2022\/05\/logo.png","width":276,"height":147,"caption":"Music x Media"},"image":{"@id":"https:\/\/musicmedia.fi\/#\/schema\/logo\/image\/"}}]}},"_links":{"self":[{"href":"https:\/\/musicmedia.fi\/fi\/wp-json\/wp\/v2\/speakers\/12220","targetHints":{"allow":["GET"]}}],"collection":[{"href":"https:\/\/musicmedia.fi\/fi\/wp-json\/wp\/v2\/speakers"}],"about":[{"href":"https:\/\/musicmedia.fi\/fi\/wp-json\/wp\/v2\/types\/speaker"}],"wp:featuredmedia":[{"embeddable":true,"href":"https:\/\/musicmedia.fi\/fi\/wp-json\/wp\/v2\/media\/12221"}],"wp:attachment":[{"href":"https:\/\/musicmedia.fi\/fi\/wp-json\/wp\/v2\/media?parent=12220"}],"wp:term":[{"taxonomy":"vuosi","embeddable":true,"href":"https:\/\/musicmedia.fi\/fi\/wp-json\/wp\/v2\/vuosi?post=12220"},{"taxonomy":"program_tag","embeddable":true,"href":"https:\/\/musicmedia.fi\/fi\/wp-json\/wp\/v2\/program-tag?post=12220"},{"taxonomy":"speaker-category","embeddable":true,"href":"https:\/\/musicmedia.fi\/fi\/wp-json\/wp\/v2\/speaker-category?post=12220"}],"curies":[{"name":"wp","href":"https:\/\/api.w.org\/{rel}","templated":true}]}}

Tänä vuonna 10-vuotista uraansa juhlistava pop-tähti Evelina on kiistatta yksi aikakautensa menestyneimmistä, kuunnelluimmista ja seuratuimmista kotimaisista artisteista. Laulaja-lauluntekijän katalogi on täynnä toinen toistaan isompia hittejä ja yhteensä artistin kappaleille on kertynyt huimat yli 280 miljoonaa kuuntelukertaa eri striimialustoilla. Kappaleet ovat soineet runsaasti radioissa ja Evelinan tuotannosta löytyy jopa kymmenen Top 15 -radiohittiä.

Vuonna 2018 Vuoden naissolisti -Emmalla palkittu artisti on urallaan huomioitu yhteensä myös kymmenellä Emma-ehdokkuudella. Evelina on saanut paljon kiitosta ottamalla kantaa tärkeisiin ja ajankohtaisiin aiheisiin puhumalla muun muassa yhdenvertaisuudesta ja kehorauhasta omilla some-kanavillaan, joilla on yhteensä yli 230 000 seuraajaa. Valovoimaisen artistin juhlavuosi huipentuu lokakuun lopulla starttaavalla Honey Tourilla, jonka myötä Evelina palaa lavoille yli vuoden keikkatauon jälkeen.
