{"id":12096,"date":"2025-09-10T21:26:28","date_gmt":"2025-09-10T18:26:28","guid":{"rendered":"https:\/\/musicmedia.fi\/fi\/?post_type=speaker&#038;p=12096"},"modified":"2025-09-14T15:40:51","modified_gmt":"2025-09-14T12:40:51","slug":"tytti-hast","status":"publish","type":"speaker","link":"https:\/\/musicmedia.fi\/fi\/speaker\/tytti-hast\/","title":{"rendered":"Tytti Hast"},"content":{"rendered":"","protected":false},"excerpt":{"rendered":"","protected":false},"featured_media":12097,"menu_order":77,"template":"","meta":{"_acf_changed":false,"inline_featured_image":false},"vuosi":[799],"program-tag":[],"speaker-category":[],"class_list":["post-12096","speaker","type-speaker","status-publish","has-post-thumbnail","hentry","vuosi-799"],"acf":{"email":"tytti.hast@gsp.fi","Phone":"0400683363","title_profession":"Liiketoimintajohtaja, Osakas","organization":"GSP Group Oy","linkedin_url":"https:\/\/www.linkedin.com\/in\/tyttihast\/","speaker bio":"Kiinteist\u00f6kehityksen sek\u00e4 rakennuttamisen johtamisen yhti\u00f6n GSP Group Oy:n yksi p\u00e4\u00e4omistajista. Kiinteist\u00f6kehitt\u00e4j\u00e4n\u00e4 alusta alkaen ollut kolmessa monitoimiareenahankkeessa, kuten Hippos-hankkeessa Jyv\u00e4skyl\u00e4ss\u00e4, Turun Ratapiha -hankkeessa sek\u00e4 Garden Helsinki -hankkeessa. Lis\u00e4ksi kiinteist\u00f6kehitt\u00e4j\u00e4n\u00e4 Oulun monitoimiareena-hankkeen k\u00e4ynnist\u00e4misess\u00e4, Kouvolan sek\u00e4 Hyvink\u00e4\u00e4n monitoimiareenahankkeiden konsulttina sek\u00e4 muissa vastaavissa tapahtumatiloja sis\u00e4lt\u00e4viss\u00e4 hankkeissa. \r\n\r\nOmistaa sijoitusyhti\u00f6n, joka on sijoittanut mm. The Terwa premium resorttiin sek\u00e4 muihin kiinteist\u00f6kehityshankkeisiin. \r\n\r\nIntohimoinen retkipy\u00f6r\u00e4ilij\u00e4, vaeltaja, sijoittaja sek\u00e4 kiinteist\u00f6kehitt\u00e4j\u00e4. ","photo":12097,"photo_credits":"","confirmation":true,"label":"","gest_id":""},"yoast_head":"<!-- This site is optimized with the Yoast SEO plugin v25.7 - https:\/\/yoast.com\/wordpress\/plugins\/seo\/ -->\n<title>Tytti Hast - Music x Media<\/title>\n<meta name=\"robots\" content=\"index, follow, max-snippet:-1, max-image-preview:large, max-video-preview:-1\" \/>\n<link rel=\"canonical\" href=\"https:\/\/musicmedia.fi\/fi\/speaker\/tytti-hast\/\" \/>\n<meta property=\"og:locale\" content=\"fi_FI\" \/>\n<meta property=\"og:type\" content=\"article\" \/>\n<meta property=\"og:title\" content=\"Tytti Hast - Music x Media\" \/>\n<meta property=\"og:url\" content=\"https:\/\/musicmedia.fi\/fi\/speaker\/tytti-hast\/\" \/>\n<meta property=\"og:site_name\" content=\"Music x Media\" \/>\n<meta property=\"article:modified_time\" content=\"2025-09-14T12:40:51+00:00\" \/>\n<meta property=\"og:image\" content=\"https:\/\/musicmedia.fi\/wp-content\/uploads\/2025\/09\/L1030342-scaled-e1757528783273.jpeg\" \/>\n\t<meta property=\"og:image:width\" content=\"1705\" \/>\n\t<meta property=\"og:image:height\" content=\"1707\" \/>\n\t<meta property=\"og:image:type\" content=\"image\/jpeg\" \/>\n<meta name=\"twitter:card\" content=\"summary_large_image\" \/>\n<meta name=\"twitter:label1\" content=\"Arvioitu lukuaika\" \/>\n\t<meta name=\"twitter:data1\" content=\"1 minuutti\" \/>\n<script type=\"application\/ld+json\" class=\"yoast-schema-graph\">{\"@context\":\"https:\/\/schema.org\",\"@graph\":[{\"@type\":\"WebPage\",\"@id\":\"https:\/\/musicmedia.fi\/speaker\/tytti-hast\/\",\"url\":\"https:\/\/musicmedia.fi\/speaker\/tytti-hast\/\",\"name\":\"Tytti Hast - Music x Media\",\"isPartOf\":{\"@id\":\"https:\/\/musicmedia.fi\/#website\"},\"primaryImageOfPage\":{\"@id\":\"https:\/\/musicmedia.fi\/speaker\/tytti-hast\/#primaryimage\"},\"image\":{\"@id\":\"https:\/\/musicmedia.fi\/speaker\/tytti-hast\/#primaryimage\"},\"thumbnailUrl\":\"https:\/\/musicmedia.fi\/wp-content\/uploads\/2025\/09\/L1030342-scaled-e1757528783273.jpeg\",\"datePublished\":\"2025-09-10T18:26:28+00:00\",\"dateModified\":\"2025-09-14T12:40:51+00:00\",\"breadcrumb\":{\"@id\":\"https:\/\/musicmedia.fi\/speaker\/tytti-hast\/#breadcrumb\"},\"inLanguage\":\"fi\",\"potentialAction\":[{\"@type\":\"ReadAction\",\"target\":[\"https:\/\/musicmedia.fi\/speaker\/tytti-hast\/\"]}]},{\"@type\":\"ImageObject\",\"inLanguage\":\"fi\",\"@id\":\"https:\/\/musicmedia.fi\/speaker\/tytti-hast\/#primaryimage\",\"url\":\"https:\/\/musicmedia.fi\/wp-content\/uploads\/2025\/09\/L1030342-scaled-e1757528783273.jpeg\",\"contentUrl\":\"https:\/\/musicmedia.fi\/wp-content\/uploads\/2025\/09\/L1030342-scaled-e1757528783273.jpeg\",\"width\":1705,\"height\":1707},{\"@type\":\"BreadcrumbList\",\"@id\":\"https:\/\/musicmedia.fi\/speaker\/tytti-hast\/#breadcrumb\",\"itemListElement\":[{\"@type\":\"ListItem\",\"position\":1,\"name\":\"Home\",\"item\":\"https:\/\/musicmedia.fi\/\"},{\"@type\":\"ListItem\",\"position\":2,\"name\":\"Tytti Hast\"}]},{\"@type\":\"WebSite\",\"@id\":\"https:\/\/musicmedia.fi\/#website\",\"url\":\"https:\/\/musicmedia.fi\/\",\"name\":\"Music x Media\",\"description\":\"Musiikki-, viihde- ja tapahtuma-alojen kohtaamispaikka\",\"publisher\":{\"@id\":\"https:\/\/musicmedia.fi\/#organization\"},\"potentialAction\":[{\"@type\":\"SearchAction\",\"target\":{\"@type\":\"EntryPoint\",\"urlTemplate\":\"https:\/\/musicmedia.fi\/?s={search_term_string}\"},\"query-input\":{\"@type\":\"PropertyValueSpecification\",\"valueRequired\":true,\"valueName\":\"search_term_string\"}}],\"inLanguage\":\"fi\"},{\"@type\":\"Organization\",\"@id\":\"https:\/\/musicmedia.fi\/#organization\",\"name\":\"Music x Media\",\"url\":\"https:\/\/musicmedia.fi\/\",\"logo\":{\"@type\":\"ImageObject\",\"inLanguage\":\"fi\",\"@id\":\"https:\/\/musicmedia.fi\/#\/schema\/logo\/image\/\",\"url\":\"https:\/\/musicmedia.fi\/wp-content\/uploads\/2022\/05\/logo.png\",\"contentUrl\":\"https:\/\/musicmedia.fi\/wp-content\/uploads\/2022\/05\/logo.png\",\"width\":276,\"height\":147,\"caption\":\"Music x Media\"},\"image\":{\"@id\":\"https:\/\/musicmedia.fi\/#\/schema\/logo\/image\/\"}}]}<\/script>\n<!-- \/ Yoast SEO plugin. -->","yoast_head_json":{"title":"Tytti Hast - Music x Media","robots":{"index":"index","follow":"follow","max-snippet":"max-snippet:-1","max-image-preview":"max-image-preview:large","max-video-preview":"max-video-preview:-1"},"canonical":"https:\/\/musicmedia.fi\/fi\/speaker\/tytti-hast\/","og_locale":"fi_FI","og_type":"article","og_title":"Tytti Hast - Music x Media","og_url":"https:\/\/musicmedia.fi\/fi\/speaker\/tytti-hast\/","og_site_name":"Music x Media","article_modified_time":"2025-09-14T12:40:51+00:00","og_image":[{"width":1705,"height":1707,"url":"https:\/\/musicmedia.fi\/wp-content\/uploads\/2025\/09\/L1030342-scaled-e1757528783273.jpeg","type":"image\/jpeg"}],"twitter_card":"summary_large_image","twitter_misc":{"Arvioitu lukuaika":"1 minuutti"},"schema":{"@context":"https:\/\/schema.org","@graph":[{"@type":"WebPage","@id":"https:\/\/musicmedia.fi\/speaker\/tytti-hast\/","url":"https:\/\/musicmedia.fi\/speaker\/tytti-hast\/","name":"Tytti Hast - Music x Media","isPartOf":{"@id":"https:\/\/musicmedia.fi\/#website"},"primaryImageOfPage":{"@id":"https:\/\/musicmedia.fi\/speaker\/tytti-hast\/#primaryimage"},"image":{"@id":"https:\/\/musicmedia.fi\/speaker\/tytti-hast\/#primaryimage"},"thumbnailUrl":"https:\/\/musicmedia.fi\/wp-content\/uploads\/2025\/09\/L1030342-scaled-e1757528783273.jpeg","datePublished":"2025-09-10T18:26:28+00:00","dateModified":"2025-09-14T12:40:51+00:00","breadcrumb":{"@id":"https:\/\/musicmedia.fi\/speaker\/tytti-hast\/#breadcrumb"},"inLanguage":"fi","potentialAction":[{"@type":"ReadAction","target":["https:\/\/musicmedia.fi\/speaker\/tytti-hast\/"]}]},{"@type":"ImageObject","inLanguage":"fi","@id":"https:\/\/musicmedia.fi\/speaker\/tytti-hast\/#primaryimage","url":"https:\/\/musicmedia.fi\/wp-content\/uploads\/2025\/09\/L1030342-scaled-e1757528783273.jpeg","contentUrl":"https:\/\/musicmedia.fi\/wp-content\/uploads\/2025\/09\/L1030342-scaled-e1757528783273.jpeg","width":1705,"height":1707},{"@type":"BreadcrumbList","@id":"https:\/\/musicmedia.fi\/speaker\/tytti-hast\/#breadcrumb","itemListElement":[{"@type":"ListItem","position":1,"name":"Home","item":"https:\/\/musicmedia.fi\/"},{"@type":"ListItem","position":2,"name":"Tytti Hast"}]},{"@type":"WebSite","@id":"https:\/\/musicmedia.fi\/#website","url":"https:\/\/musicmedia.fi\/","name":"Music x Media","description":"Musiikki-, viihde- ja tapahtuma-alojen kohtaamispaikka","publisher":{"@id":"https:\/\/musicmedia.fi\/#organization"},"potentialAction":[{"@type":"SearchAction","target":{"@type":"EntryPoint","urlTemplate":"https:\/\/musicmedia.fi\/?s={search_term_string}"},"query-input":{"@type":"PropertyValueSpecification","valueRequired":true,"valueName":"search_term_string"}}],"inLanguage":"fi"},{"@type":"Organization","@id":"https:\/\/musicmedia.fi\/#organization","name":"Music x Media","url":"https:\/\/musicmedia.fi\/","logo":{"@type":"ImageObject","inLanguage":"fi","@id":"https:\/\/musicmedia.fi\/#\/schema\/logo\/image\/","url":"https:\/\/musicmedia.fi\/wp-content\/uploads\/2022\/05\/logo.png","contentUrl":"https:\/\/musicmedia.fi\/wp-content\/uploads\/2022\/05\/logo.png","width":276,"height":147,"caption":"Music x Media"},"image":{"@id":"https:\/\/musicmedia.fi\/#\/schema\/logo\/image\/"}}]}},"_links":{"self":[{"href":"https:\/\/musicmedia.fi\/fi\/wp-json\/wp\/v2\/speakers\/12096","targetHints":{"allow":["GET"]}}],"collection":[{"href":"https:\/\/musicmedia.fi\/fi\/wp-json\/wp\/v2\/speakers"}],"about":[{"href":"https:\/\/musicmedia.fi\/fi\/wp-json\/wp\/v2\/types\/speaker"}],"wp:featuredmedia":[{"embeddable":true,"href":"https:\/\/musicmedia.fi\/fi\/wp-json\/wp\/v2\/media\/12097"}],"wp:attachment":[{"href":"https:\/\/musicmedia.fi\/fi\/wp-json\/wp\/v2\/media?parent=12096"}],"wp:term":[{"taxonomy":"vuosi","embeddable":true,"href":"https:\/\/musicmedia.fi\/fi\/wp-json\/wp\/v2\/vuosi?post=12096"},{"taxonomy":"program_tag","embeddable":true,"href":"https:\/\/musicmedia.fi\/fi\/wp-json\/wp\/v2\/program-tag?post=12096"},{"taxonomy":"speaker-category","embeddable":true,"href":"https:\/\/musicmedia.fi\/fi\/wp-json\/wp\/v2\/speaker-category?post=12096"}],"curies":[{"name":"wp","href":"https:\/\/api.w.org\/{rel}","templated":true}]}}

Kiinteistökehityksen sekä rakennuttamisen johtamisen yhtiön GSP Group Oy:n yksi pääomistajista. Kiinteistökehittäjänä alusta alkaen ollut kolmessa monitoimiareenahankkeessa, kuten Hippos-hankkeessa Jyväskylässä, Turun Ratapiha -hankkeessa sekä Garden Helsinki -hankkeessa. Lisäksi kiinteistökehittäjänä Oulun monitoimiareena-hankkeen käynnistämisessä, Kouvolan sekä Hyvinkään monitoimiareenahankkeiden konsulttina sekä muissa vastaavissa tapahtumatiloja sisältävissä hankkeissa. 

Omistaa sijoitusyhtiön, joka on sijoittanut mm. The Terwa premium resorttiin sekä muihin kiinteistökehityshankkeisiin. 

Intohimoinen retkipyöräilijä, vaeltaja, sijoittaja sekä kiinteistökehittäjä.
