{"id":12077,"date":"2025-09-04T14:31:13","date_gmt":"2025-09-04T11:31:13","guid":{"rendered":"https:\/\/musicmedia.fi\/?post_type=speaker&#038;p=12077"},"modified":"2025-09-14T16:15:47","modified_gmt":"2025-09-14T13:15:47","slug":"terhi-anna-wilska","status":"publish","type":"speaker","link":"https:\/\/musicmedia.fi\/fi\/speaker\/terhi-anna-wilska\/","title":{"rendered":"Terhi-Anna Wilska"},"content":{"rendered":"","protected":false},"excerpt":{"rendered":"","protected":false},"featured_media":12078,"menu_order":85,"template":"","meta":{"_acf_changed":false,"inline_featured_image":false},"vuosi":[799],"program-tag":[],"speaker-category":[],"class_list":["post-12077","speaker","type-speaker","status-publish","has-post-thumbnail","hentry","vuosi-799"],"acf":{"email":"terhi-anna.wilska@jyu.fi","Phone":"","title_profession":"Sosiologian professori","organization":"Jyv\u00e4skyl\u00e4n yliopisto","linkedin_url":"","speaker bio":"Terhi-Anna Wilska (PhD. (soc.), Lic.Sc. Econ.) is a Professor of Sociology at the University of Jyv\u00e4skyl\u00e4. She has been researching phenomena related to economic behaviour and consumption for 30 years. Changes in consumer trends and the digitalization of consumption and economic behaviour have been at the center of her research in recent years. The large DigiConsumers project (2019-2025) led by Wilska examined particularly the consumption cultures and economic activities of young people in digital consumer environments.\r\n\r\n***\r\n\r\nTerhi-Anna Wilska (PhD. (soc.), KTL, on sosiologian professori Jyv\u00e4skyl\u00e4n yliopistossa. H\u00e4n on jo 30 vuoden ajan tutkinut talouteen ja kuluttamiseen liittyvi\u00e4 ilmi\u00f6it\u00e4. Kulutustrendeiss\u00e4 tapahtunee muutokset sek\u00e4 kulutuksen ja talouden digitalisoituminen ovat viime vuosina olleet h\u00e4nen tutkimustensa keski\u00f6ss\u00e4. Wilskan johtama laaja DigiConsumers-hanke (2019-2025) selvitti erityisesti nuorten kulutuskulttuureja ja taloudellista toimintaa digitaalisissa kulutusymp\u00e4rist\u00f6iss\u00e4.","photo":12078,"photo_credits":"","confirmation":true,"label":"","gest_id":""},"yoast_head":"<!-- This site is optimized with the Yoast SEO plugin v25.7 - https:\/\/yoast.com\/wordpress\/plugins\/seo\/ -->\n<title>Terhi-Anna Wilska - Music x Media<\/title>\n<meta name=\"robots\" content=\"index, follow, max-snippet:-1, max-image-preview:large, max-video-preview:-1\" \/>\n<link rel=\"canonical\" href=\"https:\/\/musicmedia.fi\/fi\/speaker\/terhi-anna-wilska\/\" \/>\n<meta property=\"og:locale\" content=\"fi_FI\" \/>\n<meta property=\"og:type\" content=\"article\" \/>\n<meta property=\"og:title\" content=\"Terhi-Anna Wilska - Music x Media\" \/>\n<meta property=\"og:url\" content=\"https:\/\/musicmedia.fi\/fi\/speaker\/terhi-anna-wilska\/\" \/>\n<meta property=\"og:site_name\" content=\"Music x Media\" \/>\n<meta property=\"article:modified_time\" content=\"2025-09-14T13:15:47+00:00\" \/>\n<meta property=\"og:image\" content=\"https:\/\/musicmedia.fi\/wp-content\/uploads\/2025\/09\/WilskaTerhi-Anna_1-e1756985396342.jpg\" \/>\n\t<meta property=\"og:image:width\" content=\"1080\" \/>\n\t<meta property=\"og:image:height\" content=\"1077\" \/>\n\t<meta property=\"og:image:type\" content=\"image\/jpeg\" \/>\n<meta name=\"twitter:card\" content=\"summary_large_image\" \/>\n<meta name=\"twitter:label1\" content=\"Arvioitu lukuaika\" \/>\n\t<meta name=\"twitter:data1\" content=\"1 minuutti\" \/>\n<script type=\"application\/ld+json\" class=\"yoast-schema-graph\">{\"@context\":\"https:\/\/schema.org\",\"@graph\":[{\"@type\":\"WebPage\",\"@id\":\"https:\/\/musicmedia.fi\/speaker\/terhi-anna-wilska\/\",\"url\":\"https:\/\/musicmedia.fi\/speaker\/terhi-anna-wilska\/\",\"name\":\"Terhi-Anna Wilska - Music x Media\",\"isPartOf\":{\"@id\":\"https:\/\/musicmedia.fi\/#website\"},\"primaryImageOfPage\":{\"@id\":\"https:\/\/musicmedia.fi\/speaker\/terhi-anna-wilska\/#primaryimage\"},\"image\":{\"@id\":\"https:\/\/musicmedia.fi\/speaker\/terhi-anna-wilska\/#primaryimage\"},\"thumbnailUrl\":\"https:\/\/musicmedia.fi\/wp-content\/uploads\/2025\/09\/WilskaTerhi-Anna_1-e1756985396342.jpg\",\"datePublished\":\"2025-09-04T11:31:13+00:00\",\"dateModified\":\"2025-09-14T13:15:47+00:00\",\"breadcrumb\":{\"@id\":\"https:\/\/musicmedia.fi\/speaker\/terhi-anna-wilska\/#breadcrumb\"},\"inLanguage\":\"fi\",\"potentialAction\":[{\"@type\":\"ReadAction\",\"target\":[\"https:\/\/musicmedia.fi\/speaker\/terhi-anna-wilska\/\"]}]},{\"@type\":\"ImageObject\",\"inLanguage\":\"fi\",\"@id\":\"https:\/\/musicmedia.fi\/speaker\/terhi-anna-wilska\/#primaryimage\",\"url\":\"https:\/\/musicmedia.fi\/wp-content\/uploads\/2025\/09\/WilskaTerhi-Anna_1-e1756985396342.jpg\",\"contentUrl\":\"https:\/\/musicmedia.fi\/wp-content\/uploads\/2025\/09\/WilskaTerhi-Anna_1-e1756985396342.jpg\",\"width\":1080,\"height\":1077},{\"@type\":\"BreadcrumbList\",\"@id\":\"https:\/\/musicmedia.fi\/speaker\/terhi-anna-wilska\/#breadcrumb\",\"itemListElement\":[{\"@type\":\"ListItem\",\"position\":1,\"name\":\"Home\",\"item\":\"https:\/\/musicmedia.fi\/\"},{\"@type\":\"ListItem\",\"position\":2,\"name\":\"Terhi-Anna Wilska\"}]},{\"@type\":\"WebSite\",\"@id\":\"https:\/\/musicmedia.fi\/#website\",\"url\":\"https:\/\/musicmedia.fi\/\",\"name\":\"Music x Media\",\"description\":\"Musiikki-, viihde- ja tapahtuma-alojen kohtaamispaikka\",\"publisher\":{\"@id\":\"https:\/\/musicmedia.fi\/#organization\"},\"potentialAction\":[{\"@type\":\"SearchAction\",\"target\":{\"@type\":\"EntryPoint\",\"urlTemplate\":\"https:\/\/musicmedia.fi\/?s={search_term_string}\"},\"query-input\":{\"@type\":\"PropertyValueSpecification\",\"valueRequired\":true,\"valueName\":\"search_term_string\"}}],\"inLanguage\":\"fi\"},{\"@type\":\"Organization\",\"@id\":\"https:\/\/musicmedia.fi\/#organization\",\"name\":\"Music x Media\",\"url\":\"https:\/\/musicmedia.fi\/\",\"logo\":{\"@type\":\"ImageObject\",\"inLanguage\":\"fi\",\"@id\":\"https:\/\/musicmedia.fi\/#\/schema\/logo\/image\/\",\"url\":\"https:\/\/musicmedia.fi\/wp-content\/uploads\/2022\/05\/logo.png\",\"contentUrl\":\"https:\/\/musicmedia.fi\/wp-content\/uploads\/2022\/05\/logo.png\",\"width\":276,\"height\":147,\"caption\":\"Music x Media\"},\"image\":{\"@id\":\"https:\/\/musicmedia.fi\/#\/schema\/logo\/image\/\"}}]}<\/script>\n<!-- \/ Yoast SEO plugin. -->","yoast_head_json":{"title":"Terhi-Anna Wilska - Music x Media","robots":{"index":"index","follow":"follow","max-snippet":"max-snippet:-1","max-image-preview":"max-image-preview:large","max-video-preview":"max-video-preview:-1"},"canonical":"https:\/\/musicmedia.fi\/fi\/speaker\/terhi-anna-wilska\/","og_locale":"fi_FI","og_type":"article","og_title":"Terhi-Anna Wilska - Music x Media","og_url":"https:\/\/musicmedia.fi\/fi\/speaker\/terhi-anna-wilska\/","og_site_name":"Music x Media","article_modified_time":"2025-09-14T13:15:47+00:00","og_image":[{"width":1080,"height":1077,"url":"https:\/\/musicmedia.fi\/wp-content\/uploads\/2025\/09\/WilskaTerhi-Anna_1-e1756985396342.jpg","type":"image\/jpeg"}],"twitter_card":"summary_large_image","twitter_misc":{"Arvioitu lukuaika":"1 minuutti"},"schema":{"@context":"https:\/\/schema.org","@graph":[{"@type":"WebPage","@id":"https:\/\/musicmedia.fi\/speaker\/terhi-anna-wilska\/","url":"https:\/\/musicmedia.fi\/speaker\/terhi-anna-wilska\/","name":"Terhi-Anna Wilska - Music x Media","isPartOf":{"@id":"https:\/\/musicmedia.fi\/#website"},"primaryImageOfPage":{"@id":"https:\/\/musicmedia.fi\/speaker\/terhi-anna-wilska\/#primaryimage"},"image":{"@id":"https:\/\/musicmedia.fi\/speaker\/terhi-anna-wilska\/#primaryimage"},"thumbnailUrl":"https:\/\/musicmedia.fi\/wp-content\/uploads\/2025\/09\/WilskaTerhi-Anna_1-e1756985396342.jpg","datePublished":"2025-09-04T11:31:13+00:00","dateModified":"2025-09-14T13:15:47+00:00","breadcrumb":{"@id":"https:\/\/musicmedia.fi\/speaker\/terhi-anna-wilska\/#breadcrumb"},"inLanguage":"fi","potentialAction":[{"@type":"ReadAction","target":["https:\/\/musicmedia.fi\/speaker\/terhi-anna-wilska\/"]}]},{"@type":"ImageObject","inLanguage":"fi","@id":"https:\/\/musicmedia.fi\/speaker\/terhi-anna-wilska\/#primaryimage","url":"https:\/\/musicmedia.fi\/wp-content\/uploads\/2025\/09\/WilskaTerhi-Anna_1-e1756985396342.jpg","contentUrl":"https:\/\/musicmedia.fi\/wp-content\/uploads\/2025\/09\/WilskaTerhi-Anna_1-e1756985396342.jpg","width":1080,"height":1077},{"@type":"BreadcrumbList","@id":"https:\/\/musicmedia.fi\/speaker\/terhi-anna-wilska\/#breadcrumb","itemListElement":[{"@type":"ListItem","position":1,"name":"Home","item":"https:\/\/musicmedia.fi\/"},{"@type":"ListItem","position":2,"name":"Terhi-Anna Wilska"}]},{"@type":"WebSite","@id":"https:\/\/musicmedia.fi\/#website","url":"https:\/\/musicmedia.fi\/","name":"Music x Media","description":"Musiikki-, viihde- ja tapahtuma-alojen kohtaamispaikka","publisher":{"@id":"https:\/\/musicmedia.fi\/#organization"},"potentialAction":[{"@type":"SearchAction","target":{"@type":"EntryPoint","urlTemplate":"https:\/\/musicmedia.fi\/?s={search_term_string}"},"query-input":{"@type":"PropertyValueSpecification","valueRequired":true,"valueName":"search_term_string"}}],"inLanguage":"fi"},{"@type":"Organization","@id":"https:\/\/musicmedia.fi\/#organization","name":"Music x Media","url":"https:\/\/musicmedia.fi\/","logo":{"@type":"ImageObject","inLanguage":"fi","@id":"https:\/\/musicmedia.fi\/#\/schema\/logo\/image\/","url":"https:\/\/musicmedia.fi\/wp-content\/uploads\/2022\/05\/logo.png","contentUrl":"https:\/\/musicmedia.fi\/wp-content\/uploads\/2022\/05\/logo.png","width":276,"height":147,"caption":"Music x Media"},"image":{"@id":"https:\/\/musicmedia.fi\/#\/schema\/logo\/image\/"}}]}},"_links":{"self":[{"href":"https:\/\/musicmedia.fi\/fi\/wp-json\/wp\/v2\/speakers\/12077","targetHints":{"allow":["GET"]}}],"collection":[{"href":"https:\/\/musicmedia.fi\/fi\/wp-json\/wp\/v2\/speakers"}],"about":[{"href":"https:\/\/musicmedia.fi\/fi\/wp-json\/wp\/v2\/types\/speaker"}],"wp:featuredmedia":[{"embeddable":true,"href":"https:\/\/musicmedia.fi\/fi\/wp-json\/wp\/v2\/media\/12078"}],"wp:attachment":[{"href":"https:\/\/musicmedia.fi\/fi\/wp-json\/wp\/v2\/media?parent=12077"}],"wp:term":[{"taxonomy":"vuosi","embeddable":true,"href":"https:\/\/musicmedia.fi\/fi\/wp-json\/wp\/v2\/vuosi?post=12077"},{"taxonomy":"program_tag","embeddable":true,"href":"https:\/\/musicmedia.fi\/fi\/wp-json\/wp\/v2\/program-tag?post=12077"},{"taxonomy":"speaker-category","embeddable":true,"href":"https:\/\/musicmedia.fi\/fi\/wp-json\/wp\/v2\/speaker-category?post=12077"}],"curies":[{"name":"wp","href":"https:\/\/api.w.org\/{rel}","templated":true}]}}

Jyväskylän yliopisto

Terhi-Anna Wilska (PhD. (soc.), Lic.Sc. Econ.) is a Professor of Sociology at the University of Jyväskylä. She has been researching phenomena related to economic behaviour and consumption for 30 years. Changes in consumer trends and the digitalization of consumption and economic behaviour have been at the center of her research in recent years. The large DigiConsumers project (2019-2025) led by Wilska examined particularly the consumption cultures and economic activities of young people in digital consumer environments.

***

Terhi-Anna Wilska (PhD. (soc.), KTL, on sosiologian professori Jyväskylän yliopistossa. Hän on jo 30 vuoden ajan tutkinut talouteen ja kuluttamiseen liittyviä ilmiöitä. Kulutustrendeissä tapahtunee muutokset sekä kulutuksen ja talouden digitalisoituminen ovat viime vuosina olleet hänen tutkimustensa keskiössä. Wilskan johtama laaja DigiConsumers-hanke (2019-2025) selvitti erityisesti nuorten kulutuskulttuureja ja taloudellista toimintaa digitaalisissa kulutusympäristöissä.
