{"id":12062,"date":"2025-09-03T15:08:53","date_gmt":"2025-09-03T12:08:53","guid":{"rendered":"https:\/\/musicmedia.fi\/?post_type=speaker&#038;p=12062"},"modified":"2025-09-14T16:15:26","modified_gmt":"2025-09-14T13:15:26","slug":"frank-martela","status":"publish","type":"speaker","link":"https:\/\/musicmedia.fi\/fi\/speaker\/frank-martela\/","title":{"rendered":"Frank Martela"},"content":{"rendered":"","protected":false},"excerpt":{"rendered":"","protected":false},"featured_media":12063,"menu_order":88,"template":"","meta":{"_acf_changed":false,"inline_featured_image":false},"vuosi":[799],"program-tag":[],"speaker-category":[],"class_list":["post-12062","speaker","type-speaker","status-publish","has-post-thumbnail","hentry","vuosi-799"],"acf":{"email":"frank.martela@aalto.fi","Phone":"","title_profession":"Apulaisprofessori","organization":"Aalto-yliopisto","linkedin_url":"","speaker bio":"Philosopher Frank Martela is an Assistant Professor at Aalto University and Finland\u2019s leading expert on intrinsic motivation, well-being, and meaningfulness, recognized internationally for his work. He has a clear vision of how these can be promoted and managed in workplaces and society. In 2025, Thinkers50 included him on their global Radar list as one of thirty thinkers \u201cwhose ideas are most likely to shape our future.\u201d\r\n\r\nAlongside his extensive academic work, Frank writes columns for Helsingin Sanomat and has contributed to international publications such as Harvard Business Review, Scientific American, and CNBC. He has been interviewed by The New York Times, CNN, BBC, Fox News, Le Monde, Der Spiegel, as well as New Scientist and Discover Magazine. His book A Wonderful Life \u2013 Insights on Finding a Meaningful Experience (HarperCollins, 2020) has been translated into 30 languages.\r\n\r\n***\r\n\r\nFilosofi Frank Martela on Aalto-yliopiston apulaisprofessori ja kansainv\u00e4lisesti tunnustettu ja Suomen johtava sis\u00e4isen motivaation, hyvinvoinnin ja merkityksellisyyden asiantuntija, jolla on selke\u00e4 n\u00e4kemys siit\u00e4, miten n\u00e4it\u00e4 edistet\u00e4\u00e4n ja johdetaan ty\u00f6paikoilla ja yhteiskunnassa. Thinkers50 valitsi h\u00e4net vuoden 2025 globaalille Radar-listalleen yhten\u00e4 kolmestakymmenest\u00e4 ajattelijasta, \"joiden ideat todenn\u00e4k\u00f6isimmin tulevat vaikuttamaan tulevaisuuteemme\u201d.\r\n\r\nMittavan tieteellisen tuotantonsa ohella Frank on kirjoittanut Helsingin Sanomien kolumnien lis\u00e4ksi esimerkiksi sellaisiin kansainv\u00e4lisiin julkaisuihin kuin Harvard Business Review, Scientific American ja CNBC. H\u00e4nt\u00e4 ovat haastatelleet New York Times, CNN, BBC, Fox News, Le Monde, Der Spiegel, sek\u00e4 New Scientist ja Discover Magazine. H\u00e4nen kirjansa A Wonderful Life \u2013 Insights on Finding a Meaningful Experience (HarperCollins 2020) on k\u00e4\u00e4nnetty 30 eri kielelle.","photo":12063,"photo_credits":"Marek Sabogal","confirmation":true,"label":"","gest_id":""},"yoast_head":"<!-- This site is optimized with the Yoast SEO plugin v25.7 - https:\/\/yoast.com\/wordpress\/plugins\/seo\/ -->\n<title>Frank Martela - Music x Media<\/title>\n<meta name=\"robots\" content=\"index, follow, max-snippet:-1, max-image-preview:large, max-video-preview:-1\" \/>\n<link rel=\"canonical\" href=\"https:\/\/musicmedia.fi\/fi\/speaker\/frank-martela\/\" \/>\n<meta property=\"og:locale\" content=\"fi_FI\" \/>\n<meta property=\"og:type\" content=\"article\" \/>\n<meta property=\"og:title\" content=\"Frank Martela - Music x Media\" \/>\n<meta property=\"og:url\" content=\"https:\/\/musicmedia.fi\/fi\/speaker\/frank-martela\/\" \/>\n<meta property=\"og:site_name\" content=\"Music x Media\" \/>\n<meta property=\"article:modified_time\" content=\"2025-09-14T13:15:26+00:00\" \/>\n<meta property=\"og:image\" content=\"https:\/\/musicmedia.fi\/wp-content\/uploads\/2025\/09\/FrankMartela_MarekSabogal_2-e1756901324724.jpg\" \/>\n\t<meta property=\"og:image:width\" content=\"1680\" \/>\n\t<meta property=\"og:image:height\" content=\"1667\" \/>\n\t<meta property=\"og:image:type\" content=\"image\/jpeg\" \/>\n<meta name=\"twitter:card\" content=\"summary_large_image\" \/>\n<meta name=\"twitter:label1\" content=\"Arvioitu lukuaika\" \/>\n\t<meta name=\"twitter:data1\" content=\"1 minuutti\" \/>\n<script type=\"application\/ld+json\" class=\"yoast-schema-graph\">{\"@context\":\"https:\/\/schema.org\",\"@graph\":[{\"@type\":\"WebPage\",\"@id\":\"https:\/\/musicmedia.fi\/speaker\/frank-martela\/\",\"url\":\"https:\/\/musicmedia.fi\/speaker\/frank-martela\/\",\"name\":\"Frank Martela - Music x Media\",\"isPartOf\":{\"@id\":\"https:\/\/musicmedia.fi\/#website\"},\"primaryImageOfPage\":{\"@id\":\"https:\/\/musicmedia.fi\/speaker\/frank-martela\/#primaryimage\"},\"image\":{\"@id\":\"https:\/\/musicmedia.fi\/speaker\/frank-martela\/#primaryimage\"},\"thumbnailUrl\":\"https:\/\/musicmedia.fi\/wp-content\/uploads\/2025\/09\/FrankMartela_MarekSabogal_2-e1756901324724.jpg\",\"datePublished\":\"2025-09-03T12:08:53+00:00\",\"dateModified\":\"2025-09-14T13:15:26+00:00\",\"breadcrumb\":{\"@id\":\"https:\/\/musicmedia.fi\/speaker\/frank-martela\/#breadcrumb\"},\"inLanguage\":\"fi\",\"potentialAction\":[{\"@type\":\"ReadAction\",\"target\":[\"https:\/\/musicmedia.fi\/speaker\/frank-martela\/\"]}]},{\"@type\":\"ImageObject\",\"inLanguage\":\"fi\",\"@id\":\"https:\/\/musicmedia.fi\/speaker\/frank-martela\/#primaryimage\",\"url\":\"https:\/\/musicmedia.fi\/wp-content\/uploads\/2025\/09\/FrankMartela_MarekSabogal_2-e1756901324724.jpg\",\"contentUrl\":\"https:\/\/musicmedia.fi\/wp-content\/uploads\/2025\/09\/FrankMartela_MarekSabogal_2-e1756901324724.jpg\",\"width\":1680,\"height\":1667},{\"@type\":\"BreadcrumbList\",\"@id\":\"https:\/\/musicmedia.fi\/speaker\/frank-martela\/#breadcrumb\",\"itemListElement\":[{\"@type\":\"ListItem\",\"position\":1,\"name\":\"Home\",\"item\":\"https:\/\/musicmedia.fi\/\"},{\"@type\":\"ListItem\",\"position\":2,\"name\":\"Frank Martela\"}]},{\"@type\":\"WebSite\",\"@id\":\"https:\/\/musicmedia.fi\/#website\",\"url\":\"https:\/\/musicmedia.fi\/\",\"name\":\"Music x Media\",\"description\":\"Musiikki-, viihde- ja tapahtuma-alojen kohtaamispaikka\",\"publisher\":{\"@id\":\"https:\/\/musicmedia.fi\/#organization\"},\"potentialAction\":[{\"@type\":\"SearchAction\",\"target\":{\"@type\":\"EntryPoint\",\"urlTemplate\":\"https:\/\/musicmedia.fi\/?s={search_term_string}\"},\"query-input\":{\"@type\":\"PropertyValueSpecification\",\"valueRequired\":true,\"valueName\":\"search_term_string\"}}],\"inLanguage\":\"fi\"},{\"@type\":\"Organization\",\"@id\":\"https:\/\/musicmedia.fi\/#organization\",\"name\":\"Music x Media\",\"url\":\"https:\/\/musicmedia.fi\/\",\"logo\":{\"@type\":\"ImageObject\",\"inLanguage\":\"fi\",\"@id\":\"https:\/\/musicmedia.fi\/#\/schema\/logo\/image\/\",\"url\":\"https:\/\/musicmedia.fi\/wp-content\/uploads\/2022\/05\/logo.png\",\"contentUrl\":\"https:\/\/musicmedia.fi\/wp-content\/uploads\/2022\/05\/logo.png\",\"width\":276,\"height\":147,\"caption\":\"Music x Media\"},\"image\":{\"@id\":\"https:\/\/musicmedia.fi\/#\/schema\/logo\/image\/\"}}]}<\/script>\n<!-- \/ Yoast SEO plugin. -->","yoast_head_json":{"title":"Frank Martela - Music x Media","robots":{"index":"index","follow":"follow","max-snippet":"max-snippet:-1","max-image-preview":"max-image-preview:large","max-video-preview":"max-video-preview:-1"},"canonical":"https:\/\/musicmedia.fi\/fi\/speaker\/frank-martela\/","og_locale":"fi_FI","og_type":"article","og_title":"Frank Martela - Music x Media","og_url":"https:\/\/musicmedia.fi\/fi\/speaker\/frank-martela\/","og_site_name":"Music x Media","article_modified_time":"2025-09-14T13:15:26+00:00","og_image":[{"width":1680,"height":1667,"url":"https:\/\/musicmedia.fi\/wp-content\/uploads\/2025\/09\/FrankMartela_MarekSabogal_2-e1756901324724.jpg","type":"image\/jpeg"}],"twitter_card":"summary_large_image","twitter_misc":{"Arvioitu lukuaika":"1 minuutti"},"schema":{"@context":"https:\/\/schema.org","@graph":[{"@type":"WebPage","@id":"https:\/\/musicmedia.fi\/speaker\/frank-martela\/","url":"https:\/\/musicmedia.fi\/speaker\/frank-martela\/","name":"Frank Martela - Music x Media","isPartOf":{"@id":"https:\/\/musicmedia.fi\/#website"},"primaryImageOfPage":{"@id":"https:\/\/musicmedia.fi\/speaker\/frank-martela\/#primaryimage"},"image":{"@id":"https:\/\/musicmedia.fi\/speaker\/frank-martela\/#primaryimage"},"thumbnailUrl":"https:\/\/musicmedia.fi\/wp-content\/uploads\/2025\/09\/FrankMartela_MarekSabogal_2-e1756901324724.jpg","datePublished":"2025-09-03T12:08:53+00:00","dateModified":"2025-09-14T13:15:26+00:00","breadcrumb":{"@id":"https:\/\/musicmedia.fi\/speaker\/frank-martela\/#breadcrumb"},"inLanguage":"fi","potentialAction":[{"@type":"ReadAction","target":["https:\/\/musicmedia.fi\/speaker\/frank-martela\/"]}]},{"@type":"ImageObject","inLanguage":"fi","@id":"https:\/\/musicmedia.fi\/speaker\/frank-martela\/#primaryimage","url":"https:\/\/musicmedia.fi\/wp-content\/uploads\/2025\/09\/FrankMartela_MarekSabogal_2-e1756901324724.jpg","contentUrl":"https:\/\/musicmedia.fi\/wp-content\/uploads\/2025\/09\/FrankMartela_MarekSabogal_2-e1756901324724.jpg","width":1680,"height":1667},{"@type":"BreadcrumbList","@id":"https:\/\/musicmedia.fi\/speaker\/frank-martela\/#breadcrumb","itemListElement":[{"@type":"ListItem","position":1,"name":"Home","item":"https:\/\/musicmedia.fi\/"},{"@type":"ListItem","position":2,"name":"Frank Martela"}]},{"@type":"WebSite","@id":"https:\/\/musicmedia.fi\/#website","url":"https:\/\/musicmedia.fi\/","name":"Music x Media","description":"Musiikki-, viihde- ja tapahtuma-alojen kohtaamispaikka","publisher":{"@id":"https:\/\/musicmedia.fi\/#organization"},"potentialAction":[{"@type":"SearchAction","target":{"@type":"EntryPoint","urlTemplate":"https:\/\/musicmedia.fi\/?s={search_term_string}"},"query-input":{"@type":"PropertyValueSpecification","valueRequired":true,"valueName":"search_term_string"}}],"inLanguage":"fi"},{"@type":"Organization","@id":"https:\/\/musicmedia.fi\/#organization","name":"Music x Media","url":"https:\/\/musicmedia.fi\/","logo":{"@type":"ImageObject","inLanguage":"fi","@id":"https:\/\/musicmedia.fi\/#\/schema\/logo\/image\/","url":"https:\/\/musicmedia.fi\/wp-content\/uploads\/2022\/05\/logo.png","contentUrl":"https:\/\/musicmedia.fi\/wp-content\/uploads\/2022\/05\/logo.png","width":276,"height":147,"caption":"Music x Media"},"image":{"@id":"https:\/\/musicmedia.fi\/#\/schema\/logo\/image\/"}}]}},"_links":{"self":[{"href":"https:\/\/musicmedia.fi\/fi\/wp-json\/wp\/v2\/speakers\/12062","targetHints":{"allow":["GET"]}}],"collection":[{"href":"https:\/\/musicmedia.fi\/fi\/wp-json\/wp\/v2\/speakers"}],"about":[{"href":"https:\/\/musicmedia.fi\/fi\/wp-json\/wp\/v2\/types\/speaker"}],"wp:featuredmedia":[{"embeddable":true,"href":"https:\/\/musicmedia.fi\/fi\/wp-json\/wp\/v2\/media\/12063"}],"wp:attachment":[{"href":"https:\/\/musicmedia.fi\/fi\/wp-json\/wp\/v2\/media?parent=12062"}],"wp:term":[{"taxonomy":"vuosi","embeddable":true,"href":"https:\/\/musicmedia.fi\/fi\/wp-json\/wp\/v2\/vuosi?post=12062"},{"taxonomy":"program_tag","embeddable":true,"href":"https:\/\/musicmedia.fi\/fi\/wp-json\/wp\/v2\/program-tag?post=12062"},{"taxonomy":"speaker-category","embeddable":true,"href":"https:\/\/musicmedia.fi\/fi\/wp-json\/wp\/v2\/speaker-category?post=12062"}],"curies":[{"name":"wp","href":"https:\/\/api.w.org\/{rel}","templated":true}]}}

Philosopher Frank Martela is an Assistant Professor at Aalto University and Finland’s leading expert on intrinsic motivation, well-being, and meaningfulness, recognized internationally for his work. He has a clear vision of how these can be promoted and managed in workplaces and society. In 2025, Thinkers50 included him on their global Radar list as one of thirty thinkers “whose ideas are most likely to shape our future.”

Alongside his extensive academic work, Frank writes columns for Helsingin Sanomat and has contributed to international publications such as Harvard Business Review, Scientific American, and CNBC. He has been interviewed by The New York Times, CNN, BBC, Fox News, Le Monde, Der Spiegel, as well as New Scientist and Discover Magazine. His book A Wonderful Life – Insights on Finding a Meaningful Experience (HarperCollins, 2020) has been translated into 30 languages.

***

Filosofi Frank Martela on Aalto-yliopiston apulaisprofessori ja kansainvälisesti tunnustettu ja Suomen johtava sisäisen motivaation, hyvinvoinnin ja merkityksellisyyden asiantuntija, jolla on selkeä näkemys siitä, miten näitä edistetään ja johdetaan työpaikoilla ja yhteiskunnassa. Thinkers50 valitsi hänet vuoden 2025 globaalille Radar-listalleen yhtenä kolmestakymmenestä ajattelijasta, "joiden ideat todennäköisimmin tulevat vaikuttamaan tulevaisuuteemme”.

Mittavan tieteellisen tuotantonsa ohella Frank on kirjoittanut Helsingin Sanomien kolumnien lisäksi esimerkiksi sellaisiin kansainvälisiin julkaisuihin kuin Harvard Business Review, Scientific American ja CNBC. Häntä ovat haastatelleet New York Times, CNN, BBC, Fox News, Le Monde, Der Spiegel, sekä New Scientist ja Discover Magazine. Hänen kirjansa A Wonderful Life – Insights on Finding a Meaningful Experience (HarperCollins 2020) on käännetty 30 eri kielelle.
