{"id":11694,"date":"2025-08-21T11:38:11","date_gmt":"2025-08-21T08:38:11","guid":{"rendered":"https:\/\/musicmedia.fi\/?post_type=speaker&#038;p=11694"},"modified":"2025-09-05T10:09:55","modified_gmt":"2025-09-05T07:09:55","slug":"anne-mari-virolainen","status":"publish","type":"speaker","link":"https:\/\/musicmedia.fi\/fi\/speaker\/anne-mari-virolainen\/","title":{"rendered":"Anne-Mari Virolainen"},"content":{"rendered":"","protected":false},"excerpt":{"rendered":"","protected":false},"featured_media":12010,"menu_order":19,"template":"","meta":{"_acf_changed":false,"inline_featured_image":false},"vuosi":[799],"program-tag":[],"speaker-category":[],"class_list":["post-11694","speaker","type-speaker","status-publish","has-post-thumbnail","hentry","vuosi-799"],"acf":{"email":"info@musicmedia.fi","Phone":"","title_profession":"Toimitusjohtaja","organization":"L\u00e4\u00e4keteollisuus","linkedin_url":"","speaker bio":"L\u00e4\u00e4keteollisuus ry:n toimitusjohtajana on toiminut kev\u00e4\u00e4st\u00e4 2024 alkaen kauppatieteiden maisteri Anne-Mari Virolainen. Virolainen oli Juha Sipil\u00e4n hallituksessa ulkomaankauppa- ja kehitysministerin\u00e4 sek\u00e4 kansanedustaja vuosina 2007\u20132023.\r\n\r\nVirolainen on toiminut my\u00f6s yritt\u00e4j\u00e4n\u00e4 sek\u00e4 erilaisissa johtoteht\u00e4viss\u00e4 useissa yrityksiss\u00e4. Lis\u00e4ksi h\u00e4nell\u00e4 on ollut lukuisia luottamusteht\u00e4vi\u00e4 eri j\u00e4rjest\u00f6iss\u00e4. \r\n\r\nL\u00e4\u00e4keteollisuus ry toimii tutkivan l\u00e4\u00e4keteollisuuden edunvalvojana niin kotimaassa kuin Euroopassa. Yhdistyksen teht\u00e4v\u00e4n\u00e4 on vaikuttaa lains\u00e4\u00e4d\u00e4nt\u00f6\u00f6n ja yhteiskuntaan yhdess\u00e4 alan muiden toimijoiden kanssa.","photo":12010,"photo_credits":"","confirmation":true,"label":"","gest_id":""},"yoast_head":"<!-- This site is optimized with the Yoast SEO plugin v25.7 - https:\/\/yoast.com\/wordpress\/plugins\/seo\/ -->\n<title>Anne-Mari Virolainen - Music x Media<\/title>\n<meta name=\"robots\" content=\"index, follow, max-snippet:-1, max-image-preview:large, max-video-preview:-1\" \/>\n<link rel=\"canonical\" href=\"https:\/\/musicmedia.fi\/fi\/speaker\/anne-mari-virolainen\/\" \/>\n<meta property=\"og:locale\" content=\"fi_FI\" \/>\n<meta property=\"og:type\" content=\"article\" \/>\n<meta property=\"og:title\" content=\"Anne-Mari Virolainen - Music x Media\" \/>\n<meta property=\"og:url\" content=\"https:\/\/musicmedia.fi\/fi\/speaker\/anne-mari-virolainen\/\" \/>\n<meta property=\"og:site_name\" content=\"Music x Media\" \/>\n<meta property=\"article:modified_time\" content=\"2025-09-05T07:09:55+00:00\" \/>\n<meta property=\"og:image\" content=\"https:\/\/musicmedia.fi\/wp-content\/uploads\/2025\/08\/Anne-Mari_1.jpg\" \/>\n\t<meta property=\"og:image:width\" content=\"1500\" \/>\n\t<meta property=\"og:image:height\" content=\"1500\" \/>\n\t<meta property=\"og:image:type\" content=\"image\/jpeg\" \/>\n<meta name=\"twitter:card\" content=\"summary_large_image\" \/>\n<meta name=\"twitter:label1\" content=\"Arvioitu lukuaika\" \/>\n\t<meta name=\"twitter:data1\" content=\"1 minuutti\" \/>\n<script type=\"application\/ld+json\" class=\"yoast-schema-graph\">{\"@context\":\"https:\/\/schema.org\",\"@graph\":[{\"@type\":\"WebPage\",\"@id\":\"https:\/\/musicmedia.fi\/speaker\/anne-mari-virolainen\/\",\"url\":\"https:\/\/musicmedia.fi\/speaker\/anne-mari-virolainen\/\",\"name\":\"Anne-Mari Virolainen - Music x Media\",\"isPartOf\":{\"@id\":\"https:\/\/musicmedia.fi\/#website\"},\"primaryImageOfPage\":{\"@id\":\"https:\/\/musicmedia.fi\/speaker\/anne-mari-virolainen\/#primaryimage\"},\"image\":{\"@id\":\"https:\/\/musicmedia.fi\/speaker\/anne-mari-virolainen\/#primaryimage\"},\"thumbnailUrl\":\"https:\/\/musicmedia.fi\/wp-content\/uploads\/2025\/08\/Anne-Mari_1.jpg\",\"datePublished\":\"2025-08-21T08:38:11+00:00\",\"dateModified\":\"2025-09-05T07:09:55+00:00\",\"breadcrumb\":{\"@id\":\"https:\/\/musicmedia.fi\/speaker\/anne-mari-virolainen\/#breadcrumb\"},\"inLanguage\":\"fi\",\"potentialAction\":[{\"@type\":\"ReadAction\",\"target\":[\"https:\/\/musicmedia.fi\/speaker\/anne-mari-virolainen\/\"]}]},{\"@type\":\"ImageObject\",\"inLanguage\":\"fi\",\"@id\":\"https:\/\/musicmedia.fi\/speaker\/anne-mari-virolainen\/#primaryimage\",\"url\":\"https:\/\/musicmedia.fi\/wp-content\/uploads\/2025\/08\/Anne-Mari_1.jpg\",\"contentUrl\":\"https:\/\/musicmedia.fi\/wp-content\/uploads\/2025\/08\/Anne-Mari_1.jpg\",\"width\":1500,\"height\":1500},{\"@type\":\"BreadcrumbList\",\"@id\":\"https:\/\/musicmedia.fi\/speaker\/anne-mari-virolainen\/#breadcrumb\",\"itemListElement\":[{\"@type\":\"ListItem\",\"position\":1,\"name\":\"Home\",\"item\":\"https:\/\/musicmedia.fi\/\"},{\"@type\":\"ListItem\",\"position\":2,\"name\":\"Anne-Mari Virolainen\"}]},{\"@type\":\"WebSite\",\"@id\":\"https:\/\/musicmedia.fi\/#website\",\"url\":\"https:\/\/musicmedia.fi\/\",\"name\":\"Music x Media\",\"description\":\"Musiikki-, viihde- ja tapahtuma-alojen kohtaamispaikka\",\"publisher\":{\"@id\":\"https:\/\/musicmedia.fi\/#organization\"},\"potentialAction\":[{\"@type\":\"SearchAction\",\"target\":{\"@type\":\"EntryPoint\",\"urlTemplate\":\"https:\/\/musicmedia.fi\/?s={search_term_string}\"},\"query-input\":{\"@type\":\"PropertyValueSpecification\",\"valueRequired\":true,\"valueName\":\"search_term_string\"}}],\"inLanguage\":\"fi\"},{\"@type\":\"Organization\",\"@id\":\"https:\/\/musicmedia.fi\/#organization\",\"name\":\"Music x Media\",\"url\":\"https:\/\/musicmedia.fi\/\",\"logo\":{\"@type\":\"ImageObject\",\"inLanguage\":\"fi\",\"@id\":\"https:\/\/musicmedia.fi\/#\/schema\/logo\/image\/\",\"url\":\"https:\/\/musicmedia.fi\/wp-content\/uploads\/2022\/05\/logo.png\",\"contentUrl\":\"https:\/\/musicmedia.fi\/wp-content\/uploads\/2022\/05\/logo.png\",\"width\":276,\"height\":147,\"caption\":\"Music x Media\"},\"image\":{\"@id\":\"https:\/\/musicmedia.fi\/#\/schema\/logo\/image\/\"}}]}<\/script>\n<!-- \/ Yoast SEO plugin. -->","yoast_head_json":{"title":"Anne-Mari Virolainen - Music x Media","robots":{"index":"index","follow":"follow","max-snippet":"max-snippet:-1","max-image-preview":"max-image-preview:large","max-video-preview":"max-video-preview:-1"},"canonical":"https:\/\/musicmedia.fi\/fi\/speaker\/anne-mari-virolainen\/","og_locale":"fi_FI","og_type":"article","og_title":"Anne-Mari Virolainen - Music x Media","og_url":"https:\/\/musicmedia.fi\/fi\/speaker\/anne-mari-virolainen\/","og_site_name":"Music x Media","article_modified_time":"2025-09-05T07:09:55+00:00","og_image":[{"width":1500,"height":1500,"url":"https:\/\/musicmedia.fi\/wp-content\/uploads\/2025\/08\/Anne-Mari_1.jpg","type":"image\/jpeg"}],"twitter_card":"summary_large_image","twitter_misc":{"Arvioitu lukuaika":"1 minuutti"},"schema":{"@context":"https:\/\/schema.org","@graph":[{"@type":"WebPage","@id":"https:\/\/musicmedia.fi\/speaker\/anne-mari-virolainen\/","url":"https:\/\/musicmedia.fi\/speaker\/anne-mari-virolainen\/","name":"Anne-Mari Virolainen - Music x Media","isPartOf":{"@id":"https:\/\/musicmedia.fi\/#website"},"primaryImageOfPage":{"@id":"https:\/\/musicmedia.fi\/speaker\/anne-mari-virolainen\/#primaryimage"},"image":{"@id":"https:\/\/musicmedia.fi\/speaker\/anne-mari-virolainen\/#primaryimage"},"thumbnailUrl":"https:\/\/musicmedia.fi\/wp-content\/uploads\/2025\/08\/Anne-Mari_1.jpg","datePublished":"2025-08-21T08:38:11+00:00","dateModified":"2025-09-05T07:09:55+00:00","breadcrumb":{"@id":"https:\/\/musicmedia.fi\/speaker\/anne-mari-virolainen\/#breadcrumb"},"inLanguage":"fi","potentialAction":[{"@type":"ReadAction","target":["https:\/\/musicmedia.fi\/speaker\/anne-mari-virolainen\/"]}]},{"@type":"ImageObject","inLanguage":"fi","@id":"https:\/\/musicmedia.fi\/speaker\/anne-mari-virolainen\/#primaryimage","url":"https:\/\/musicmedia.fi\/wp-content\/uploads\/2025\/08\/Anne-Mari_1.jpg","contentUrl":"https:\/\/musicmedia.fi\/wp-content\/uploads\/2025\/08\/Anne-Mari_1.jpg","width":1500,"height":1500},{"@type":"BreadcrumbList","@id":"https:\/\/musicmedia.fi\/speaker\/anne-mari-virolainen\/#breadcrumb","itemListElement":[{"@type":"ListItem","position":1,"name":"Home","item":"https:\/\/musicmedia.fi\/"},{"@type":"ListItem","position":2,"name":"Anne-Mari Virolainen"}]},{"@type":"WebSite","@id":"https:\/\/musicmedia.fi\/#website","url":"https:\/\/musicmedia.fi\/","name":"Music x Media","description":"Musiikki-, viihde- ja tapahtuma-alojen kohtaamispaikka","publisher":{"@id":"https:\/\/musicmedia.fi\/#organization"},"potentialAction":[{"@type":"SearchAction","target":{"@type":"EntryPoint","urlTemplate":"https:\/\/musicmedia.fi\/?s={search_term_string}"},"query-input":{"@type":"PropertyValueSpecification","valueRequired":true,"valueName":"search_term_string"}}],"inLanguage":"fi"},{"@type":"Organization","@id":"https:\/\/musicmedia.fi\/#organization","name":"Music x Media","url":"https:\/\/musicmedia.fi\/","logo":{"@type":"ImageObject","inLanguage":"fi","@id":"https:\/\/musicmedia.fi\/#\/schema\/logo\/image\/","url":"https:\/\/musicmedia.fi\/wp-content\/uploads\/2022\/05\/logo.png","contentUrl":"https:\/\/musicmedia.fi\/wp-content\/uploads\/2022\/05\/logo.png","width":276,"height":147,"caption":"Music x Media"},"image":{"@id":"https:\/\/musicmedia.fi\/#\/schema\/logo\/image\/"}}]}},"_links":{"self":[{"href":"https:\/\/musicmedia.fi\/fi\/wp-json\/wp\/v2\/speakers\/11694","targetHints":{"allow":["GET"]}}],"collection":[{"href":"https:\/\/musicmedia.fi\/fi\/wp-json\/wp\/v2\/speakers"}],"about":[{"href":"https:\/\/musicmedia.fi\/fi\/wp-json\/wp\/v2\/types\/speaker"}],"wp:featuredmedia":[{"embeddable":true,"href":"https:\/\/musicmedia.fi\/fi\/wp-json\/wp\/v2\/media\/12010"}],"wp:attachment":[{"href":"https:\/\/musicmedia.fi\/fi\/wp-json\/wp\/v2\/media?parent=11694"}],"wp:term":[{"taxonomy":"vuosi","embeddable":true,"href":"https:\/\/musicmedia.fi\/fi\/wp-json\/wp\/v2\/vuosi?post=11694"},{"taxonomy":"program_tag","embeddable":true,"href":"https:\/\/musicmedia.fi\/fi\/wp-json\/wp\/v2\/program-tag?post=11694"},{"taxonomy":"speaker-category","embeddable":true,"href":"https:\/\/musicmedia.fi\/fi\/wp-json\/wp\/v2\/speaker-category?post=11694"}],"curies":[{"name":"wp","href":"https:\/\/api.w.org\/{rel}","templated":true}]}}

Lääketeollisuus

Lääketeollisuus ry:n toimitusjohtajana on toiminut keväästä 2024 alkaen kauppatieteiden maisteri Anne-Mari Virolainen. Virolainen oli Juha Sipilän hallituksessa ulkomaankauppa- ja kehitysministerinä sekä kansanedustaja vuosina 2007–2023.

Virolainen on toiminut myös yrittäjänä sekä erilaisissa johtotehtävissä useissa yrityksissä. Lisäksi hänellä on ollut lukuisia luottamustehtäviä eri järjestöissä. 

Lääketeollisuus ry toimii tutkivan lääketeollisuuden edunvalvojana niin kotimaassa kuin Euroopassa. Yhdistyksen tehtävänä on vaikuttaa lainsäädäntöön ja yhteiskuntaan yhdessä alan muiden toimijoiden kanssa.
