{"id":11634,"date":"2025-08-18T09:46:50","date_gmt":"2025-08-18T06:46:50","guid":{"rendered":"https:\/\/musicmedia.fi\/fi\/?post_type=speaker&#038;p=11634"},"modified":"2025-09-14T16:09:01","modified_gmt":"2025-09-14T13:09:01","slug":"jaakko-lempinen","status":"publish","type":"speaker","link":"https:\/\/musicmedia.fi\/fi\/speaker\/jaakko-lempinen\/","title":{"rendered":"Jaakko Lempinen"},"content":{"rendered":"","protected":false},"excerpt":{"rendered":"","protected":false},"featured_media":11635,"menu_order":81,"template":"","meta":{"_acf_changed":false,"inline_featured_image":false},"vuosi":[799],"program-tag":[],"speaker-category":[],"class_list":["post-11634","speaker","type-speaker","status-publish","has-post-thumbnail","hentry","vuosi-799"],"acf":{"email":"jaakko.lempinen@yle.fi","Phone":"+358 44 54 54 277","title_profession":"Chief Customer, Portfolio Officer","organization":"Yle","linkedin_url":"https:\/\/www.linkedin.com\/in\/jaakkolempinen\/","speaker bio":"Jaakko Lempinen is Head of the Customer and Portfolio Department at Yle, the Finnish Broadcasting Company. His team is responsible for supporting the development of Yle\u2019s digital services and guiding decision-making that strengthens customer relationships as well as Yle\u2019s societal impact. Jaakko is an experienced data, analytics &amp; AI professional with a great history of working in the digital, broadcast and print-media industry. In his work, he specializes in harnessing the potential of AI and data-driven insights to create smarter services and stronger connections with audiences.\r\n\r\n***\r\n\r\nJaakko Lempinen on Yleisradion asiakaskokemusp\u00e4\u00e4llikk\u00f6. H\u00e4nen tiimins\u00e4 teht\u00e4v\u00e4n\u00e4 on tukea Ylen digitaalisten palvelujen kehitt\u00e4mist\u00e4 ja ohjata p\u00e4\u00e4t\u00f6ksentekoa, joka vahvistaa asiakassuhteita ja Ylen yhteiskunnallista vaikuttavuutta. Jaakko on kokenut data-, analytiikka- ja teko\u00e4lyammattilainen, jolla on laaja kokemus digitaalisen, televisio- ja printtimediateollisuudesta. Ty\u00f6ss\u00e4\u00e4n h\u00e4n on erikoistunut teko\u00e4lyn ja datapohjaisten oivallusten potentiaalin hy\u00f6dynt\u00e4miseen \u00e4lykk\u00e4\u00e4mpien palvelujen ja vahvempien yhteyksien luomiseksi yleis\u00f6\u00f6n.","photo":11635,"photo_credits":"","confirmation":true,"label":"","gest_id":""},"yoast_head":"<!-- This site is optimized with the Yoast SEO plugin v25.7 - https:\/\/yoast.com\/wordpress\/plugins\/seo\/ -->\n<title>Jaakko Lempinen - Music x Media<\/title>\n<meta name=\"robots\" content=\"index, follow, max-snippet:-1, max-image-preview:large, max-video-preview:-1\" \/>\n<link rel=\"canonical\" href=\"https:\/\/musicmedia.fi\/fi\/speaker\/jaakko-lempinen\/\" \/>\n<meta property=\"og:locale\" content=\"fi_FI\" \/>\n<meta property=\"og:type\" content=\"article\" \/>\n<meta property=\"og:title\" content=\"Jaakko Lempinen - Music x Media\" \/>\n<meta property=\"og:url\" content=\"https:\/\/musicmedia.fi\/fi\/speaker\/jaakko-lempinen\/\" \/>\n<meta property=\"og:site_name\" content=\"Music x Media\" \/>\n<meta property=\"article:modified_time\" content=\"2025-09-14T13:09:01+00:00\" \/>\n<meta property=\"og:image\" content=\"https:\/\/musicmedia.fi\/wp-content\/uploads\/2025\/08\/Jaakko-Lempinen-scaled-e1755499605967.jpg\" \/>\n\t<meta property=\"og:image:width\" content=\"2560\" \/>\n\t<meta property=\"og:image:height\" content=\"2522\" \/>\n\t<meta property=\"og:image:type\" content=\"image\/jpeg\" \/>\n<meta name=\"twitter:card\" content=\"summary_large_image\" \/>\n<meta name=\"twitter:label1\" content=\"Arvioitu lukuaika\" \/>\n\t<meta name=\"twitter:data1\" content=\"1 minuutti\" \/>\n<script type=\"application\/ld+json\" class=\"yoast-schema-graph\">{\"@context\":\"https:\/\/schema.org\",\"@graph\":[{\"@type\":\"WebPage\",\"@id\":\"https:\/\/musicmedia.fi\/speaker\/jaakko-lempinen\/\",\"url\":\"https:\/\/musicmedia.fi\/speaker\/jaakko-lempinen\/\",\"name\":\"Jaakko Lempinen - Music x Media\",\"isPartOf\":{\"@id\":\"https:\/\/musicmedia.fi\/#website\"},\"primaryImageOfPage\":{\"@id\":\"https:\/\/musicmedia.fi\/speaker\/jaakko-lempinen\/#primaryimage\"},\"image\":{\"@id\":\"https:\/\/musicmedia.fi\/speaker\/jaakko-lempinen\/#primaryimage\"},\"thumbnailUrl\":\"https:\/\/musicmedia.fi\/wp-content\/uploads\/2025\/08\/Jaakko-Lempinen-scaled-e1755499605967.jpg\",\"datePublished\":\"2025-08-18T06:46:50+00:00\",\"dateModified\":\"2025-09-14T13:09:01+00:00\",\"breadcrumb\":{\"@id\":\"https:\/\/musicmedia.fi\/speaker\/jaakko-lempinen\/#breadcrumb\"},\"inLanguage\":\"fi\",\"potentialAction\":[{\"@type\":\"ReadAction\",\"target\":[\"https:\/\/musicmedia.fi\/speaker\/jaakko-lempinen\/\"]}]},{\"@type\":\"ImageObject\",\"inLanguage\":\"fi\",\"@id\":\"https:\/\/musicmedia.fi\/speaker\/jaakko-lempinen\/#primaryimage\",\"url\":\"https:\/\/musicmedia.fi\/wp-content\/uploads\/2025\/08\/Jaakko-Lempinen-scaled-e1755499605967.jpg\",\"contentUrl\":\"https:\/\/musicmedia.fi\/wp-content\/uploads\/2025\/08\/Jaakko-Lempinen-scaled-e1755499605967.jpg\",\"width\":2560,\"height\":2522},{\"@type\":\"BreadcrumbList\",\"@id\":\"https:\/\/musicmedia.fi\/speaker\/jaakko-lempinen\/#breadcrumb\",\"itemListElement\":[{\"@type\":\"ListItem\",\"position\":1,\"name\":\"Home\",\"item\":\"https:\/\/musicmedia.fi\/\"},{\"@type\":\"ListItem\",\"position\":2,\"name\":\"Jaakko Lempinen\"}]},{\"@type\":\"WebSite\",\"@id\":\"https:\/\/musicmedia.fi\/#website\",\"url\":\"https:\/\/musicmedia.fi\/\",\"name\":\"Music x Media\",\"description\":\"Musiikki-, viihde- ja tapahtuma-alojen kohtaamispaikka\",\"publisher\":{\"@id\":\"https:\/\/musicmedia.fi\/#organization\"},\"potentialAction\":[{\"@type\":\"SearchAction\",\"target\":{\"@type\":\"EntryPoint\",\"urlTemplate\":\"https:\/\/musicmedia.fi\/?s={search_term_string}\"},\"query-input\":{\"@type\":\"PropertyValueSpecification\",\"valueRequired\":true,\"valueName\":\"search_term_string\"}}],\"inLanguage\":\"fi\"},{\"@type\":\"Organization\",\"@id\":\"https:\/\/musicmedia.fi\/#organization\",\"name\":\"Music x Media\",\"url\":\"https:\/\/musicmedia.fi\/\",\"logo\":{\"@type\":\"ImageObject\",\"inLanguage\":\"fi\",\"@id\":\"https:\/\/musicmedia.fi\/#\/schema\/logo\/image\/\",\"url\":\"https:\/\/musicmedia.fi\/wp-content\/uploads\/2022\/05\/logo.png\",\"contentUrl\":\"https:\/\/musicmedia.fi\/wp-content\/uploads\/2022\/05\/logo.png\",\"width\":276,\"height\":147,\"caption\":\"Music x Media\"},\"image\":{\"@id\":\"https:\/\/musicmedia.fi\/#\/schema\/logo\/image\/\"}}]}<\/script>\n<!-- \/ Yoast SEO plugin. -->","yoast_head_json":{"title":"Jaakko Lempinen - Music x Media","robots":{"index":"index","follow":"follow","max-snippet":"max-snippet:-1","max-image-preview":"max-image-preview:large","max-video-preview":"max-video-preview:-1"},"canonical":"https:\/\/musicmedia.fi\/fi\/speaker\/jaakko-lempinen\/","og_locale":"fi_FI","og_type":"article","og_title":"Jaakko Lempinen - Music x Media","og_url":"https:\/\/musicmedia.fi\/fi\/speaker\/jaakko-lempinen\/","og_site_name":"Music x Media","article_modified_time":"2025-09-14T13:09:01+00:00","og_image":[{"width":2560,"height":2522,"url":"https:\/\/musicmedia.fi\/wp-content\/uploads\/2025\/08\/Jaakko-Lempinen-scaled-e1755499605967.jpg","type":"image\/jpeg"}],"twitter_card":"summary_large_image","twitter_misc":{"Arvioitu lukuaika":"1 minuutti"},"schema":{"@context":"https:\/\/schema.org","@graph":[{"@type":"WebPage","@id":"https:\/\/musicmedia.fi\/speaker\/jaakko-lempinen\/","url":"https:\/\/musicmedia.fi\/speaker\/jaakko-lempinen\/","name":"Jaakko Lempinen - Music x Media","isPartOf":{"@id":"https:\/\/musicmedia.fi\/#website"},"primaryImageOfPage":{"@id":"https:\/\/musicmedia.fi\/speaker\/jaakko-lempinen\/#primaryimage"},"image":{"@id":"https:\/\/musicmedia.fi\/speaker\/jaakko-lempinen\/#primaryimage"},"thumbnailUrl":"https:\/\/musicmedia.fi\/wp-content\/uploads\/2025\/08\/Jaakko-Lempinen-scaled-e1755499605967.jpg","datePublished":"2025-08-18T06:46:50+00:00","dateModified":"2025-09-14T13:09:01+00:00","breadcrumb":{"@id":"https:\/\/musicmedia.fi\/speaker\/jaakko-lempinen\/#breadcrumb"},"inLanguage":"fi","potentialAction":[{"@type":"ReadAction","target":["https:\/\/musicmedia.fi\/speaker\/jaakko-lempinen\/"]}]},{"@type":"ImageObject","inLanguage":"fi","@id":"https:\/\/musicmedia.fi\/speaker\/jaakko-lempinen\/#primaryimage","url":"https:\/\/musicmedia.fi\/wp-content\/uploads\/2025\/08\/Jaakko-Lempinen-scaled-e1755499605967.jpg","contentUrl":"https:\/\/musicmedia.fi\/wp-content\/uploads\/2025\/08\/Jaakko-Lempinen-scaled-e1755499605967.jpg","width":2560,"height":2522},{"@type":"BreadcrumbList","@id":"https:\/\/musicmedia.fi\/speaker\/jaakko-lempinen\/#breadcrumb","itemListElement":[{"@type":"ListItem","position":1,"name":"Home","item":"https:\/\/musicmedia.fi\/"},{"@type":"ListItem","position":2,"name":"Jaakko Lempinen"}]},{"@type":"WebSite","@id":"https:\/\/musicmedia.fi\/#website","url":"https:\/\/musicmedia.fi\/","name":"Music x Media","description":"Musiikki-, viihde- ja tapahtuma-alojen kohtaamispaikka","publisher":{"@id":"https:\/\/musicmedia.fi\/#organization"},"potentialAction":[{"@type":"SearchAction","target":{"@type":"EntryPoint","urlTemplate":"https:\/\/musicmedia.fi\/?s={search_term_string}"},"query-input":{"@type":"PropertyValueSpecification","valueRequired":true,"valueName":"search_term_string"}}],"inLanguage":"fi"},{"@type":"Organization","@id":"https:\/\/musicmedia.fi\/#organization","name":"Music x Media","url":"https:\/\/musicmedia.fi\/","logo":{"@type":"ImageObject","inLanguage":"fi","@id":"https:\/\/musicmedia.fi\/#\/schema\/logo\/image\/","url":"https:\/\/musicmedia.fi\/wp-content\/uploads\/2022\/05\/logo.png","contentUrl":"https:\/\/musicmedia.fi\/wp-content\/uploads\/2022\/05\/logo.png","width":276,"height":147,"caption":"Music x Media"},"image":{"@id":"https:\/\/musicmedia.fi\/#\/schema\/logo\/image\/"}}]}},"_links":{"self":[{"href":"https:\/\/musicmedia.fi\/fi\/wp-json\/wp\/v2\/speakers\/11634","targetHints":{"allow":["GET"]}}],"collection":[{"href":"https:\/\/musicmedia.fi\/fi\/wp-json\/wp\/v2\/speakers"}],"about":[{"href":"https:\/\/musicmedia.fi\/fi\/wp-json\/wp\/v2\/types\/speaker"}],"wp:featuredmedia":[{"embeddable":true,"href":"https:\/\/musicmedia.fi\/fi\/wp-json\/wp\/v2\/media\/11635"}],"wp:attachment":[{"href":"https:\/\/musicmedia.fi\/fi\/wp-json\/wp\/v2\/media?parent=11634"}],"wp:term":[{"taxonomy":"vuosi","embeddable":true,"href":"https:\/\/musicmedia.fi\/fi\/wp-json\/wp\/v2\/vuosi?post=11634"},{"taxonomy":"program_tag","embeddable":true,"href":"https:\/\/musicmedia.fi\/fi\/wp-json\/wp\/v2\/program-tag?post=11634"},{"taxonomy":"speaker-category","embeddable":true,"href":"https:\/\/musicmedia.fi\/fi\/wp-json\/wp\/v2\/speaker-category?post=11634"}],"curies":[{"name":"wp","href":"https:\/\/api.w.org\/{rel}","templated":true}]}}

Jaakko Lempinen is Head of the Customer and Portfolio Department at Yle, the Finnish Broadcasting Company. His team is responsible for supporting the development of Yle’s digital services and guiding decision-making that strengthens customer relationships as well as Yle’s societal impact. Jaakko is an experienced data, analytics &amp; AI professional with a great history of working in the digital, broadcast and print-media industry. In his work, he specializes in harnessing the potential of AI and data-driven insights to create smarter services and stronger connections with audiences.

***

Jaakko Lempinen on Yleisradion asiakaskokemuspäällikkö. Hänen tiiminsä tehtävänä on tukea Ylen digitaalisten palvelujen kehittämistä ja ohjata päätöksentekoa, joka vahvistaa asiakassuhteita ja Ylen yhteiskunnallista vaikuttavuutta. Jaakko on kokenut data-, analytiikka- ja tekoälyammattilainen, jolla on laaja kokemus digitaalisen, televisio- ja printtimediateollisuudesta. Työssään hän on erikoistunut tekoälyn ja datapohjaisten oivallusten potentiaalin hyödyntämiseen älykkäämpien palvelujen ja vahvempien yhteyksien luomiseksi yleisöön.
