{"id":10143,"date":"2024-10-02T16:32:50","date_gmt":"2024-10-02T13:32:50","guid":{"rendered":"https:\/\/musicmedia.fi\/fi\/?post_type=speaker&#038;p=10143"},"modified":"2025-09-19T10:27:02","modified_gmt":"2025-09-19T07:27:02","slug":"mikko-manninen-2","status":"publish","type":"speaker","link":"https:\/\/musicmedia.fi\/fi\/speaker\/mikko-manninen-2\/","title":{"rendered":"Mikko Manninen"},"content":{"rendered":"","protected":false},"excerpt":{"rendered":"","protected":false},"featured_media":10144,"menu_order":109,"template":"","meta":{"_acf_changed":false,"inline_featured_image":false},"vuosi":[786,799],"program-tag":[],"speaker-category":[],"class_list":["post-10143","speaker","type-speaker","status-publish","has-post-thumbnail","hentry","vuosi-786","vuosi-799"],"acf":{"email":"mikko.manninen@musicfinland.fi","Phone":"","title_profession":"Executive Director","organization":"Music Finland","linkedin_url":"","speaker bio":"Mikko Manninen works as executive director of Music Finland. Music Finland helps its customers (Finnish songwriters, publishers, record labels, musicians, composers) to create connections, promote their music and grow their audience and business in the international market. Music Finland's services include trade missions, consulting, networking, funding, capacity building and several customized solutions to boost international success. Mikko Manninen has strong experience in the music industry from the record label side. Before Music Finland, he worked in various roles at major label WMG in Finland and the Baltics.\r\n\r\n***\r\n\r\nMikko Manninen toimii Music Finlandin toiminnanjohtajana. Music Finland auttaa asiakkaitaan, suomalaisia lauluntekij\u00f6it\u00e4, kustantajia, levy-yhti\u00f6it\u00e4, muusikoita, s\u00e4velt\u00e4ji\u00e4, luomaan yhteyksi\u00e4, markkinoimaan musiikkiaan ja kasvattamaan yleis\u00f6\u00e4\u00e4n ja liiketoimintaansa kansainv\u00e4lisill\u00e4 markkinoilla. Music Finlandin palveluihin kuuluvat kauppavaltuuskunnat, konsultointi, verkostoituminen, rahoitus, kapasiteetin rakentaminen ja useita r\u00e4\u00e4t\u00e4l\u00f6ityj\u00e4 ratkaisuja kansainv\u00e4lisen menestyksen edist\u00e4miseksi. Mikko Mannisella on vahva kokemus musiikkialalta levy-yhti\u00f6n puolelta. Ennen Music Finlandia h\u00e4n ty\u00f6skenteli useissa teht\u00e4viss\u00e4 suuressa levy-yhti\u00f6ss\u00e4 WMG:ss\u00e4 Suomessa ja Baltian maissa.","photo":10144,"photo_credits":"","confirmation":true,"label":"","gest_id":""},"yoast_head":"<!-- This site is optimized with the Yoast SEO plugin v25.7 - https:\/\/yoast.com\/wordpress\/plugins\/seo\/ -->\n<title>Mikko Manninen - Music x Media<\/title>\n<meta name=\"robots\" content=\"index, follow, max-snippet:-1, max-image-preview:large, max-video-preview:-1\" \/>\n<link rel=\"canonical\" href=\"https:\/\/musicmedia.fi\/fi\/speaker\/mikko-manninen-2\/\" \/>\n<meta property=\"og:locale\" content=\"fi_FI\" \/>\n<meta property=\"og:type\" content=\"article\" \/>\n<meta property=\"og:title\" content=\"Mikko Manninen - Music x Media\" \/>\n<meta property=\"og:url\" content=\"https:\/\/musicmedia.fi\/fi\/speaker\/mikko-manninen-2\/\" \/>\n<meta property=\"og:site_name\" content=\"Music x Media\" \/>\n<meta property=\"article:modified_time\" content=\"2025-09-19T07:27:02+00:00\" \/>\n<meta property=\"og:image\" content=\"https:\/\/musicmedia.fi\/wp-content\/uploads\/2024\/10\/Mikko_Manninen_03-e1758266815309.jpg\" \/>\n\t<meta property=\"og:image:width\" content=\"689\" \/>\n\t<meta property=\"og:image:height\" content=\"691\" \/>\n\t<meta property=\"og:image:type\" content=\"image\/jpeg\" \/>\n<meta name=\"twitter:card\" content=\"summary_large_image\" \/>\n<script type=\"application\/ld+json\" class=\"yoast-schema-graph\">{\"@context\":\"https:\/\/schema.org\",\"@graph\":[{\"@type\":\"WebPage\",\"@id\":\"https:\/\/musicmedia.fi\/speaker\/mikko-manninen-2\/\",\"url\":\"https:\/\/musicmedia.fi\/speaker\/mikko-manninen-2\/\",\"name\":\"Mikko Manninen - Music x Media\",\"isPartOf\":{\"@id\":\"https:\/\/musicmedia.fi\/#website\"},\"primaryImageOfPage\":{\"@id\":\"https:\/\/musicmedia.fi\/speaker\/mikko-manninen-2\/#primaryimage\"},\"image\":{\"@id\":\"https:\/\/musicmedia.fi\/speaker\/mikko-manninen-2\/#primaryimage\"},\"thumbnailUrl\":\"https:\/\/musicmedia.fi\/wp-content\/uploads\/2024\/10\/Mikko_Manninen_03-e1758266815309.jpg\",\"datePublished\":\"2024-10-02T13:32:50+00:00\",\"dateModified\":\"2025-09-19T07:27:02+00:00\",\"breadcrumb\":{\"@id\":\"https:\/\/musicmedia.fi\/speaker\/mikko-manninen-2\/#breadcrumb\"},\"inLanguage\":\"fi\",\"potentialAction\":[{\"@type\":\"ReadAction\",\"target\":[\"https:\/\/musicmedia.fi\/speaker\/mikko-manninen-2\/\"]}]},{\"@type\":\"ImageObject\",\"inLanguage\":\"fi\",\"@id\":\"https:\/\/musicmedia.fi\/speaker\/mikko-manninen-2\/#primaryimage\",\"url\":\"https:\/\/musicmedia.fi\/wp-content\/uploads\/2024\/10\/Mikko_Manninen_03-e1758266815309.jpg\",\"contentUrl\":\"https:\/\/musicmedia.fi\/wp-content\/uploads\/2024\/10\/Mikko_Manninen_03-e1758266815309.jpg\",\"width\":689,\"height\":691},{\"@type\":\"BreadcrumbList\",\"@id\":\"https:\/\/musicmedia.fi\/speaker\/mikko-manninen-2\/#breadcrumb\",\"itemListElement\":[{\"@type\":\"ListItem\",\"position\":1,\"name\":\"Home\",\"item\":\"https:\/\/musicmedia.fi\/\"},{\"@type\":\"ListItem\",\"position\":2,\"name\":\"Mikko Manninen\"}]},{\"@type\":\"WebSite\",\"@id\":\"https:\/\/musicmedia.fi\/#website\",\"url\":\"https:\/\/musicmedia.fi\/\",\"name\":\"Music x Media\",\"description\":\"Musiikki-, viihde- ja tapahtuma-alojen kohtaamispaikka\",\"publisher\":{\"@id\":\"https:\/\/musicmedia.fi\/#organization\"},\"potentialAction\":[{\"@type\":\"SearchAction\",\"target\":{\"@type\":\"EntryPoint\",\"urlTemplate\":\"https:\/\/musicmedia.fi\/?s={search_term_string}\"},\"query-input\":{\"@type\":\"PropertyValueSpecification\",\"valueRequired\":true,\"valueName\":\"search_term_string\"}}],\"inLanguage\":\"fi\"},{\"@type\":\"Organization\",\"@id\":\"https:\/\/musicmedia.fi\/#organization\",\"name\":\"Music x Media\",\"url\":\"https:\/\/musicmedia.fi\/\",\"logo\":{\"@type\":\"ImageObject\",\"inLanguage\":\"fi\",\"@id\":\"https:\/\/musicmedia.fi\/#\/schema\/logo\/image\/\",\"url\":\"https:\/\/musicmedia.fi\/wp-content\/uploads\/2022\/05\/logo.png\",\"contentUrl\":\"https:\/\/musicmedia.fi\/wp-content\/uploads\/2022\/05\/logo.png\",\"width\":276,\"height\":147,\"caption\":\"Music x Media\"},\"image\":{\"@id\":\"https:\/\/musicmedia.fi\/#\/schema\/logo\/image\/\"}}]}<\/script>\n<!-- \/ Yoast SEO plugin. -->","yoast_head_json":{"title":"Mikko Manninen - Music x Media","robots":{"index":"index","follow":"follow","max-snippet":"max-snippet:-1","max-image-preview":"max-image-preview:large","max-video-preview":"max-video-preview:-1"},"canonical":"https:\/\/musicmedia.fi\/fi\/speaker\/mikko-manninen-2\/","og_locale":"fi_FI","og_type":"article","og_title":"Mikko Manninen - Music x Media","og_url":"https:\/\/musicmedia.fi\/fi\/speaker\/mikko-manninen-2\/","og_site_name":"Music x Media","article_modified_time":"2025-09-19T07:27:02+00:00","og_image":[{"width":689,"height":691,"url":"https:\/\/musicmedia.fi\/wp-content\/uploads\/2024\/10\/Mikko_Manninen_03-e1758266815309.jpg","type":"image\/jpeg"}],"twitter_card":"summary_large_image","schema":{"@context":"https:\/\/schema.org","@graph":[{"@type":"WebPage","@id":"https:\/\/musicmedia.fi\/speaker\/mikko-manninen-2\/","url":"https:\/\/musicmedia.fi\/speaker\/mikko-manninen-2\/","name":"Mikko Manninen - Music x Media","isPartOf":{"@id":"https:\/\/musicmedia.fi\/#website"},"primaryImageOfPage":{"@id":"https:\/\/musicmedia.fi\/speaker\/mikko-manninen-2\/#primaryimage"},"image":{"@id":"https:\/\/musicmedia.fi\/speaker\/mikko-manninen-2\/#primaryimage"},"thumbnailUrl":"https:\/\/musicmedia.fi\/wp-content\/uploads\/2024\/10\/Mikko_Manninen_03-e1758266815309.jpg","datePublished":"2024-10-02T13:32:50+00:00","dateModified":"2025-09-19T07:27:02+00:00","breadcrumb":{"@id":"https:\/\/musicmedia.fi\/speaker\/mikko-manninen-2\/#breadcrumb"},"inLanguage":"fi","potentialAction":[{"@type":"ReadAction","target":["https:\/\/musicmedia.fi\/speaker\/mikko-manninen-2\/"]}]},{"@type":"ImageObject","inLanguage":"fi","@id":"https:\/\/musicmedia.fi\/speaker\/mikko-manninen-2\/#primaryimage","url":"https:\/\/musicmedia.fi\/wp-content\/uploads\/2024\/10\/Mikko_Manninen_03-e1758266815309.jpg","contentUrl":"https:\/\/musicmedia.fi\/wp-content\/uploads\/2024\/10\/Mikko_Manninen_03-e1758266815309.jpg","width":689,"height":691},{"@type":"BreadcrumbList","@id":"https:\/\/musicmedia.fi\/speaker\/mikko-manninen-2\/#breadcrumb","itemListElement":[{"@type":"ListItem","position":1,"name":"Home","item":"https:\/\/musicmedia.fi\/"},{"@type":"ListItem","position":2,"name":"Mikko Manninen"}]},{"@type":"WebSite","@id":"https:\/\/musicmedia.fi\/#website","url":"https:\/\/musicmedia.fi\/","name":"Music x Media","description":"Musiikki-, viihde- ja tapahtuma-alojen kohtaamispaikka","publisher":{"@id":"https:\/\/musicmedia.fi\/#organization"},"potentialAction":[{"@type":"SearchAction","target":{"@type":"EntryPoint","urlTemplate":"https:\/\/musicmedia.fi\/?s={search_term_string}"},"query-input":{"@type":"PropertyValueSpecification","valueRequired":true,"valueName":"search_term_string"}}],"inLanguage":"fi"},{"@type":"Organization","@id":"https:\/\/musicmedia.fi\/#organization","name":"Music x Media","url":"https:\/\/musicmedia.fi\/","logo":{"@type":"ImageObject","inLanguage":"fi","@id":"https:\/\/musicmedia.fi\/#\/schema\/logo\/image\/","url":"https:\/\/musicmedia.fi\/wp-content\/uploads\/2022\/05\/logo.png","contentUrl":"https:\/\/musicmedia.fi\/wp-content\/uploads\/2022\/05\/logo.png","width":276,"height":147,"caption":"Music x Media"},"image":{"@id":"https:\/\/musicmedia.fi\/#\/schema\/logo\/image\/"}}]}},"_links":{"self":[{"href":"https:\/\/musicmedia.fi\/fi\/wp-json\/wp\/v2\/speakers\/10143","targetHints":{"allow":["GET"]}}],"collection":[{"href":"https:\/\/musicmedia.fi\/fi\/wp-json\/wp\/v2\/speakers"}],"about":[{"href":"https:\/\/musicmedia.fi\/fi\/wp-json\/wp\/v2\/types\/speaker"}],"wp:featuredmedia":[{"embeddable":true,"href":"https:\/\/musicmedia.fi\/fi\/wp-json\/wp\/v2\/media\/10144"}],"wp:attachment":[{"href":"https:\/\/musicmedia.fi\/fi\/wp-json\/wp\/v2\/media?parent=10143"}],"wp:term":[{"taxonomy":"vuosi","embeddable":true,"href":"https:\/\/musicmedia.fi\/fi\/wp-json\/wp\/v2\/vuosi?post=10143"},{"taxonomy":"program_tag","embeddable":true,"href":"https:\/\/musicmedia.fi\/fi\/wp-json\/wp\/v2\/program-tag?post=10143"},{"taxonomy":"speaker-category","embeddable":true,"href":"https:\/\/musicmedia.fi\/fi\/wp-json\/wp\/v2\/speaker-category?post=10143"}],"curies":[{"name":"wp","href":"https:\/\/api.w.org\/{rel}","templated":true}]}}

Mikko Manninen works as executive director of Music Finland. Music Finland helps its customers (Finnish songwriters, publishers, record labels, musicians, composers) to create connections, promote their music and grow their audience and business in the international market. Music Finland's services include trade missions, consulting, networking, funding, capacity building and several customized solutions to boost international success. Mikko Manninen has strong experience in the music industry from the record label side. Before Music Finland, he worked in various roles at major label WMG in Finland and the Baltics.

***

Mikko Manninen toimii Music Finlandin toiminnanjohtajana. Music Finland auttaa asiakkaitaan, suomalaisia lauluntekijöitä, kustantajia, levy-yhtiöitä, muusikoita, säveltäjiä, luomaan yhteyksiä, markkinoimaan musiikkiaan ja kasvattamaan yleisöään ja liiketoimintaansa kansainvälisillä markkinoilla. Music Finlandin palveluihin kuuluvat kauppavaltuuskunnat, konsultointi, verkostoituminen, rahoitus, kapasiteetin rakentaminen ja useita räätälöityjä ratkaisuja kansainvälisen menestyksen edistämiseksi. Mikko Mannisella on vahva kokemus musiikkialalta levy-yhtiön puolelta. Ennen Music Finlandia hän työskenteli useissa tehtävissä suuressa levy-yhtiössä WMG:ssä Suomessa ja Baltian maissa.
