{"id":7559,"date":"2024-05-30T23:02:00","date_gmt":"2024-05-30T20:02:00","guid":{"rendered":"https:\/\/musicmedia.fi\/?post_type=program&#038;p=7559"},"modified":"2024-09-19T15:41:55","modified_gmt":"2024-09-19T12:41:55","slug":"oulu-2026","status":"publish","type":"program","link":"https:\/\/musicmedia.fi\/fi\/program\/oulu-2026\/","title":{"rendered":"Oulu 2026 \u2013 Euroopan kulttuurip\u00e4\u00e4kaupungin uudet mahdollisuudet musiikkialalle"},"content":{"rendered":"<p>Oulu on valmistellut tulevaa Euroopan kulttuurip\u00e4\u00e4kaupunki vuotta jo vuodesta 2017 alkaen. Vuosi tarjoaa kansainv\u00e4lisen valokeilan koko Suomelle. Tule kuulemaan, millaiselta huikean kulttuurivuoden valmistelut n\u00e4ytt\u00e4v\u00e4t t\u00e4ll\u00e4 hetkell\u00e4 ja millaisia ainutlaatuisia mahdollisuuksia se tarjoaa musiikki- ja tapahtuma-alan toimijoille!<\/p>\n<p><span style=\"font-weight: 400;\">T\u00e4m\u00e4 ohjelmasis\u00e4lt\u00f6 toteutetaan yhteisty\u00f6ss\u00e4 Oulu 2026 kanssa.<\/span><\/p>\n","protected":false},"author":11,"menu_order":0,"template":"","format":"standard","meta":{"_acf_changed":false,"inline_featured_image":false},"program-tag":[788],"class":[],"class_list":["post-7559","program","type-program","status-publish","format-standard","hentry","program_tag-musicxbusiness"],"acf":{"kokolevea":false,"urli":"","alaotsikko":"(Yhteisty\u00f6ss\u00e4 Oulu 2026)","ennakkoilmoittautuminen":false,"colour":"#00e6dd","label":"","lyh_ots":"Oulu 2026 \u2013 kulttuurip\u00e4\u00e4kaupungin mahdollisuudet musiikkialalle","paivays":"2024-10-03 13:15:00","paattyy_klo":"13:30:00","moderaator":"","puhujat":[6841,7126],"tila":8942},"yoast_head":"<!-- This site is optimized with the Yoast SEO plugin v25.7 - https:\/\/yoast.com\/wordpress\/plugins\/seo\/ -->\n<title>Oulu 2026 \u2013 Euroopan kulttuurip\u00e4\u00e4kaupungin uudet mahdollisuudet musiikkialalle - Music x Media<\/title>\n<meta name=\"robots\" content=\"index, follow, max-snippet:-1, max-image-preview:large, max-video-preview:-1\" \/>\n<link rel=\"canonical\" href=\"https:\/\/musicmedia.fi\/fi\/program\/oulu-2026\/\" \/>\n<meta property=\"og:locale\" content=\"fi_FI\" \/>\n<meta property=\"og:type\" content=\"article\" \/>\n<meta property=\"og:title\" content=\"Oulu 2026 \u2013 Euroopan kulttuurip\u00e4\u00e4kaupungin uudet mahdollisuudet musiikkialalle - Music x Media\" \/>\n<meta property=\"og:description\" content=\"Oulu on valmistellut tulevaa Euroopan kulttuurip\u00e4\u00e4kaupunki vuotta jo vuodesta 2017 alkaen. Vuosi tarjoaa kansainv\u00e4lisen valokeilan koko Suomelle. Tule kuulemaan, millaiselta huikean kulttuurivuoden valmistelut n\u00e4ytt\u00e4v\u00e4t t\u00e4ll\u00e4 hetkell\u00e4 ja millaisia ainutlaatuisia mahdollisuuksia se tarjoaa musiikki- ja tapahtuma-alan toimijoille! T\u00e4m\u00e4 ohjelmasis\u00e4lt\u00f6 toteutetaan yhteisty\u00f6ss\u00e4 Oulu 2026 kanssa.\" \/>\n<meta property=\"og:url\" content=\"https:\/\/musicmedia.fi\/fi\/program\/oulu-2026\/\" \/>\n<meta property=\"og:site_name\" content=\"Music x Media\" \/>\n<meta property=\"article:modified_time\" content=\"2024-09-19T12:41:55+00:00\" \/>\n<meta property=\"og:image\" content=\"https:\/\/musicmedia.fi\/wp-content\/uploads\/2023\/05\/mxm_oletuskuva_some-1024x538.png\" \/>\n\t<meta property=\"og:image:width\" content=\"1024\" \/>\n\t<meta property=\"og:image:height\" content=\"538\" \/>\n\t<meta property=\"og:image:type\" content=\"image\/png\" \/>\n<meta name=\"twitter:card\" content=\"summary_large_image\" \/>\n<meta name=\"twitter:label1\" content=\"Arvioitu lukuaika\" \/>\n\t<meta name=\"twitter:data1\" content=\"1 minuutti\" \/>\n<script type=\"application\/ld+json\" class=\"yoast-schema-graph\">{\"@context\":\"https:\/\/schema.org\",\"@graph\":[{\"@type\":\"WebPage\",\"@id\":\"https:\/\/musicmedia.fi\/program\/oulu-2026\/\",\"url\":\"https:\/\/musicmedia.fi\/program\/oulu-2026\/\",\"name\":\"Oulu 2026 \u2013 Euroopan kulttuurip\u00e4\u00e4kaupungin uudet mahdollisuudet musiikkialalle - Music x Media\",\"isPartOf\":{\"@id\":\"https:\/\/musicmedia.fi\/#website\"},\"datePublished\":\"2024-05-30T20:02:00+00:00\",\"dateModified\":\"2024-09-19T12:41:55+00:00\",\"breadcrumb\":{\"@id\":\"https:\/\/musicmedia.fi\/program\/oulu-2026\/#breadcrumb\"},\"inLanguage\":\"fi\",\"potentialAction\":[{\"@type\":\"ReadAction\",\"target\":[\"https:\/\/musicmedia.fi\/program\/oulu-2026\/\"]}]},{\"@type\":\"BreadcrumbList\",\"@id\":\"https:\/\/musicmedia.fi\/program\/oulu-2026\/#breadcrumb\",\"itemListElement\":[{\"@type\":\"ListItem\",\"position\":1,\"name\":\"Home\",\"item\":\"https:\/\/musicmedia.fi\/\"},{\"@type\":\"ListItem\",\"position\":2,\"name\":\"Oulu 2026 \u2013 Euroopan kulttuurip\u00e4\u00e4kaupungin uudet mahdollisuudet musiikkialalle\"}]},{\"@type\":\"WebSite\",\"@id\":\"https:\/\/musicmedia.fi\/#website\",\"url\":\"https:\/\/musicmedia.fi\/\",\"name\":\"Music x Media\",\"description\":\"Musiikki-, viihde- ja tapahtuma-alojen kohtaamispaikka\",\"publisher\":{\"@id\":\"https:\/\/musicmedia.fi\/#organization\"},\"potentialAction\":[{\"@type\":\"SearchAction\",\"target\":{\"@type\":\"EntryPoint\",\"urlTemplate\":\"https:\/\/musicmedia.fi\/?s={search_term_string}\"},\"query-input\":{\"@type\":\"PropertyValueSpecification\",\"valueRequired\":true,\"valueName\":\"search_term_string\"}}],\"inLanguage\":\"fi\"},{\"@type\":\"Organization\",\"@id\":\"https:\/\/musicmedia.fi\/#organization\",\"name\":\"Music x Media\",\"url\":\"https:\/\/musicmedia.fi\/\",\"logo\":{\"@type\":\"ImageObject\",\"inLanguage\":\"fi\",\"@id\":\"https:\/\/musicmedia.fi\/#\/schema\/logo\/image\/\",\"url\":\"https:\/\/musicmedia.fi\/wp-content\/uploads\/2022\/05\/logo.png\",\"contentUrl\":\"https:\/\/musicmedia.fi\/wp-content\/uploads\/2022\/05\/logo.png\",\"width\":276,\"height\":147,\"caption\":\"Music x Media\"},\"image\":{\"@id\":\"https:\/\/musicmedia.fi\/#\/schema\/logo\/image\/\"}}]}<\/script>\n<!-- \/ Yoast SEO plugin. -->","yoast_head_json":{"title":"Oulu 2026 \u2013 Euroopan kulttuurip\u00e4\u00e4kaupungin uudet mahdollisuudet musiikkialalle - Music x Media","robots":{"index":"index","follow":"follow","max-snippet":"max-snippet:-1","max-image-preview":"max-image-preview:large","max-video-preview":"max-video-preview:-1"},"canonical":"https:\/\/musicmedia.fi\/fi\/program\/oulu-2026\/","og_locale":"fi_FI","og_type":"article","og_title":"Oulu 2026 \u2013 Euroopan kulttuurip\u00e4\u00e4kaupungin uudet mahdollisuudet musiikkialalle - Music x Media","og_description":"Oulu on valmistellut tulevaa Euroopan kulttuurip\u00e4\u00e4kaupunki vuotta jo vuodesta 2017 alkaen. Vuosi tarjoaa kansainv\u00e4lisen valokeilan koko Suomelle. Tule kuulemaan, millaiselta huikean kulttuurivuoden valmistelut n\u00e4ytt\u00e4v\u00e4t t\u00e4ll\u00e4 hetkell\u00e4 ja millaisia ainutlaatuisia mahdollisuuksia se tarjoaa musiikki- ja tapahtuma-alan toimijoille! T\u00e4m\u00e4 ohjelmasis\u00e4lt\u00f6 toteutetaan yhteisty\u00f6ss\u00e4 Oulu 2026 kanssa.","og_url":"https:\/\/musicmedia.fi\/fi\/program\/oulu-2026\/","og_site_name":"Music x Media","article_modified_time":"2024-09-19T12:41:55+00:00","og_image":[{"width":1024,"height":538,"url":"https:\/\/musicmedia.fi\/wp-content\/uploads\/2023\/05\/mxm_oletuskuva_some-1024x538.png","type":"image\/png"}],"twitter_card":"summary_large_image","twitter_misc":{"Arvioitu lukuaika":"1 minuutti"},"schema":{"@context":"https:\/\/schema.org","@graph":[{"@type":"WebPage","@id":"https:\/\/musicmedia.fi\/program\/oulu-2026\/","url":"https:\/\/musicmedia.fi\/program\/oulu-2026\/","name":"Oulu 2026 \u2013 Euroopan kulttuurip\u00e4\u00e4kaupungin uudet mahdollisuudet musiikkialalle - Music x Media","isPartOf":{"@id":"https:\/\/musicmedia.fi\/#website"},"datePublished":"2024-05-30T20:02:00+00:00","dateModified":"2024-09-19T12:41:55+00:00","breadcrumb":{"@id":"https:\/\/musicmedia.fi\/program\/oulu-2026\/#breadcrumb"},"inLanguage":"fi","potentialAction":[{"@type":"ReadAction","target":["https:\/\/musicmedia.fi\/program\/oulu-2026\/"]}]},{"@type":"BreadcrumbList","@id":"https:\/\/musicmedia.fi\/program\/oulu-2026\/#breadcrumb","itemListElement":[{"@type":"ListItem","position":1,"name":"Home","item":"https:\/\/musicmedia.fi\/"},{"@type":"ListItem","position":2,"name":"Oulu 2026 \u2013 Euroopan kulttuurip\u00e4\u00e4kaupungin uudet mahdollisuudet musiikkialalle"}]},{"@type":"WebSite","@id":"https:\/\/musicmedia.fi\/#website","url":"https:\/\/musicmedia.fi\/","name":"Music x Media","description":"Musiikki-, viihde- ja tapahtuma-alojen kohtaamispaikka","publisher":{"@id":"https:\/\/musicmedia.fi\/#organization"},"potentialAction":[{"@type":"SearchAction","target":{"@type":"EntryPoint","urlTemplate":"https:\/\/musicmedia.fi\/?s={search_term_string}"},"query-input":{"@type":"PropertyValueSpecification","valueRequired":true,"valueName":"search_term_string"}}],"inLanguage":"fi"},{"@type":"Organization","@id":"https:\/\/musicmedia.fi\/#organization","name":"Music x Media","url":"https:\/\/musicmedia.fi\/","logo":{"@type":"ImageObject","inLanguage":"fi","@id":"https:\/\/musicmedia.fi\/#\/schema\/logo\/image\/","url":"https:\/\/musicmedia.fi\/wp-content\/uploads\/2022\/05\/logo.png","contentUrl":"https:\/\/musicmedia.fi\/wp-content\/uploads\/2022\/05\/logo.png","width":276,"height":147,"caption":"Music x Media"},"image":{"@id":"https:\/\/musicmedia.fi\/#\/schema\/logo\/image\/"}}]}},"_links":{"self":[{"href":"https:\/\/musicmedia.fi\/fi\/wp-json\/wp\/v2\/programs\/7559","targetHints":{"allow":["GET"]}}],"collection":[{"href":"https:\/\/musicmedia.fi\/fi\/wp-json\/wp\/v2\/programs"}],"about":[{"href":"https:\/\/musicmedia.fi\/fi\/wp-json\/wp\/v2\/types\/program"}],"author":[{"embeddable":true,"href":"https:\/\/musicmedia.fi\/fi\/wp-json\/wp\/v2\/users\/11"}],"acf:post":[{"embeddable":true,"href":"https:\/\/musicmedia.fi\/fi\/wp-json\/wp\/v2\/venue\/8942"},{"embeddable":true,"href":"https:\/\/musicmedia.fi\/fi\/wp-json\/wp\/v2\/speakers\/7126"},{"embeddable":true,"href":"https:\/\/musicmedia.fi\/fi\/wp-json\/wp\/v2\/speakers\/6841"}],"wp:attachment":[{"href":"https:\/\/musicmedia.fi\/fi\/wp-json\/wp\/v2\/media?parent=7559"}],"wp:term":[{"taxonomy":"program_tag","embeddable":true,"href":"https:\/\/musicmedia.fi\/fi\/wp-json\/wp\/v2\/program-tag?post=7559"},{"taxonomy":"class","embeddable":true,"href":"https:\/\/musicmedia.fi\/fi\/wp-json\/wp\/v2\/class?post=7559"}],"curies":[{"name":"wp","href":"https:\/\/api.w.org\/{rel}","templated":true}]}}

Oulu 2026 – Euroopan kulttuuripääkaupungin uudet mahdollisuudet musiikkialalle

<p>Oulu on valmistellut tulevaa Euroopan kulttuuripääkaupunki vuotta jo vuodesta 2017 alkaen. Vuosi tarjoaa kansainvälisen valokeilan koko Suomelle. Tule kuulemaan, millaiselta huikean kulttuurivuoden valmistelut näyttävät tällä hetkellä ja millaisia ainutlaatuisia mahdollisuuksia se tarjoaa musiikki- ja tapahtuma-alan toimijoille!</p>
<p><span style="font-weight: 400;">Tämä ohjelmasisältö toteutetaan yhteistyössä Oulu 2026 kanssa.</span></p>

(Yhteistyössä Oulu 2026)

Oulu 2026 – kulttuuripääkaupungin mahdollisuudet musiikkialalle

<!-- This site is optimized with the Yoast SEO plugin v25.7 - https://yoast.com/wordpress/plugins/seo/ -->
<title>Oulu 2026 – Euroopan kulttuuripääkaupungin uudet mahdollisuudet musiikkialalle - Music x Media</title>
<meta name="robots" content="index, follow, max-snippet:-1, max-image-preview:large, max-video-preview:-1" />
<link rel="canonical" href="https://musicmedia.fi/fi/program/oulu-2026/" />
<meta property="og:locale" content="fi_FI" />
<meta property="og:type" content="article" />
<meta property="og:title" content="Oulu 2026 – Euroopan kulttuuripääkaupungin uudet mahdollisuudet musiikkialalle - Music x Media" />
<meta property="og:description" content="Oulu on valmistellut tulevaa Euroopan kulttuuripääkaupunki vuotta jo vuodesta 2017 alkaen. Vuosi tarjoaa kansainvälisen valokeilan koko Suomelle. Tule kuulemaan, millaiselta huikean kulttuurivuoden valmistelut näyttävät tällä hetkellä ja millaisia ainutlaatuisia mahdollisuuksia se tarjoaa musiikki- ja tapahtuma-alan toimijoille! Tämä ohjelmasisältö toteutetaan yhteistyössä Oulu 2026 kanssa." />
<meta property="og:url" content="https://musicmedia.fi/fi/program/oulu-2026/" />
<meta property="og:site_name" content="Music x Media" />
<meta property="article:modified_time" content="2024-09-19T12:41:55+00:00" />
<meta property="og:image" content="https://musicmedia.fi/wp-content/uploads/2023/05/mxm_oletuskuva_some-1024x538.png" />
	<meta property="og:image:width" content="1024" />
	<meta property="og:image:height" content="538" />
	<meta property="og:image:type" content="image/png" />
<meta name="twitter:card" content="summary_large_image" />
<meta name="twitter:label1" content="Arvioitu lukuaika" />
	<meta name="twitter:data1" content="1 minuutti" />
<script type="application/ld+json" class="yoast-schema-graph">{"@context":"https://schema.org","@graph":[{"@type":"WebPage","@id":"https://musicmedia.fi/program/oulu-2026/","url":"https://musicmedia.fi/program/oulu-2026/","name":"Oulu 2026 – Euroopan kulttuuripääkaupungin uudet mahdollisuudet musiikkialalle - Music x Media","isPartOf":{"@id":"https://musicmedia.fi/#website"},"datePublished":"2024-05-30T20:02:00+00:00","dateModified":"2024-09-19T12:41:55+00:00","breadcrumb":{"@id":"https://musicmedia.fi/program/oulu-2026/#breadcrumb"},"inLanguage":"fi","potentialAction":[{"@type":"ReadAction","target":["https://musicmedia.fi/program/oulu-2026/"]}]},{"@type":"BreadcrumbList","@id":"https://musicmedia.fi/program/oulu-2026/#breadcrumb","itemListElement":[{"@type":"ListItem","position":1,"name":"Home","item":"https://musicmedia.fi/"},{"@type":"ListItem","position":2,"name":"Oulu 2026 – Euroopan kulttuuripääkaupungin uudet mahdollisuudet musiikkialalle"}]},{"@type":"WebSite","@id":"https://musicmedia.fi/#website","url":"https://musicmedia.fi/","name":"Music x Media","description":"Musiikki-, viihde- ja tapahtuma-alojen kohtaamispaikka","publisher":{"@id":"https://musicmedia.fi/#organization"},"potentialAction":[{"@type":"SearchAction","target":{"@type":"EntryPoint","urlTemplate":"https://musicmedia.fi/?s={search_term_string}"},"query-input":{"@type":"PropertyValueSpecification","valueRequired":true,"valueName":"search_term_string"}}],"inLanguage":"fi"},{"@type":"Organization","@id":"https://musicmedia.fi/#organization","name":"Music x Media","url":"https://musicmedia.fi/","logo":{"@type":"ImageObject","inLanguage":"fi","@id":"https://musicmedia.fi/#/schema/logo/image/","url":"https://musicmedia.fi/wp-content/uploads/2022/05/logo.png","contentUrl":"https://musicmedia.fi/wp-content/uploads/2022/05/logo.png","width":276,"height":147,"caption":"Music x Media"},"image":{"@id":"https://musicmedia.fi/#/schema/logo/image/"}}]}</script>
<!-- / Yoast SEO plugin. -->

Oulu 2026 – Euroopan kulttuuripääkaupungin uudet mahdollisuudet musiikkialalle - Music x Media

Oulu on valmistellut tulevaa Euroopan kulttuuripääkaupunki vuotta jo vuodesta 2017 alkaen. Vuosi tarjoaa kansainvälisen valokeilan koko Suomelle. Tule kuulemaan, millaiselta huikean kulttuurivuoden valmistelut näyttävät tällä hetkellä ja millaisia ainutlaatuisia mahdollisuuksia se tarjoaa musiikki- ja tapahtuma-alan toimijoille! Tämä ohjelmasisältö toteutetaan yhteistyössä Oulu 2026 kanssa.
