{"id":13795,"date":"2026-08-24T14:26:58","date_gmt":"2026-08-24T11:26:58","guid":{"rendered":"https:\/\/musicmedia.fi\/?post_type=program&#038;p=13795"},"modified":"2026-08-25T09:28:49","modified_gmt":"2026-08-25T06:28:49","slug":"suomen-kulttuurivoimat-tyopaja","status":"publish","type":"program","link":"https:\/\/musicmedia.fi\/fi\/program\/suomen-kulttuurivoimat-tyopaja\/","title":{"rendered":"Suomen kulttuurivoimat -ty\u00f6paja (Yhteisty\u00f6ss\u00e4 Solovey)"},"content":{"rendered":"<p><span style=\"font-weight: 400;\">Kes\u00e4kuussa Ukrainan kulttuurijoukot esiintyiv\u00e4t Helsingiss\u00e4 yli tuhannelle kuulijalle. He j\u00e4ttiv\u00e4t ilmaan ajatuksen, jonka me nyt tuomme kotiin: kulttuuri ei ole se, mit\u00e4 puolustuksen ohessa suojellaan \u2014 se on syy, miksi puolustetaan. Ja se tarkoittaa, ett\u00e4 taiteilijan ty\u00f6 on turvallisuusty\u00f6t\u00e4, ilman kyp\u00e4r\u00e4\u00e4.<\/span><\/p>\n<p><span style=\"font-weight: 400;\">Music x Mediassa ei esitell\u00e4 valmista suunnitelmaa. Suomen kulttuurivoimat -konsepti annetaan alan k\u00e4siin keskener\u00e4isen\u00e4. Vain kolme asiaa on ly\u00f6ty kiinni: riippumattomuus, yksi j\u00e4sen yksi \u00e4\u00e4ni, ja ettei mit\u00e4\u00e4n perusteta ilman riitt\u00e4v\u00e4\u00e4 pohjaa.<\/span><\/p>\n<p><span style=\"font-weight: 400;\">Yhdess\u00e4 rakennetaan rahoitusmalli, johon osallistujat itse voisivat sitoutua \u2014 samassa huoneessa taiteilijoiden ja alan kanssa. Workshopissa luodaan taiteilijan vuosi: mist\u00e4 ty\u00f6 tulee, mit\u00e4 siit\u00e4 maksetaan ja mik\u00e4 pit\u00e4\u00e4 vapauden koskemattomana.<\/span><\/p>\n<p><span style=\"font-weight: 400;\">Ehdotus menee allekirjoitettuna perustamisp\u00e4\u00e4t\u00f6ksen p\u00f6yd\u00e4lle. Rehellisyys on sis\u00e4\u00e4nrakennettu: jos riitt\u00e4v\u00e4\u00e4 perustajajoukkoa ei synny, mit\u00e4\u00e4n ei perusteta eik\u00e4 kenenk\u00e4\u00e4n rahaa polteta.<\/span><\/p>\n<p><span style=\"font-weight: 400;\">Paikkoja on 25\u201340. Tule luomaan, kaikki n\u00e4kemykset ovat t\u00e4rkeit\u00e4!<\/span><\/p>\n<p><a href=\"https:\/\/docs.google.com\/forms\/d\/e\/1FAIpQLSf6z8g_AxMmDkdHEsemHhkiUXXlaW-afVQI0ItcGI01-GvSBA\/viewform\">Ilmoittaudu t\u00e4st\u00e4!<\/a><\/p>\n<p><a href=\"https:\/\/docs.google.com\/forms\/d\/e\/1FAIpQLSfKpyKGo4IZ_kU3h7SQCbJnIG1fmKXYiKIDmVlMVNM1k3lwEQ\/viewform?usp=dialog\"><span style=\"font-weight: 400;\">J\u00e4t\u00e4 ajatuksia tai kysymyksi\u00e4 ennakkoon t\u00e4st\u00e4.<\/span><\/a><\/p>\n","protected":false},"author":11,"menu_order":0,"template":"","format":"standard","meta":{"_acf_changed":false,"inline_featured_image":false},"program-tag":[],"class":[],"class_list":["post-13795","program","type-program","status-publish","format-standard","hentry"],"acf":{"kokolevea":false,"urli":"","alaotsikko":"","ennakkoilmoittautuminen":false,"colour":"","label":"Workshop","lyh_ots":"","paivays":"2026-10-02 00:00:00","paattyy_klo":"00:00:00","moderaator":"","puhujat":[13696],"tila":""},"yoast_head":"<!-- This site is optimized with the Yoast SEO plugin v25.7 - https:\/\/yoast.com\/wordpress\/plugins\/seo\/ -->\n<title>Suomen kulttuurivoimat -ty\u00f6paja (Yhteisty\u00f6ss\u00e4 Solovey) - Music x Media<\/title>\n<meta name=\"robots\" content=\"index, follow, max-snippet:-1, max-image-preview:large, max-video-preview:-1\" \/>\n<link rel=\"canonical\" href=\"https:\/\/musicmedia.fi\/fi\/program\/suomen-kulttuurivoimat-tyopaja\/\" \/>\n<meta property=\"og:locale\" content=\"fi_FI\" \/>\n<meta property=\"og:type\" content=\"article\" \/>\n<meta property=\"og:title\" content=\"Suomen kulttuurivoimat -ty\u00f6paja (Yhteisty\u00f6ss\u00e4 Solovey) - Music x Media\" \/>\n<meta property=\"og:description\" content=\"Kes\u00e4kuussa Ukrainan kulttuurijoukot esiintyiv\u00e4t Helsingiss\u00e4 yli tuhannelle kuulijalle. He j\u00e4ttiv\u00e4t ilmaan ajatuksen, jonka me nyt tuomme kotiin: kulttuuri ei ole se, mit\u00e4 puolustuksen ohessa suojellaan \u2014 se on syy, miksi puolustetaan. Ja se tarkoittaa, ett\u00e4 taiteilijan ty\u00f6 on turvallisuusty\u00f6t\u00e4, ilman kyp\u00e4r\u00e4\u00e4. Music x Mediassa ei esitell\u00e4 valmista suunnitelmaa. Suomen kulttuurivoimat -konsepti annetaan alan k\u00e4siin keskener\u00e4isen\u00e4. [&hellip;]\" \/>\n<meta property=\"og:url\" content=\"https:\/\/musicmedia.fi\/fi\/program\/suomen-kulttuurivoimat-tyopaja\/\" \/>\n<meta property=\"og:site_name\" content=\"Music x Media\" \/>\n<meta property=\"article:modified_time\" content=\"2026-08-25T06:28:49+00:00\" \/>\n<meta property=\"og:image\" content=\"https:\/\/musicmedia.fi\/wp-content\/uploads\/2023\/05\/mxm_oletuskuva_some-1024x538.png\" \/>\n\t<meta property=\"og:image:width\" content=\"1024\" \/>\n\t<meta property=\"og:image:height\" content=\"538\" \/>\n\t<meta property=\"og:image:type\" content=\"image\/png\" \/>\n<meta name=\"twitter:card\" content=\"summary_large_image\" \/>\n<meta name=\"twitter:label1\" content=\"Arvioitu lukuaika\" \/>\n\t<meta name=\"twitter:data1\" content=\"1 minuutti\" \/>\n<script type=\"application\/ld+json\" class=\"yoast-schema-graph\">{\"@context\":\"https:\/\/schema.org\",\"@graph\":[{\"@type\":\"WebPage\",\"@id\":\"https:\/\/musicmedia.fi\/program\/suomen-kulttuurivoimat-tyopaja\/\",\"url\":\"https:\/\/musicmedia.fi\/program\/suomen-kulttuurivoimat-tyopaja\/\",\"name\":\"Suomen kulttuurivoimat -ty\u00f6paja (Yhteisty\u00f6ss\u00e4 Solovey) - Music x Media\",\"isPartOf\":{\"@id\":\"https:\/\/musicmedia.fi\/#website\"},\"datePublished\":\"2026-08-24T11:26:58+00:00\",\"dateModified\":\"2026-08-25T06:28:49+00:00\",\"breadcrumb\":{\"@id\":\"https:\/\/musicmedia.fi\/program\/suomen-kulttuurivoimat-tyopaja\/#breadcrumb\"},\"inLanguage\":\"fi\",\"potentialAction\":[{\"@type\":\"ReadAction\",\"target\":[\"https:\/\/musicmedia.fi\/program\/suomen-kulttuurivoimat-tyopaja\/\"]}]},{\"@type\":\"BreadcrumbList\",\"@id\":\"https:\/\/musicmedia.fi\/program\/suomen-kulttuurivoimat-tyopaja\/#breadcrumb\",\"itemListElement\":[{\"@type\":\"ListItem\",\"position\":1,\"name\":\"Home\",\"item\":\"https:\/\/musicmedia.fi\/fi\/\"},{\"@type\":\"ListItem\",\"position\":2,\"name\":\"Suomen kulttuurivoimat -ty\u00f6paja (Yhteisty\u00f6ss\u00e4 Solovey)\"}]},{\"@type\":\"WebSite\",\"@id\":\"https:\/\/musicmedia.fi\/#website\",\"url\":\"https:\/\/musicmedia.fi\/\",\"name\":\"Music x Media\",\"description\":\"Musiikki-, viihde- ja tapahtuma-alojen kohtaamispaikka\",\"publisher\":{\"@id\":\"https:\/\/musicmedia.fi\/#organization\"},\"potentialAction\":[{\"@type\":\"SearchAction\",\"target\":{\"@type\":\"EntryPoint\",\"urlTemplate\":\"https:\/\/musicmedia.fi\/?s={search_term_string}\"},\"query-input\":{\"@type\":\"PropertyValueSpecification\",\"valueRequired\":true,\"valueName\":\"search_term_string\"}}],\"inLanguage\":\"fi\"},{\"@type\":\"Organization\",\"@id\":\"https:\/\/musicmedia.fi\/#organization\",\"name\":\"Music x Media\",\"url\":\"https:\/\/musicmedia.fi\/\",\"logo\":{\"@type\":\"ImageObject\",\"inLanguage\":\"fi\",\"@id\":\"https:\/\/musicmedia.fi\/#\/schema\/logo\/image\/\",\"url\":\"https:\/\/musicmedia.fi\/wp-content\/uploads\/2022\/05\/logo.png\",\"contentUrl\":\"https:\/\/musicmedia.fi\/wp-content\/uploads\/2022\/05\/logo.png\",\"width\":276,\"height\":147,\"caption\":\"Music x Media\"},\"image\":{\"@id\":\"https:\/\/musicmedia.fi\/#\/schema\/logo\/image\/\"}}]}<\/script>\n<!-- \/ Yoast SEO plugin. -->","yoast_head_json":{"title":"Suomen kulttuurivoimat -ty\u00f6paja (Yhteisty\u00f6ss\u00e4 Solovey) - Music x Media","robots":{"index":"index","follow":"follow","max-snippet":"max-snippet:-1","max-image-preview":"max-image-preview:large","max-video-preview":"max-video-preview:-1"},"canonical":"https:\/\/musicmedia.fi\/fi\/program\/suomen-kulttuurivoimat-tyopaja\/","og_locale":"fi_FI","og_type":"article","og_title":"Suomen kulttuurivoimat -ty\u00f6paja (Yhteisty\u00f6ss\u00e4 Solovey) - Music x Media","og_description":"Kes\u00e4kuussa Ukrainan kulttuurijoukot esiintyiv\u00e4t Helsingiss\u00e4 yli tuhannelle kuulijalle. He j\u00e4ttiv\u00e4t ilmaan ajatuksen, jonka me nyt tuomme kotiin: kulttuuri ei ole se, mit\u00e4 puolustuksen ohessa suojellaan \u2014 se on syy, miksi puolustetaan. Ja se tarkoittaa, ett\u00e4 taiteilijan ty\u00f6 on turvallisuusty\u00f6t\u00e4, ilman kyp\u00e4r\u00e4\u00e4. Music x Mediassa ei esitell\u00e4 valmista suunnitelmaa. Suomen kulttuurivoimat -konsepti annetaan alan k\u00e4siin keskener\u00e4isen\u00e4. [&hellip;]","og_url":"https:\/\/musicmedia.fi\/fi\/program\/suomen-kulttuurivoimat-tyopaja\/","og_site_name":"Music x Media","article_modified_time":"2026-08-25T06:28:49+00:00","og_image":[{"width":1024,"height":538,"url":"https:\/\/musicmedia.fi\/wp-content\/uploads\/2023\/05\/mxm_oletuskuva_some-1024x538.png","type":"image\/png"}],"twitter_card":"summary_large_image","twitter_misc":{"Arvioitu lukuaika":"1 minuutti"},"schema":{"@context":"https:\/\/schema.org","@graph":[{"@type":"WebPage","@id":"https:\/\/musicmedia.fi\/program\/suomen-kulttuurivoimat-tyopaja\/","url":"https:\/\/musicmedia.fi\/program\/suomen-kulttuurivoimat-tyopaja\/","name":"Suomen kulttuurivoimat -ty\u00f6paja (Yhteisty\u00f6ss\u00e4 Solovey) - Music x Media","isPartOf":{"@id":"https:\/\/musicmedia.fi\/#website"},"datePublished":"2026-08-24T11:26:58+00:00","dateModified":"2026-08-25T06:28:49+00:00","breadcrumb":{"@id":"https:\/\/musicmedia.fi\/program\/suomen-kulttuurivoimat-tyopaja\/#breadcrumb"},"inLanguage":"fi","potentialAction":[{"@type":"ReadAction","target":["https:\/\/musicmedia.fi\/program\/suomen-kulttuurivoimat-tyopaja\/"]}]},{"@type":"BreadcrumbList","@id":"https:\/\/musicmedia.fi\/program\/suomen-kulttuurivoimat-tyopaja\/#breadcrumb","itemListElement":[{"@type":"ListItem","position":1,"name":"Home","item":"https:\/\/musicmedia.fi\/fi\/"},{"@type":"ListItem","position":2,"name":"Suomen kulttuurivoimat -ty\u00f6paja (Yhteisty\u00f6ss\u00e4 Solovey)"}]},{"@type":"WebSite","@id":"https:\/\/musicmedia.fi\/#website","url":"https:\/\/musicmedia.fi\/","name":"Music x Media","description":"Musiikki-, viihde- ja tapahtuma-alojen kohtaamispaikka","publisher":{"@id":"https:\/\/musicmedia.fi\/#organization"},"potentialAction":[{"@type":"SearchAction","target":{"@type":"EntryPoint","urlTemplate":"https:\/\/musicmedia.fi\/?s={search_term_string}"},"query-input":{"@type":"PropertyValueSpecification","valueRequired":true,"valueName":"search_term_string"}}],"inLanguage":"fi"},{"@type":"Organization","@id":"https:\/\/musicmedia.fi\/#organization","name":"Music x Media","url":"https:\/\/musicmedia.fi\/","logo":{"@type":"ImageObject","inLanguage":"fi","@id":"https:\/\/musicmedia.fi\/#\/schema\/logo\/image\/","url":"https:\/\/musicmedia.fi\/wp-content\/uploads\/2022\/05\/logo.png","contentUrl":"https:\/\/musicmedia.fi\/wp-content\/uploads\/2022\/05\/logo.png","width":276,"height":147,"caption":"Music x Media"},"image":{"@id":"https:\/\/musicmedia.fi\/#\/schema\/logo\/image\/"}}]}},"_links":{"self":[{"href":"https:\/\/musicmedia.fi\/fi\/wp-json\/wp\/v2\/programs\/13795","targetHints":{"allow":["GET"]}}],"collection":[{"href":"https:\/\/musicmedia.fi\/fi\/wp-json\/wp\/v2\/programs"}],"about":[{"href":"https:\/\/musicmedia.fi\/fi\/wp-json\/wp\/v2\/types\/program"}],"author":[{"embeddable":true,"href":"https:\/\/musicmedia.fi\/fi\/wp-json\/wp\/v2\/users\/11"}],"acf:post":[{"embeddable":true,"href":"https:\/\/musicmedia.fi\/fi\/wp-json\/wp\/v2\/speakers\/13696"}],"wp:attachment":[{"href":"https:\/\/musicmedia.fi\/fi\/wp-json\/wp\/v2\/media?parent=13795"}],"wp:term":[{"taxonomy":"program_tag","embeddable":true,"href":"https:\/\/musicmedia.fi\/fi\/wp-json\/wp\/v2\/program-tag?post=13795"},{"taxonomy":"class","embeddable":true,"href":"https:\/\/musicmedia.fi\/fi\/wp-json\/wp\/v2\/class?post=13795"}],"curies":[{"name":"wp","href":"https:\/\/api.w.org\/{rel}","templated":true}]}}

Suomen kulttuurivoimat -työpaja (Yhteistyössä Solovey)

<p><span style="font-weight: 400;">Kesäkuussa Ukrainan kulttuurijoukot esiintyivät Helsingissä yli tuhannelle kuulijalle. He jättivät ilmaan ajatuksen, jonka me nyt tuomme kotiin: kulttuuri ei ole se, mitä puolustuksen ohessa suojellaan — se on syy, miksi puolustetaan. Ja se tarkoittaa, että taiteilijan työ on turvallisuustyötä, ilman kypärää.</span></p>
<p><span style="font-weight: 400;">Music x Mediassa ei esitellä valmista suunnitelmaa. Suomen kulttuurivoimat -konsepti annetaan alan käsiin keskeneräisenä. Vain kolme asiaa on lyöty kiinni: riippumattomuus, yksi jäsen yksi ääni, ja ettei mitään perusteta ilman riittävää pohjaa.</span></p>
<p><span style="font-weight: 400;">Yhdessä rakennetaan rahoitusmalli, johon osallistujat itse voisivat sitoutua — samassa huoneessa taiteilijoiden ja alan kanssa. Workshopissa luodaan taiteilijan vuosi: mistä työ tulee, mitä siitä maksetaan ja mikä pitää vapauden koskemattomana.</span></p>
<p><span style="font-weight: 400;">Ehdotus menee allekirjoitettuna perustamispäätöksen pöydälle. Rehellisyys on sisäänrakennettu: jos riittävää perustajajoukkoa ei synny, mitään ei perusteta eikä kenenkään rahaa polteta.</span></p>
<p><span style="font-weight: 400;">Paikkoja on 25–40. Tule luomaan, kaikki näkemykset ovat tärkeitä!</span></p>
<p><a href="https://docs.google.com/forms/d/e/1FAIpQLSf6z8g_AxMmDkdHEsemHhkiUXXlaW-afVQI0ItcGI01-GvSBA/viewform">Ilmoittaudu tästä!</a></p>
<p><a href="https://docs.google.com/forms/d/e/1FAIpQLSfKpyKGo4IZ_kU3h7SQCbJnIG1fmKXYiKIDmVlMVNM1k3lwEQ/viewform?usp=dialog"><span style="font-weight: 400;">Jätä ajatuksia tai kysymyksiä ennakkoon tästä.</span></a></p>

<!-- This site is optimized with the Yoast SEO plugin v25.7 - https://yoast.com/wordpress/plugins/seo/ -->
<title>Suomen kulttuurivoimat -työpaja (Yhteistyössä Solovey) - Music x Media</title>
<meta name="robots" content="index, follow, max-snippet:-1, max-image-preview:large, max-video-preview:-1" />
<link rel="canonical" href="https://musicmedia.fi/fi/program/suomen-kulttuurivoimat-tyopaja/" />
<meta property="og:locale" content="fi_FI" />
<meta property="og:type" content="article" />
<meta property="og:title" content="Suomen kulttuurivoimat -työpaja (Yhteistyössä Solovey) - Music x Media" />
<meta property="og:description" content="Kesäkuussa Ukrainan kulttuurijoukot esiintyivät Helsingissä yli tuhannelle kuulijalle. He jättivät ilmaan ajatuksen, jonka me nyt tuomme kotiin: kulttuuri ei ole se, mitä puolustuksen ohessa suojellaan — se on syy, miksi puolustetaan. Ja se tarkoittaa, että taiteilijan työ on turvallisuustyötä, ilman kypärää. Music x Mediassa ei esitellä valmista suunnitelmaa. Suomen kulttuurivoimat -konsepti annetaan alan käsiin keskeneräisenä. [&hellip;]" />
<meta property="og:url" content="https://musicmedia.fi/fi/program/suomen-kulttuurivoimat-tyopaja/" />
<meta property="og:site_name" content="Music x Media" />
<meta property="article:modified_time" content="2026-08-25T06:28:49+00:00" />
<meta property="og:image" content="https://musicmedia.fi/wp-content/uploads/2023/05/mxm_oletuskuva_some-1024x538.png" />
	<meta property="og:image:width" content="1024" />
	<meta property="og:image:height" content="538" />
	<meta property="og:image:type" content="image/png" />
<meta name="twitter:card" content="summary_large_image" />
<meta name="twitter:label1" content="Arvioitu lukuaika" />
	<meta name="twitter:data1" content="1 minuutti" />
<script type="application/ld+json" class="yoast-schema-graph">{"@context":"https://schema.org","@graph":[{"@type":"WebPage","@id":"https://musicmedia.fi/program/suomen-kulttuurivoimat-tyopaja/","url":"https://musicmedia.fi/program/suomen-kulttuurivoimat-tyopaja/","name":"Suomen kulttuurivoimat -työpaja (Yhteistyössä Solovey) - Music x Media","isPartOf":{"@id":"https://musicmedia.fi/#website"},"datePublished":"2026-08-24T11:26:58+00:00","dateModified":"2026-08-25T06:28:49+00:00","breadcrumb":{"@id":"https://musicmedia.fi/program/suomen-kulttuurivoimat-tyopaja/#breadcrumb"},"inLanguage":"fi","potentialAction":[{"@type":"ReadAction","target":["https://musicmedia.fi/program/suomen-kulttuurivoimat-tyopaja/"]}]},{"@type":"BreadcrumbList","@id":"https://musicmedia.fi/program/suomen-kulttuurivoimat-tyopaja/#breadcrumb","itemListElement":[{"@type":"ListItem","position":1,"name":"Home","item":"https://musicmedia.fi/fi/"},{"@type":"ListItem","position":2,"name":"Suomen kulttuurivoimat -työpaja (Yhteistyössä Solovey)"}]},{"@type":"WebSite","@id":"https://musicmedia.fi/#website","url":"https://musicmedia.fi/","name":"Music x Media","description":"Musiikki-, viihde- ja tapahtuma-alojen kohtaamispaikka","publisher":{"@id":"https://musicmedia.fi/#organization"},"potentialAction":[{"@type":"SearchAction","target":{"@type":"EntryPoint","urlTemplate":"https://musicmedia.fi/?s={search_term_string}"},"query-input":{"@type":"PropertyValueSpecification","valueRequired":true,"valueName":"search_term_string"}}],"inLanguage":"fi"},{"@type":"Organization","@id":"https://musicmedia.fi/#organization","name":"Music x Media","url":"https://musicmedia.fi/","logo":{"@type":"ImageObject","inLanguage":"fi","@id":"https://musicmedia.fi/#/schema/logo/image/","url":"https://musicmedia.fi/wp-content/uploads/2022/05/logo.png","contentUrl":"https://musicmedia.fi/wp-content/uploads/2022/05/logo.png","width":276,"height":147,"caption":"Music x Media"},"image":{"@id":"https://musicmedia.fi/#/schema/logo/image/"}}]}</script>
<!-- / Yoast SEO plugin. -->

Suomen kulttuurivoimat -työpaja (Yhteistyössä Solovey) - Music x Media

Kesäkuussa Ukrainan kulttuurijoukot esiintyivät Helsingissä yli tuhannelle kuulijalle. He jättivät ilmaan ajatuksen, jonka me nyt tuomme kotiin: kulttuuri ei ole se, mitä puolustuksen ohessa suojellaan — se on syy, miksi puolustetaan. Ja se tarkoittaa, että taiteilijan työ on turvallisuustyötä, ilman kypärää. Music x Mediassa ei esitellä valmista suunnitelmaa. Suomen kulttuurivoimat -konsepti annetaan alan käsiin keskeneräisenä. [&hellip;]
