{"version":"1.0","provider_name":"Music x Media","provider_url":"https:\/\/musicmedia.fi\/fi","author_name":"info@musicmedia.fi","author_url":"https:\/\/musicmedia.fi\/fi\/author\/infomusicmedia-fi\/","title":"Aamukahvit porilaisittain (Yhteisty\u00f6ss\u00e4 Pori, Promenadisali, Kulturhuset Fiini, Pori Jazz ja Porispere) - Music x Media","type":"rich","width":600,"height":338,"html":"<blockquote class=\"wp-embedded-content\" data-secret=\"tW50FhkKp4\"><a href=\"https:\/\/musicmedia.fi\/fi\/program\/aamukahvit-porilaisittain-yhteistyossa-porin-kaupunki\/\">Aamukahvit porilaisittain (Yhteisty\u00f6ss\u00e4 Pori, Promenadisali, Kulturhuset Fiini, Pori Jazz ja Porispere)<\/a><\/blockquote><iframe sandbox=\"allow-scripts\" security=\"restricted\" src=\"https:\/\/musicmedia.fi\/fi\/program\/aamukahvit-porilaisittain-yhteistyossa-porin-kaupunki\/embed\/#?secret=tW50FhkKp4\" width=\"600\" height=\"338\" title=\"&#8221;Aamukahvit porilaisittain (Yhteisty\u00f6ss\u00e4 Pori, Promenadisali, Kulturhuset Fiini, Pori Jazz ja Porispere)&#8221; &#8212; Music x Media\" data-secret=\"tW50FhkKp4\" frameborder=\"0\" marginwidth=\"0\" marginheight=\"0\" scrolling=\"no\" class=\"wp-embedded-content\"><\/iframe><script>\n\/*! This file is auto-generated *\/\n!function(d,l){\"use strict\";l.querySelector&&d.addEventListener&&\"undefined\"!=typeof URL&&(d.wp=d.wp||{},d.wp.receiveEmbedMessage||(d.wp.receiveEmbedMessage=function(e){var t=e.data;if((t||t.secret||t.message||t.value)&&!\/[^a-zA-Z0-9]\/.test(t.secret)){for(var s,r,n,a=l.querySelectorAll('iframe[data-secret=\"'+t.secret+'\"]'),o=l.querySelectorAll('blockquote[data-secret=\"'+t.secret+'\"]'),c=new RegExp(\"^https?:$\",\"i\"),i=0;i<o.length;i++)o[i].style.display=\"none\";for(i=0;i<a.length;i++)s=a[i],e.source===s.contentWindow&&(s.removeAttribute(\"style\"),\"height\"===t.message?(1e3<(r=parseInt(t.value,10))?r=1e3:~~r<200&&(r=200),s.height=r):\"link\"===t.message&&(r=new URL(s.getAttribute(\"src\")),n=new URL(t.value),c.test(n.protocol))&&n.host===r.host&&l.activeElement===s&&(d.top.location.href=t.value))}},d.addEventListener(\"message\",d.wp.receiveEmbedMessage,!1),l.addEventListener(\"DOMContentLoaded\",function(){for(var e,t,s=l.querySelectorAll(\"iframe.wp-embedded-content\"),r=0;r<s.length;r++)(t=(e=s[r]).getAttribute(\"data-secret\"))||(t=Math.random().toString(36).substring(2,12),e.src+=\"#?secret=\"+t,e.setAttribute(\"data-secret\",t)),e.contentWindow.postMessage({message:\"ready\",secret:t},\"*\")},!1)))}(window,document);\n\/\/# sourceURL=https:\/\/musicmedia.fi\/wp-includes\/js\/wp-embed.min.js\n<\/script>\n","description":"Pori on tapahtumakaupunki, joka nostattaa tunteet pintaan, karvat pystyyn ja k\u00e4det ilmaan \u2013 tule kokemaan se itse aamukahvien merkeiss\u00e4! Tarjolla on Porin perinneherkkuja twistein ja kyytipoikana pient\u00e4 ohjelmaa. Aamukahveja houstaavat puheliaat porilaiset (kyll\u00e4, meit\u00e4 on olemassa) tapahtuma-alan ihmiset Porin kaupungilta, Pori Jazzista, Porisperest\u00e4 sek\u00e4 pian valmistuvasta Kulturhuset Fiinist\u00e4. Porissa voi luoda el\u00e4myksi\u00e4 ja l\u00f6yt\u00e4\u00e4 uusia [&hellip;]","thumbnail_url":"https:\/\/musicmedia.fi\/wp-content\/uploads\/2023\/05\/mxm_oletuskuva_some-1024x538.png","thumbnail_width":1024,"thumbnail_height":538}

Aamukahvit porilaisittain (Yhteistyössä Pori, Promenadisali, Kulturhuset Fiini, Pori Jazz ja Porispere) - Music x Media

<blockquote class="wp-embedded-content" data-secret="tW50FhkKp4"><a href="https://musicmedia.fi/fi/program/aamukahvit-porilaisittain-yhteistyossa-porin-kaupunki/">Aamukahvit porilaisittain (Yhteistyössä Pori, Promenadisali, Kulturhuset Fiini, Pori Jazz ja Porispere)</a></blockquote><iframe sandbox="allow-scripts" security="restricted" src="https://musicmedia.fi/fi/program/aamukahvit-porilaisittain-yhteistyossa-porin-kaupunki/embed/#?secret=tW50FhkKp4" width="600" height="338" title="&#8221;Aamukahvit porilaisittain (Yhteistyössä Pori, Promenadisali, Kulturhuset Fiini, Pori Jazz ja Porispere)&#8221; &#8212; Music x Media" data-secret="tW50FhkKp4" frameborder="0" marginwidth="0" marginheight="0" scrolling="no" class="wp-embedded-content"></iframe><script>
/*! This file is auto-generated */
!function(d,l){"use strict";l.querySelector&&d.addEventListener&&"undefined"!=typeof URL&&(d.wp=d.wp||{},d.wp.receiveEmbedMessage||(d.wp.receiveEmbedMessage=function(e){var t=e.data;if((t||t.secret||t.message||t.value)&&!/[^a-zA-Z0-9]/.test(t.secret)){for(var s,r,n,a=l.querySelectorAll('iframe[data-secret="'+t.secret+'"]'),o=l.querySelectorAll('blockquote[data-secret="'+t.secret+'"]'),c=new RegExp("^https?:$","i"),i=0;i<o.length;i++)o[i].style.display="none";for(i=0;i<a.length;i++)s=a[i],e.source===s.contentWindow&&(s.removeAttribute("style"),"height"===t.message?(1e3<(r=parseInt(t.value,10))?r=1e3:~~r<200&&(r=200),s.height=r):"link"===t.message&&(r=new URL(s.getAttribute("src")),n=new URL(t.value),c.test(n.protocol))&&n.host===r.host&&l.activeElement===s&&(d.top.location.href=t.value))}},d.addEventListener("message",d.wp.receiveEmbedMessage,!1),l.addEventListener("DOMContentLoaded",function(){for(var e,t,s=l.querySelectorAll("iframe.wp-embedded-content"),r=0;r<s.length;r++)(t=(e=s[r]).getAttribute("data-secret"))||(t=Math.random().toString(36).substring(2,12),e.src+="#?secret="+t,e.setAttribute("data-secret",t)),e.contentWindow.postMessage({message:"ready",secret:t},"*")},!1)))}(window,document);
//# sourceURL=https://musicmedia.fi/wp-includes/js/wp-embed.min.js
</script>

Pori on tapahtumakaupunki, joka nostattaa tunteet pintaan, karvat pystyyn ja kädet ilmaan – tule kokemaan se itse aamukahvien merkeissä! Tarjolla on Porin perinneherkkuja twistein ja kyytipoikana pientä ohjelmaa. Aamukahveja houstaavat puheliaat porilaiset (kyllä, meitä on olemassa) tapahtuma-alan ihmiset Porin kaupungilta, Pori Jazzista, Porisperestä sekä pian valmistuvasta Kulturhuset Fiinistä. Porissa voi luoda elämyksiä ja löytää uusia [&hellip;]
