{"version":"1.0","provider_name":"Music x Media","provider_url":"https:\/\/musicmedia.fi\/fi","author_name":"info@musicmedia.fi","author_url":"https:\/\/musicmedia.fi\/fi\/author\/infomusicmedia-fi\/","title":"Olemme mukana SuomiAreenassa \u2013 Taide kuuluu kaikille, kuuleeko kukaan? - Music x Media","type":"rich","width":600,"height":338,"html":"<blockquote class=\"wp-embedded-content\" data-secret=\"Z8v7CLhKet\"><a href=\"https:\/\/musicmedia.fi\/fi\/olemme-mukana-suomiareenassa-taide-kuuluu-kaikille-kuuleeko-kukaan\/\">Olemme mukana SuomiAreenassa \u2013 Taide kuuluu kaikille, kuuleeko kukaan?<\/a><\/blockquote><iframe sandbox=\"allow-scripts\" security=\"restricted\" src=\"https:\/\/musicmedia.fi\/fi\/olemme-mukana-suomiareenassa-taide-kuuluu-kaikille-kuuleeko-kukaan\/embed\/#?secret=Z8v7CLhKet\" width=\"600\" height=\"338\" title=\"&#8221;Olemme mukana SuomiAreenassa \u2013 Taide kuuluu kaikille, kuuleeko kukaan?&#8221; &#8212; Music x Media\" data-secret=\"Z8v7CLhKet\" frameborder=\"0\" marginwidth=\"0\" marginheight=\"0\" scrolling=\"no\" class=\"wp-embedded-content\"><\/iframe><script>\n\/*! This file is auto-generated *\/\n!function(d,l){\"use strict\";l.querySelector&&d.addEventListener&&\"undefined\"!=typeof URL&&(d.wp=d.wp||{},d.wp.receiveEmbedMessage||(d.wp.receiveEmbedMessage=function(e){var t=e.data;if((t||t.secret||t.message||t.value)&&!\/[^a-zA-Z0-9]\/.test(t.secret)){for(var s,r,n,a=l.querySelectorAll('iframe[data-secret=\"'+t.secret+'\"]'),o=l.querySelectorAll('blockquote[data-secret=\"'+t.secret+'\"]'),c=new RegExp(\"^https?:$\",\"i\"),i=0;i<o.length;i++)o[i].style.display=\"none\";for(i=0;i<a.length;i++)s=a[i],e.source===s.contentWindow&&(s.removeAttribute(\"style\"),\"height\"===t.message?(1e3<(r=parseInt(t.value,10))?r=1e3:~~r<200&&(r=200),s.height=r):\"link\"===t.message&&(r=new URL(s.getAttribute(\"src\")),n=new URL(t.value),c.test(n.protocol))&&n.host===r.host&&l.activeElement===s&&(d.top.location.href=t.value))}},d.addEventListener(\"message\",d.wp.receiveEmbedMessage,!1),l.addEventListener(\"DOMContentLoaded\",function(){for(var e,t,s=l.querySelectorAll(\"iframe.wp-embedded-content\"),r=0;r<s.length;r++)(t=(e=s[r]).getAttribute(\"data-secret\"))||(t=Math.random().toString(36).substring(2,12),e.src+=\"#?secret=\"+t,e.setAttribute(\"data-secret\",t)),e.contentWindow.postMessage({message:\"ready\",secret:t},\"*\")},!1)))}(window,document);\n\/\/# sourceURL=https:\/\/musicmedia.fi\/wp-includes\/js\/wp-embed.min.js\n<\/script>\n","thumbnail_url":"https:\/\/musicmedia.fi\/wp-content\/uploads\/2023\/05\/Olemme-mukana-SuomiAreenassa.png","thumbnail_width":940,"thumbnail_height":788,"description":"&nbsp; SuomiAreena on Suomen suurin yhteiskunnallinen festivaali, joka j\u00e4rjestet\u00e4\u00e4n Porissa 27.\u201330.6.2023. Tapahtuman ohjelma koostuu aiheista, jotka puhututtavat yhteiskunnassa juuri nyt. Music x Media j\u00e4rjest\u00e4\u00e4 yhteisty\u00f6ss\u00e4 Framen ja Suomen Kirjailijaliiton kanssa tapahtumaan keskustelun Taide kuuluu kaikille, kuuleeko kukaan? taiteen yhteiskunnallisesta merkityksest\u00e4 ja asemasta.\u00a0 Taide tuo n\u00e4kyv\u00e4ksi ihmiskunnan suurimpia uhkia, k\u00e4sittelee traumoja, peilaa mennytt\u00e4, ennustaa tulevaa, opettaa [&hellip;]"}

&nbsp; SuomiAreena on Suomen suurin yhteiskunnallinen festivaali, joka järjestetään Porissa 27.–30.6.2023. Tapahtuman ohjelma koostuu aiheista, jotka puhututtavat yhteiskunnassa juuri nyt. Music x Media järjestää yhteistyössä Framen ja Suomen Kirjailijaliiton kanssa tapahtumaan keskustelun Taide kuuluu kaikille, kuuleeko kukaan? taiteen yhteiskunnallisesta merkityksestä ja asemasta.  Taide tuo näkyväksi ihmiskunnan suurimpia uhkia, käsittelee traumoja, peilaa mennyttä, ennustaa tulevaa, opettaa [&hellip;]
