{"id":13718,"date":"2026-08-18T13:26:09","date_gmt":"2026-08-18T10:26:09","guid":{"rendered":"https:\/\/musicmedia.fi\/?post_type=program&#038;p=13718"},"modified":"2026-09-01T12:55:25","modified_gmt":"2026-09-01T09:55:25","slug":"musiikkialan-suuri-vaalitentti-yhteistyossa-musiikkiala-fi-ja-tapahtumateollisuus-ry","status":"publish","type":"program","link":"https:\/\/musicmedia.fi\/en\/program\/musiikkialan-suuri-vaalitentti-yhteistyossa-musiikkiala-fi-ja-tapahtumateollisuus-ry\/","title":{"rendered":"Musiikkialan suuri vaalitentti (Yhteisty\u00f6ss\u00e4 musiikkiala.fi ja Tapahtumateollisuus ry)"},"content":{"rendered":"<p>Mit\u00e4 puolueet lupaavat suomalaiselle musiikkialalle? Suora keskustelu rahoituksesta, kasvusta, lains\u00e4\u00e4d\u00e4nn\u00f6st\u00e4, saavutettavuudesta ja siit\u00e4, miten musiikkialan toimintaedellytyksi\u00e4 tulisi Suomessa edist\u00e4\u00e4.<\/p>\n<p><span style=\"font-weight: 400;\">Mukana keskustelussa ovat <\/span><span style=\"font-weight: 400;\">Minja Koskela (vas.), Sofia Virta (vihr.), Sari Multala (kok.), Miko Bergbom (ps), Nasima Razmyar (sdp) ja Jouni Ovaska (kes.).<\/span><\/p>\n<p>&nbsp;<\/p>\n<div id=\"C0BAF7TUK51-1786963885.619689-thread-list-Thread_1786967095.912449\" aria-setsize=\"-1\">\n<div>\n<div aria-roledescription=\"message\">\n<div>\n<div>\n<div>\n<div>\n<div>\n<div>\n<div>\n<div>\n<div>Keskustelua moderoi toimittaja Anton Vanha-Majamaa<\/div>\n<\/div>\n<\/div>\n<\/div>\n<\/div>\n<\/div>\n<\/div>\n<\/div>\n<\/div>\n<\/div>\n<\/div>\n<\/div>","protected":false},"author":11,"menu_order":0,"template":"","format":"standard","meta":{"_acf_changed":false,"inline_featured_image":false},"program-tag":[],"class":[],"class_list":["post-13718","program","type-program","status-publish","format-standard","hentry"],"acf":[],"yoast_head":"<!-- This site is optimized with the Yoast SEO plugin v25.7 - https:\/\/yoast.com\/wordpress\/plugins\/seo\/ -->\n<title>Musiikkialan suuri vaalitentti (Yhteisty\u00f6ss\u00e4 musiikkiala.fi ja Tapahtumateollisuus ry) - Music x Media<\/title>\n<meta name=\"robots\" content=\"index, follow, max-snippet:-1, max-image-preview:large, max-video-preview:-1\" \/>\n<link rel=\"canonical\" href=\"https:\/\/musicmedia.fi\/en\/program\/musiikkialan-suuri-vaalitentti-yhteistyossa-musiikkiala-fi-ja-tapahtumateollisuus-ry\/\" \/>\n<meta property=\"og:locale\" content=\"en_GB\" \/>\n<meta property=\"og:type\" content=\"article\" \/>\n<meta property=\"og:title\" content=\"Musiikkialan suuri vaalitentti (Yhteisty\u00f6ss\u00e4 musiikkiala.fi ja Tapahtumateollisuus ry) - Music x Media\" \/>\n<meta property=\"og:description\" content=\"Mit\u00e4 puolueet lupaavat suomalaiselle musiikkialalle? Suora keskustelu rahoituksesta, kasvusta, lains\u00e4\u00e4d\u00e4nn\u00f6st\u00e4, saavutettavuudesta ja siit\u00e4, miten musiikkialan toimintaedellytyksi\u00e4 tulisi Suomessa edist\u00e4\u00e4. Mukana keskustelussa ovat Minja Koskela (vas.), Sofia Virta (vihr.), Sari Multala (kok.), Miko Bergbom (ps), Nasima Razmyar (sdp) ja Jouni Ovaska (kes.). &nbsp; Keskustelua moderoi toimittaja Anton Vanha-Majamaa\" \/>\n<meta property=\"og:url\" content=\"https:\/\/musicmedia.fi\/en\/program\/musiikkialan-suuri-vaalitentti-yhteistyossa-musiikkiala-fi-ja-tapahtumateollisuus-ry\/\" \/>\n<meta property=\"og:site_name\" content=\"Music x Media\" \/>\n<meta property=\"article:modified_time\" content=\"2026-09-01T09:55:25+00:00\" \/>\n<meta property=\"og:image\" content=\"https:\/\/musicmedia.fi\/wp-content\/uploads\/2023\/05\/mxm_oletuskuva_some-1024x538.png\" \/>\n\t<meta property=\"og:image:width\" content=\"1024\" \/>\n\t<meta property=\"og:image:height\" content=\"538\" \/>\n\t<meta property=\"og:image:type\" content=\"image\/png\" \/>\n<meta name=\"twitter:card\" content=\"summary_large_image\" \/>\n<meta name=\"twitter:label1\" content=\"Estimated reading time\" \/>\n\t<meta name=\"twitter:data1\" content=\"1 minute\" \/>\n<script type=\"application\/ld+json\" class=\"yoast-schema-graph\">{\"@context\":\"https:\/\/schema.org\",\"@graph\":[{\"@type\":\"WebPage\",\"@id\":\"https:\/\/musicmedia.fi\/program\/musiikkialan-suuri-vaalitentti-yhteistyossa-musiikkiala-fi-ja-tapahtumateollisuus-ry\/\",\"url\":\"https:\/\/musicmedia.fi\/program\/musiikkialan-suuri-vaalitentti-yhteistyossa-musiikkiala-fi-ja-tapahtumateollisuus-ry\/\",\"name\":\"Musiikkialan suuri vaalitentti (Yhteisty\u00f6ss\u00e4 musiikkiala.fi ja Tapahtumateollisuus ry) - Music x Media\",\"isPartOf\":{\"@id\":\"https:\/\/musicmedia.fi\/#website\"},\"datePublished\":\"2026-08-18T10:26:09+00:00\",\"dateModified\":\"2026-09-01T09:55:25+00:00\",\"breadcrumb\":{\"@id\":\"https:\/\/musicmedia.fi\/program\/musiikkialan-suuri-vaalitentti-yhteistyossa-musiikkiala-fi-ja-tapahtumateollisuus-ry\/#breadcrumb\"},\"inLanguage\":\"en-GB\",\"potentialAction\":[{\"@type\":\"ReadAction\",\"target\":[\"https:\/\/musicmedia.fi\/program\/musiikkialan-suuri-vaalitentti-yhteistyossa-musiikkiala-fi-ja-tapahtumateollisuus-ry\/\"]}]},{\"@type\":\"BreadcrumbList\",\"@id\":\"https:\/\/musicmedia.fi\/program\/musiikkialan-suuri-vaalitentti-yhteistyossa-musiikkiala-fi-ja-tapahtumateollisuus-ry\/#breadcrumb\",\"itemListElement\":[{\"@type\":\"ListItem\",\"position\":1,\"name\":\"Home\",\"item\":\"https:\/\/musicmedia.fi\/fi\/\"},{\"@type\":\"ListItem\",\"position\":2,\"name\":\"Musiikkialan suuri vaalitentti (Yhteisty\u00f6ss\u00e4 musiikkiala.fi ja Tapahtumateollisuus ry)\"}]},{\"@type\":\"WebSite\",\"@id\":\"https:\/\/musicmedia.fi\/#website\",\"url\":\"https:\/\/musicmedia.fi\/\",\"name\":\"Music x Media\",\"description\":\"Musiikki-, viihde- ja tapahtuma-alojen kohtaamispaikka\",\"publisher\":{\"@id\":\"https:\/\/musicmedia.fi\/#organization\"},\"potentialAction\":[{\"@type\":\"SearchAction\",\"target\":{\"@type\":\"EntryPoint\",\"urlTemplate\":\"https:\/\/musicmedia.fi\/?s={search_term_string}\"},\"query-input\":{\"@type\":\"PropertyValueSpecification\",\"valueRequired\":true,\"valueName\":\"search_term_string\"}}],\"inLanguage\":\"en-GB\"},{\"@type\":\"Organization\",\"@id\":\"https:\/\/musicmedia.fi\/#organization\",\"name\":\"Music x Media\",\"url\":\"https:\/\/musicmedia.fi\/\",\"logo\":{\"@type\":\"ImageObject\",\"inLanguage\":\"en-GB\",\"@id\":\"https:\/\/musicmedia.fi\/#\/schema\/logo\/image\/\",\"url\":\"https:\/\/musicmedia.fi\/wp-content\/uploads\/2022\/05\/logo.png\",\"contentUrl\":\"https:\/\/musicmedia.fi\/wp-content\/uploads\/2022\/05\/logo.png\",\"width\":276,\"height\":147,\"caption\":\"Music x Media\"},\"image\":{\"@id\":\"https:\/\/musicmedia.fi\/#\/schema\/logo\/image\/\"}}]}<\/script>\n<!-- \/ Yoast SEO plugin. -->","yoast_head_json":{"title":"Musiikkialan suuri vaalitentti (Yhteisty\u00f6ss\u00e4 musiikkiala.fi ja Tapahtumateollisuus ry) - Music x Media","robots":{"index":"index","follow":"follow","max-snippet":"max-snippet:-1","max-image-preview":"max-image-preview:large","max-video-preview":"max-video-preview:-1"},"canonical":"https:\/\/musicmedia.fi\/en\/program\/musiikkialan-suuri-vaalitentti-yhteistyossa-musiikkiala-fi-ja-tapahtumateollisuus-ry\/","og_locale":"en_GB","og_type":"article","og_title":"Musiikkialan suuri vaalitentti (Yhteisty\u00f6ss\u00e4 musiikkiala.fi ja Tapahtumateollisuus ry) - Music x Media","og_description":"Mit\u00e4 puolueet lupaavat suomalaiselle musiikkialalle? Suora keskustelu rahoituksesta, kasvusta, lains\u00e4\u00e4d\u00e4nn\u00f6st\u00e4, saavutettavuudesta ja siit\u00e4, miten musiikkialan toimintaedellytyksi\u00e4 tulisi Suomessa edist\u00e4\u00e4. Mukana keskustelussa ovat Minja Koskela (vas.), Sofia Virta (vihr.), Sari Multala (kok.), Miko Bergbom (ps), Nasima Razmyar (sdp) ja Jouni Ovaska (kes.). &nbsp; Keskustelua moderoi toimittaja Anton Vanha-Majamaa","og_url":"https:\/\/musicmedia.fi\/en\/program\/musiikkialan-suuri-vaalitentti-yhteistyossa-musiikkiala-fi-ja-tapahtumateollisuus-ry\/","og_site_name":"Music x Media","article_modified_time":"2026-09-01T09:55:25+00:00","og_image":[{"width":1024,"height":538,"url":"https:\/\/musicmedia.fi\/wp-content\/uploads\/2023\/05\/mxm_oletuskuva_some-1024x538.png","type":"image\/png"}],"twitter_card":"summary_large_image","twitter_misc":{"Estimated reading time":"1 minute"},"schema":{"@context":"https:\/\/schema.org","@graph":[{"@type":"WebPage","@id":"https:\/\/musicmedia.fi\/program\/musiikkialan-suuri-vaalitentti-yhteistyossa-musiikkiala-fi-ja-tapahtumateollisuus-ry\/","url":"https:\/\/musicmedia.fi\/program\/musiikkialan-suuri-vaalitentti-yhteistyossa-musiikkiala-fi-ja-tapahtumateollisuus-ry\/","name":"Musiikkialan suuri vaalitentti (Yhteisty\u00f6ss\u00e4 musiikkiala.fi ja Tapahtumateollisuus ry) - Music x Media","isPartOf":{"@id":"https:\/\/musicmedia.fi\/#website"},"datePublished":"2026-08-18T10:26:09+00:00","dateModified":"2026-09-01T09:55:25+00:00","breadcrumb":{"@id":"https:\/\/musicmedia.fi\/program\/musiikkialan-suuri-vaalitentti-yhteistyossa-musiikkiala-fi-ja-tapahtumateollisuus-ry\/#breadcrumb"},"inLanguage":"en-GB","potentialAction":[{"@type":"ReadAction","target":["https:\/\/musicmedia.fi\/program\/musiikkialan-suuri-vaalitentti-yhteistyossa-musiikkiala-fi-ja-tapahtumateollisuus-ry\/"]}]},{"@type":"BreadcrumbList","@id":"https:\/\/musicmedia.fi\/program\/musiikkialan-suuri-vaalitentti-yhteistyossa-musiikkiala-fi-ja-tapahtumateollisuus-ry\/#breadcrumb","itemListElement":[{"@type":"ListItem","position":1,"name":"Home","item":"https:\/\/musicmedia.fi\/fi\/"},{"@type":"ListItem","position":2,"name":"Musiikkialan suuri vaalitentti (Yhteisty\u00f6ss\u00e4 musiikkiala.fi ja Tapahtumateollisuus ry)"}]},{"@type":"WebSite","@id":"https:\/\/musicmedia.fi\/#website","url":"https:\/\/musicmedia.fi\/","name":"Music x Media","description":"Bridging the worlds of Music, Entertainment, and Event Industries","publisher":{"@id":"https:\/\/musicmedia.fi\/#organization"},"potentialAction":[{"@type":"SearchAction","target":{"@type":"EntryPoint","urlTemplate":"https:\/\/musicmedia.fi\/?s={search_term_string}"},"query-input":{"@type":"PropertyValueSpecification","valueRequired":true,"valueName":"search_term_string"}}],"inLanguage":"en-GB"},{"@type":"Organization","@id":"https:\/\/musicmedia.fi\/#organization","name":"Music x Media","url":"https:\/\/musicmedia.fi\/","logo":{"@type":"ImageObject","inLanguage":"en-GB","@id":"https:\/\/musicmedia.fi\/#\/schema\/logo\/image\/","url":"https:\/\/musicmedia.fi\/wp-content\/uploads\/2022\/05\/logo.png","contentUrl":"https:\/\/musicmedia.fi\/wp-content\/uploads\/2022\/05\/logo.png","width":276,"height":147,"caption":"Music x Media"},"image":{"@id":"https:\/\/musicmedia.fi\/#\/schema\/logo\/image\/"}}]}},"_links":{"self":[{"href":"https:\/\/musicmedia.fi\/en\/wp-json\/wp\/v2\/programs\/13718","targetHints":{"allow":["GET"]}}],"collection":[{"href":"https:\/\/musicmedia.fi\/en\/wp-json\/wp\/v2\/programs"}],"about":[{"href":"https:\/\/musicmedia.fi\/en\/wp-json\/wp\/v2\/types\/program"}],"author":[{"embeddable":true,"href":"https:\/\/musicmedia.fi\/en\/wp-json\/wp\/v2\/users\/11"}],"wp:attachment":[{"href":"https:\/\/musicmedia.fi\/en\/wp-json\/wp\/v2\/media?parent=13718"}],"wp:term":[{"taxonomy":"program_tag","embeddable":true,"href":"https:\/\/musicmedia.fi\/en\/wp-json\/wp\/v2\/program-tag?post=13718"},{"taxonomy":"class","embeddable":true,"href":"https:\/\/musicmedia.fi\/en\/wp-json\/wp\/v2\/class?post=13718"}],"curies":[{"name":"wp","href":"https:\/\/api.w.org\/{rel}","templated":true}]}}

Musiikkialan suuri vaalitentti (Yhteistyössä musiikkiala.fi ja Tapahtumateollisuus ry)

<p>Mitä puolueet lupaavat suomalaiselle musiikkialalle? Suora keskustelu rahoituksesta, kasvusta, lainsäädännöstä, saavutettavuudesta ja siitä, miten musiikkialan toimintaedellytyksiä tulisi Suomessa edistää.</p>
<p><span style="font-weight: 400;">Mukana keskustelussa ovat </span><span style="font-weight: 400;">Minja Koskela (vas.), Sofia Virta (vihr.), Sari Multala (kok.), Miko Bergbom (ps), Nasima Razmyar (sdp) ja Jouni Ovaska (kes.).</span></p>
<p>&nbsp;</p>
<div id="C0BAF7TUK51-1786963885.619689-thread-list-Thread_1786967095.912449" aria-setsize="-1">
<div>
<div aria-roledescription="message">
<div>
<div>
<div>
<div>
<div>
<div>
<div>
<div>
<div>Keskustelua moderoi toimittaja Anton Vanha-Majamaa</div>
</div>
</div>
</div>
</div>
</div>
</div>
</div>
</div>
</div>
</div>
</div>

<!-- This site is optimized with the Yoast SEO plugin v25.7 - https://yoast.com/wordpress/plugins/seo/ -->
<title>Musiikkialan suuri vaalitentti (Yhteistyössä musiikkiala.fi ja Tapahtumateollisuus ry) - Music x Media</title>
<meta name="robots" content="index, follow, max-snippet:-1, max-image-preview:large, max-video-preview:-1" />
<link rel="canonical" href="https://musicmedia.fi/en/program/musiikkialan-suuri-vaalitentti-yhteistyossa-musiikkiala-fi-ja-tapahtumateollisuus-ry/" />
<meta property="og:locale" content="en_GB" />
<meta property="og:type" content="article" />
<meta property="og:title" content="Musiikkialan suuri vaalitentti (Yhteistyössä musiikkiala.fi ja Tapahtumateollisuus ry) - Music x Media" />
<meta property="og:description" content="Mitä puolueet lupaavat suomalaiselle musiikkialalle? Suora keskustelu rahoituksesta, kasvusta, lainsäädännöstä, saavutettavuudesta ja siitä, miten musiikkialan toimintaedellytyksiä tulisi Suomessa edistää. Mukana keskustelussa ovat Minja Koskela (vas.), Sofia Virta (vihr.), Sari Multala (kok.), Miko Bergbom (ps), Nasima Razmyar (sdp) ja Jouni Ovaska (kes.). &nbsp; Keskustelua moderoi toimittaja Anton Vanha-Majamaa" />
<meta property="og:url" content="https://musicmedia.fi/en/program/musiikkialan-suuri-vaalitentti-yhteistyossa-musiikkiala-fi-ja-tapahtumateollisuus-ry/" />
<meta property="og:site_name" content="Music x Media" />
<meta property="article:modified_time" content="2026-09-01T09:55:25+00:00" />
<meta property="og:image" content="https://musicmedia.fi/wp-content/uploads/2023/05/mxm_oletuskuva_some-1024x538.png" />
	<meta property="og:image:width" content="1024" />
	<meta property="og:image:height" content="538" />
	<meta property="og:image:type" content="image/png" />
<meta name="twitter:card" content="summary_large_image" />
<meta name="twitter:label1" content="Estimated reading time" />
	<meta name="twitter:data1" content="1 minute" />
<script type="application/ld+json" class="yoast-schema-graph">{"@context":"https://schema.org","@graph":[{"@type":"WebPage","@id":"https://musicmedia.fi/program/musiikkialan-suuri-vaalitentti-yhteistyossa-musiikkiala-fi-ja-tapahtumateollisuus-ry/","url":"https://musicmedia.fi/program/musiikkialan-suuri-vaalitentti-yhteistyossa-musiikkiala-fi-ja-tapahtumateollisuus-ry/","name":"Musiikkialan suuri vaalitentti (Yhteistyössä musiikkiala.fi ja Tapahtumateollisuus ry) - Music x Media","isPartOf":{"@id":"https://musicmedia.fi/#website"},"datePublished":"2026-08-18T10:26:09+00:00","dateModified":"2026-09-01T09:55:25+00:00","breadcrumb":{"@id":"https://musicmedia.fi/program/musiikkialan-suuri-vaalitentti-yhteistyossa-musiikkiala-fi-ja-tapahtumateollisuus-ry/#breadcrumb"},"inLanguage":"en-GB","potentialAction":[{"@type":"ReadAction","target":["https://musicmedia.fi/program/musiikkialan-suuri-vaalitentti-yhteistyossa-musiikkiala-fi-ja-tapahtumateollisuus-ry/"]}]},{"@type":"BreadcrumbList","@id":"https://musicmedia.fi/program/musiikkialan-suuri-vaalitentti-yhteistyossa-musiikkiala-fi-ja-tapahtumateollisuus-ry/#breadcrumb","itemListElement":[{"@type":"ListItem","position":1,"name":"Home","item":"https://musicmedia.fi/fi/"},{"@type":"ListItem","position":2,"name":"Musiikkialan suuri vaalitentti (Yhteistyössä musiikkiala.fi ja Tapahtumateollisuus ry)"}]},{"@type":"WebSite","@id":"https://musicmedia.fi/#website","url":"https://musicmedia.fi/","name":"Music x Media","description":"Musiikki-, viihde- ja tapahtuma-alojen kohtaamispaikka","publisher":{"@id":"https://musicmedia.fi/#organization"},"potentialAction":[{"@type":"SearchAction","target":{"@type":"EntryPoint","urlTemplate":"https://musicmedia.fi/?s={search_term_string}"},"query-input":{"@type":"PropertyValueSpecification","valueRequired":true,"valueName":"search_term_string"}}],"inLanguage":"en-GB"},{"@type":"Organization","@id":"https://musicmedia.fi/#organization","name":"Music x Media","url":"https://musicmedia.fi/","logo":{"@type":"ImageObject","inLanguage":"en-GB","@id":"https://musicmedia.fi/#/schema/logo/image/","url":"https://musicmedia.fi/wp-content/uploads/2022/05/logo.png","contentUrl":"https://musicmedia.fi/wp-content/uploads/2022/05/logo.png","width":276,"height":147,"caption":"Music x Media"},"image":{"@id":"https://musicmedia.fi/#/schema/logo/image/"}}]}</script>
<!-- / Yoast SEO plugin. -->

Musiikkialan suuri vaalitentti (Yhteistyössä musiikkiala.fi ja Tapahtumateollisuus ry) - Music x Media

Mitä puolueet lupaavat suomalaiselle musiikkialalle? Suora keskustelu rahoituksesta, kasvusta, lainsäädännöstä, saavutettavuudesta ja siitä, miten musiikkialan toimintaedellytyksiä tulisi Suomessa edistää. Mukana keskustelussa ovat Minja Koskela (vas.), Sofia Virta (vihr.), Sari Multala (kok.), Miko Bergbom (ps), Nasima Razmyar (sdp) ja Jouni Ovaska (kes.). &nbsp; Keskustelua moderoi toimittaja Anton Vanha-Majamaa
