{"id":11529,"date":"2025-07-18T15:12:55","date_gmt":"2025-07-18T12:12:55","guid":{"rendered":"https:\/\/musicmedia.fi\/?post_type=program&#038;p=11529"},"modified":"2025-09-05T12:07:43","modified_gmt":"2025-09-05T09:07:43","slug":"aamukahvit-porilaisittain-yhteistyossa-porin-kaupunki","status":"publish","type":"program","link":"https:\/\/musicmedia.fi\/en\/program\/aamukahvit-porilaisittain-yhteistyossa-porin-kaupunki\/","title":{"rendered":"Aamukahvit porilaisittain (Yhteisty\u00f6ss\u00e4 Pori, Promenadisali, Kulturhuset Fiini, Pori Jazz ja Porispere)"},"content":{"rendered":"<p>Pori on tapahtumakaupunki, joka nostattaa tunteet pintaan, karvat pystyyn ja k\u00e4det ilmaan \u2013 tule kokemaan se itse aamukahvien merkeiss\u00e4! Tarjolla on Porin perinneherkkuja twistein ja kyytipoikana pient\u00e4 ohjelmaa. Aamukahveja houstaavat puheliaat porilaiset (kyll\u00e4, meit\u00e4 on olemassa) tapahtuma-alan ihmiset Porin kaupungilta, Pori Jazzista, Porisperest\u00e4 sek\u00e4 pian valmistuvasta Kulturhuset Fiinist\u00e4. Porissa voi luoda el\u00e4myksi\u00e4 ja l\u00f6yt\u00e4\u00e4 uusia muistoja. El\u00e4m\u00e4si tilaisuus Porissa odottaa \u2013 tul ny morottaa!<\/p>\n<p><em>Aamukahvit j\u00e4rjestet\u00e4\u00e4n yhteisty\u00f6ss\u00e4 Porin, Promenadisalin, Kulturhuset Fiinin, Pori Jazzin ja Porisperen kanssa.<\/em><\/p>","protected":false},"author":11,"menu_order":20,"template":"","format":"standard","meta":{"_acf_changed":false,"inline_featured_image":false},"program-tag":[],"class":[],"class_list":["post-11529","program","type-program","status-publish","format-standard","hentry"],"acf":[],"yoast_head":"<!-- This site is optimized with the Yoast SEO plugin v25.7 - https:\/\/yoast.com\/wordpress\/plugins\/seo\/ -->\n<title>Aamukahvit porilaisittain (Yhteisty\u00f6ss\u00e4 Pori, Promenadisali, Kulturhuset Fiini, Pori Jazz ja Porispere) - Music x Media<\/title>\n<meta name=\"robots\" content=\"index, follow, max-snippet:-1, max-image-preview:large, max-video-preview:-1\" \/>\n<link rel=\"canonical\" href=\"https:\/\/musicmedia.fi\/en\/program\/aamukahvit-porilaisittain-yhteistyossa-porin-kaupunki\/\" \/>\n<meta property=\"og:locale\" content=\"en_GB\" \/>\n<meta property=\"og:type\" content=\"article\" \/>\n<meta property=\"og:title\" content=\"Aamukahvit porilaisittain (Yhteisty\u00f6ss\u00e4 Pori, Promenadisali, Kulturhuset Fiini, Pori Jazz ja Porispere) - Music x Media\" \/>\n<meta property=\"og:description\" content=\"Pori on tapahtumakaupunki, joka nostattaa tunteet pintaan, karvat pystyyn ja k\u00e4det ilmaan \u2013 tule kokemaan se itse aamukahvien merkeiss\u00e4! Tarjolla on Porin perinneherkkuja twistein ja kyytipoikana pient\u00e4 ohjelmaa. Aamukahveja houstaavat puheliaat porilaiset (kyll\u00e4, meit\u00e4 on olemassa) tapahtuma-alan ihmiset Porin kaupungilta, Pori Jazzista, Porisperest\u00e4 sek\u00e4 pian valmistuvasta Kulturhuset Fiinist\u00e4. Porissa voi luoda el\u00e4myksi\u00e4 ja l\u00f6yt\u00e4\u00e4 uusia [&hellip;]\" \/>\n<meta property=\"og:url\" content=\"https:\/\/musicmedia.fi\/en\/program\/aamukahvit-porilaisittain-yhteistyossa-porin-kaupunki\/\" \/>\n<meta property=\"og:site_name\" content=\"Music x Media\" \/>\n<meta property=\"article:modified_time\" content=\"2025-09-05T09:07:43+00:00\" \/>\n<meta property=\"og:image\" content=\"https:\/\/musicmedia.fi\/wp-content\/uploads\/2023\/05\/mxm_oletuskuva_some-1024x538.png\" \/>\n\t<meta property=\"og:image:width\" content=\"1024\" \/>\n\t<meta property=\"og:image:height\" content=\"538\" \/>\n\t<meta property=\"og:image:type\" content=\"image\/png\" \/>\n<meta name=\"twitter:card\" content=\"summary_large_image\" \/>\n<meta name=\"twitter:label1\" content=\"Estimated reading time\" \/>\n\t<meta name=\"twitter:data1\" content=\"1 minute\" \/>\n<script type=\"application\/ld+json\" class=\"yoast-schema-graph\">{\"@context\":\"https:\/\/schema.org\",\"@graph\":[{\"@type\":\"WebPage\",\"@id\":\"https:\/\/musicmedia.fi\/program\/aamukahvit-porilaisittain-yhteistyossa-porin-kaupunki\/\",\"url\":\"https:\/\/musicmedia.fi\/program\/aamukahvit-porilaisittain-yhteistyossa-porin-kaupunki\/\",\"name\":\"Aamukahvit porilaisittain (Yhteisty\u00f6ss\u00e4 Pori, Promenadisali, Kulturhuset Fiini, Pori Jazz ja Porispere) - Music x Media\",\"isPartOf\":{\"@id\":\"https:\/\/musicmedia.fi\/#website\"},\"datePublished\":\"2025-07-18T12:12:55+00:00\",\"dateModified\":\"2025-09-05T09:07:43+00:00\",\"breadcrumb\":{\"@id\":\"https:\/\/musicmedia.fi\/program\/aamukahvit-porilaisittain-yhteistyossa-porin-kaupunki\/#breadcrumb\"},\"inLanguage\":\"en-GB\",\"potentialAction\":[{\"@type\":\"ReadAction\",\"target\":[\"https:\/\/musicmedia.fi\/program\/aamukahvit-porilaisittain-yhteistyossa-porin-kaupunki\/\"]}]},{\"@type\":\"BreadcrumbList\",\"@id\":\"https:\/\/musicmedia.fi\/program\/aamukahvit-porilaisittain-yhteistyossa-porin-kaupunki\/#breadcrumb\",\"itemListElement\":[{\"@type\":\"ListItem\",\"position\":1,\"name\":\"Home\",\"item\":\"https:\/\/musicmedia.fi\/\"},{\"@type\":\"ListItem\",\"position\":2,\"name\":\"Aamukahvit porilaisittain (Yhteisty\u00f6ss\u00e4 Pori, Promenadisali, Kulturhuset Fiini, Pori Jazz ja Porispere)\"}]},{\"@type\":\"WebSite\",\"@id\":\"https:\/\/musicmedia.fi\/#website\",\"url\":\"https:\/\/musicmedia.fi\/\",\"name\":\"Music x Media\",\"description\":\"Musiikki-, viihde- ja tapahtuma-alojen kohtaamispaikka\",\"publisher\":{\"@id\":\"https:\/\/musicmedia.fi\/#organization\"},\"potentialAction\":[{\"@type\":\"SearchAction\",\"target\":{\"@type\":\"EntryPoint\",\"urlTemplate\":\"https:\/\/musicmedia.fi\/?s={search_term_string}\"},\"query-input\":{\"@type\":\"PropertyValueSpecification\",\"valueRequired\":true,\"valueName\":\"search_term_string\"}}],\"inLanguage\":\"en-GB\"},{\"@type\":\"Organization\",\"@id\":\"https:\/\/musicmedia.fi\/#organization\",\"name\":\"Music x Media\",\"url\":\"https:\/\/musicmedia.fi\/\",\"logo\":{\"@type\":\"ImageObject\",\"inLanguage\":\"en-GB\",\"@id\":\"https:\/\/musicmedia.fi\/#\/schema\/logo\/image\/\",\"url\":\"https:\/\/musicmedia.fi\/wp-content\/uploads\/2022\/05\/logo.png\",\"contentUrl\":\"https:\/\/musicmedia.fi\/wp-content\/uploads\/2022\/05\/logo.png\",\"width\":276,\"height\":147,\"caption\":\"Music x Media\"},\"image\":{\"@id\":\"https:\/\/musicmedia.fi\/#\/schema\/logo\/image\/\"}}]}<\/script>\n<!-- \/ Yoast SEO plugin. -->","yoast_head_json":{"title":"Aamukahvit porilaisittain (Yhteisty\u00f6ss\u00e4 Pori, Promenadisali, Kulturhuset Fiini, Pori Jazz ja Porispere) - Music x Media","robots":{"index":"index","follow":"follow","max-snippet":"max-snippet:-1","max-image-preview":"max-image-preview:large","max-video-preview":"max-video-preview:-1"},"canonical":"https:\/\/musicmedia.fi\/en\/program\/aamukahvit-porilaisittain-yhteistyossa-porin-kaupunki\/","og_locale":"en_GB","og_type":"article","og_title":"Aamukahvit porilaisittain (Yhteisty\u00f6ss\u00e4 Pori, Promenadisali, Kulturhuset Fiini, Pori Jazz ja Porispere) - Music x Media","og_description":"Pori on tapahtumakaupunki, joka nostattaa tunteet pintaan, karvat pystyyn ja k\u00e4det ilmaan \u2013 tule kokemaan se itse aamukahvien merkeiss\u00e4! Tarjolla on Porin perinneherkkuja twistein ja kyytipoikana pient\u00e4 ohjelmaa. Aamukahveja houstaavat puheliaat porilaiset (kyll\u00e4, meit\u00e4 on olemassa) tapahtuma-alan ihmiset Porin kaupungilta, Pori Jazzista, Porisperest\u00e4 sek\u00e4 pian valmistuvasta Kulturhuset Fiinist\u00e4. Porissa voi luoda el\u00e4myksi\u00e4 ja l\u00f6yt\u00e4\u00e4 uusia [&hellip;]","og_url":"https:\/\/musicmedia.fi\/en\/program\/aamukahvit-porilaisittain-yhteistyossa-porin-kaupunki\/","og_site_name":"Music x Media","article_modified_time":"2025-09-05T09:07:43+00:00","og_image":[{"width":1024,"height":538,"url":"https:\/\/musicmedia.fi\/wp-content\/uploads\/2023\/05\/mxm_oletuskuva_some-1024x538.png","type":"image\/png"}],"twitter_card":"summary_large_image","twitter_misc":{"Estimated reading time":"1 minute"},"schema":{"@context":"https:\/\/schema.org","@graph":[{"@type":"WebPage","@id":"https:\/\/musicmedia.fi\/program\/aamukahvit-porilaisittain-yhteistyossa-porin-kaupunki\/","url":"https:\/\/musicmedia.fi\/program\/aamukahvit-porilaisittain-yhteistyossa-porin-kaupunki\/","name":"Aamukahvit porilaisittain (Yhteisty\u00f6ss\u00e4 Pori, Promenadisali, Kulturhuset Fiini, Pori Jazz ja Porispere) - Music x Media","isPartOf":{"@id":"https:\/\/musicmedia.fi\/#website"},"datePublished":"2025-07-18T12:12:55+00:00","dateModified":"2025-09-05T09:07:43+00:00","breadcrumb":{"@id":"https:\/\/musicmedia.fi\/program\/aamukahvit-porilaisittain-yhteistyossa-porin-kaupunki\/#breadcrumb"},"inLanguage":"en-GB","potentialAction":[{"@type":"ReadAction","target":["https:\/\/musicmedia.fi\/program\/aamukahvit-porilaisittain-yhteistyossa-porin-kaupunki\/"]}]},{"@type":"BreadcrumbList","@id":"https:\/\/musicmedia.fi\/program\/aamukahvit-porilaisittain-yhteistyossa-porin-kaupunki\/#breadcrumb","itemListElement":[{"@type":"ListItem","position":1,"name":"Home","item":"https:\/\/musicmedia.fi\/"},{"@type":"ListItem","position":2,"name":"Aamukahvit porilaisittain (Yhteisty\u00f6ss\u00e4 Pori, Promenadisali, Kulturhuset Fiini, Pori Jazz ja Porispere)"}]},{"@type":"WebSite","@id":"https:\/\/musicmedia.fi\/#website","url":"https:\/\/musicmedia.fi\/","name":"Music x Media","description":"Bridging the worlds of Music, Entertainment, and Event Industries","publisher":{"@id":"https:\/\/musicmedia.fi\/#organization"},"potentialAction":[{"@type":"SearchAction","target":{"@type":"EntryPoint","urlTemplate":"https:\/\/musicmedia.fi\/?s={search_term_string}"},"query-input":{"@type":"PropertyValueSpecification","valueRequired":true,"valueName":"search_term_string"}}],"inLanguage":"en-GB"},{"@type":"Organization","@id":"https:\/\/musicmedia.fi\/#organization","name":"Music x Media","url":"https:\/\/musicmedia.fi\/","logo":{"@type":"ImageObject","inLanguage":"en-GB","@id":"https:\/\/musicmedia.fi\/#\/schema\/logo\/image\/","url":"https:\/\/musicmedia.fi\/wp-content\/uploads\/2022\/05\/logo.png","contentUrl":"https:\/\/musicmedia.fi\/wp-content\/uploads\/2022\/05\/logo.png","width":276,"height":147,"caption":"Music x Media"},"image":{"@id":"https:\/\/musicmedia.fi\/#\/schema\/logo\/image\/"}}]}},"_links":{"self":[{"href":"https:\/\/musicmedia.fi\/en\/wp-json\/wp\/v2\/programs\/11529","targetHints":{"allow":["GET"]}}],"collection":[{"href":"https:\/\/musicmedia.fi\/en\/wp-json\/wp\/v2\/programs"}],"about":[{"href":"https:\/\/musicmedia.fi\/en\/wp-json\/wp\/v2\/types\/program"}],"author":[{"embeddable":true,"href":"https:\/\/musicmedia.fi\/en\/wp-json\/wp\/v2\/users\/11"}],"wp:attachment":[{"href":"https:\/\/musicmedia.fi\/en\/wp-json\/wp\/v2\/media?parent=11529"}],"wp:term":[{"taxonomy":"program_tag","embeddable":true,"href":"https:\/\/musicmedia.fi\/en\/wp-json\/wp\/v2\/program-tag?post=11529"},{"taxonomy":"class","embeddable":true,"href":"https:\/\/musicmedia.fi\/en\/wp-json\/wp\/v2\/class?post=11529"}],"curies":[{"name":"wp","href":"https:\/\/api.w.org\/{rel}","templated":true}]}}

Aamukahvit porilaisittain (Yhteistyössä Pori, Promenadisali, Kulturhuset Fiini, Pori Jazz ja Porispere)

<p>Pori on tapahtumakaupunki, joka nostattaa tunteet pintaan, karvat pystyyn ja kädet ilmaan – tule kokemaan se itse aamukahvien merkeissä! Tarjolla on Porin perinneherkkuja twistein ja kyytipoikana pientä ohjelmaa. Aamukahveja houstaavat puheliaat porilaiset (kyllä, meitä on olemassa) tapahtuma-alan ihmiset Porin kaupungilta, Pori Jazzista, Porisperestä sekä pian valmistuvasta Kulturhuset Fiinistä. Porissa voi luoda elämyksiä ja löytää uusia muistoja. Elämäsi tilaisuus Porissa odottaa – tul ny morottaa!</p>
<p><em>Aamukahvit järjestetään yhteistyössä Porin, Promenadisalin, Kulturhuset Fiinin, Pori Jazzin ja Porisperen kanssa.</em></p>

<!-- This site is optimized with the Yoast SEO plugin v25.7 - https://yoast.com/wordpress/plugins/seo/ -->
<title>Aamukahvit porilaisittain (Yhteistyössä Pori, Promenadisali, Kulturhuset Fiini, Pori Jazz ja Porispere) - Music x Media</title>
<meta name="robots" content="index, follow, max-snippet:-1, max-image-preview:large, max-video-preview:-1" />
<link rel="canonical" href="https://musicmedia.fi/en/program/aamukahvit-porilaisittain-yhteistyossa-porin-kaupunki/" />
<meta property="og:locale" content="en_GB" />
<meta property="og:type" content="article" />
<meta property="og:title" content="Aamukahvit porilaisittain (Yhteistyössä Pori, Promenadisali, Kulturhuset Fiini, Pori Jazz ja Porispere) - Music x Media" />
<meta property="og:description" content="Pori on tapahtumakaupunki, joka nostattaa tunteet pintaan, karvat pystyyn ja kädet ilmaan – tule kokemaan se itse aamukahvien merkeissä! Tarjolla on Porin perinneherkkuja twistein ja kyytipoikana pientä ohjelmaa. Aamukahveja houstaavat puheliaat porilaiset (kyllä, meitä on olemassa) tapahtuma-alan ihmiset Porin kaupungilta, Pori Jazzista, Porisperestä sekä pian valmistuvasta Kulturhuset Fiinistä. Porissa voi luoda elämyksiä ja löytää uusia [&hellip;]" />
<meta property="og:url" content="https://musicmedia.fi/en/program/aamukahvit-porilaisittain-yhteistyossa-porin-kaupunki/" />
<meta property="og:site_name" content="Music x Media" />
<meta property="article:modified_time" content="2025-09-05T09:07:43+00:00" />
<meta property="og:image" content="https://musicmedia.fi/wp-content/uploads/2023/05/mxm_oletuskuva_some-1024x538.png" />
	<meta property="og:image:width" content="1024" />
	<meta property="og:image:height" content="538" />
	<meta property="og:image:type" content="image/png" />
<meta name="twitter:card" content="summary_large_image" />
<meta name="twitter:label1" content="Estimated reading time" />
	<meta name="twitter:data1" content="1 minute" />
<script type="application/ld+json" class="yoast-schema-graph">{"@context":"https://schema.org","@graph":[{"@type":"WebPage","@id":"https://musicmedia.fi/program/aamukahvit-porilaisittain-yhteistyossa-porin-kaupunki/","url":"https://musicmedia.fi/program/aamukahvit-porilaisittain-yhteistyossa-porin-kaupunki/","name":"Aamukahvit porilaisittain (Yhteistyössä Pori, Promenadisali, Kulturhuset Fiini, Pori Jazz ja Porispere) - Music x Media","isPartOf":{"@id":"https://musicmedia.fi/#website"},"datePublished":"2025-07-18T12:12:55+00:00","dateModified":"2025-09-05T09:07:43+00:00","breadcrumb":{"@id":"https://musicmedia.fi/program/aamukahvit-porilaisittain-yhteistyossa-porin-kaupunki/#breadcrumb"},"inLanguage":"en-GB","potentialAction":[{"@type":"ReadAction","target":["https://musicmedia.fi/program/aamukahvit-porilaisittain-yhteistyossa-porin-kaupunki/"]}]},{"@type":"BreadcrumbList","@id":"https://musicmedia.fi/program/aamukahvit-porilaisittain-yhteistyossa-porin-kaupunki/#breadcrumb","itemListElement":[{"@type":"ListItem","position":1,"name":"Home","item":"https://musicmedia.fi/"},{"@type":"ListItem","position":2,"name":"Aamukahvit porilaisittain (Yhteistyössä Pori, Promenadisali, Kulturhuset Fiini, Pori Jazz ja Porispere)"}]},{"@type":"WebSite","@id":"https://musicmedia.fi/#website","url":"https://musicmedia.fi/","name":"Music x Media","description":"Musiikki-, viihde- ja tapahtuma-alojen kohtaamispaikka","publisher":{"@id":"https://musicmedia.fi/#organization"},"potentialAction":[{"@type":"SearchAction","target":{"@type":"EntryPoint","urlTemplate":"https://musicmedia.fi/?s={search_term_string}"},"query-input":{"@type":"PropertyValueSpecification","valueRequired":true,"valueName":"search_term_string"}}],"inLanguage":"en-GB"},{"@type":"Organization","@id":"https://musicmedia.fi/#organization","name":"Music x Media","url":"https://musicmedia.fi/","logo":{"@type":"ImageObject","inLanguage":"en-GB","@id":"https://musicmedia.fi/#/schema/logo/image/","url":"https://musicmedia.fi/wp-content/uploads/2022/05/logo.png","contentUrl":"https://musicmedia.fi/wp-content/uploads/2022/05/logo.png","width":276,"height":147,"caption":"Music x Media"},"image":{"@id":"https://musicmedia.fi/#/schema/logo/image/"}}]}</script>
<!-- / Yoast SEO plugin. -->

Aamukahvit porilaisittain (Yhteistyössä Pori, Promenadisali, Kulturhuset Fiini, Pori Jazz ja Porispere) - Music x Media

Pori on tapahtumakaupunki, joka nostattaa tunteet pintaan, karvat pystyyn ja kädet ilmaan – tule kokemaan se itse aamukahvien merkeissä! Tarjolla on Porin perinneherkkuja twistein ja kyytipoikana pientä ohjelmaa. Aamukahveja houstaavat puheliaat porilaiset (kyllä, meitä on olemassa) tapahtuma-alan ihmiset Porin kaupungilta, Pori Jazzista, Porisperestä sekä pian valmistuvasta Kulturhuset Fiinistä. Porissa voi luoda elämyksiä ja löytää uusia [&hellip;]
